610
CXUS53 KOAX 011000
CF6TQE
PRELIMINARY LOCAL CLIMATOLOGICAL DATA (WS FORM: F-6)
STATION: TEKAMAH NE
MONTH: AUGUST
YEAR: 2020
LATITUDE: 41 46 N
LONGITUDE: 96 11 W
TEMPERATURE IN F: :PCPN: SNOW: WIND :SUNSHINE: SKY :PK WND
================================================================================
1 2 3 4 5 6A 6B 7 8 9 10 11 12 13 14 15 16 17 18
12Z AVG MX 2MIN
DY MAX MIN AVG DEP HDD CDD WTR SNW DPTH SPD SPD DIR MIN PSBL S-S WX SPD DR
================================================================================
1 83 57 70 -5 0 5 0.16 M M 6.8 17 350 M M 3 13 27 310
2 80 57 69 -6 0 4 T M M 9.7 20 360 M M 2 28 350
3 77 51 64 -11 1 0 0.00 M M 4.8 12 80 M M 1 17 70
4 79 47 63 -12 2 0 T M M 3.1 10 100 M M 1 15 110
5 78 60 69 -6 0 4 0.15 M M 9.0 18 160 M M 6 1 26 140
6 85 62 74 0 0 9 T M M 9.2 17 130 M M 5 3 24 130
7 84 70 77 3 0 12 0.00 M M 10.7 18 150 M M 7 28 180
8 88 71 80 6 0 15 0.00 M M 9.2 16 160 M M 7 25 130
9 90 70 80 6 0 15 0.03 M M 8.1 23 110 M M 2 13 36 120
10 81 59 70 -4 0 5 0.30 M M 8.1 45 360 M M 2 138 68 360
11 86 55 71 -3 0 6 0.00 M M 6.0 12 130 M M 0 1 18 150
12 85 68 77 3 0 12 0.00 M M 8.3 20 160 M M 2 1 28 160
13 91 64 78 4 0 13 0.00 M M 8.0 16 140 M M 2 12 23 140
14 89 67 78 5 0 13 T M M 7.8 17 200 M M 2 1 25 190
15 86 56 71 -2 0 6 0.00 M M 4.0 10 30 M M 0 13 30
16 88 58 73 0 0 8 0.00 M M 5.0 15 230 M M 2 3 22 230
17 85 56 71 -2 0 6 0.00 M M 6.2 17 10 M M 0 25 10
18 85 52 69 -4 0 4 0.00 M M 2.7 8 90 M M 1 12 14 90
19 85 52 69 -3 0 4 0.00 M M 5.8 15 200 M M 0 12 22 200
20 86 57 72 0 0 7 0.00 M M 7.9 17 190 M M 0 23 180
21 92 64 78 6 0 13 0.00 M M 7.6 15 160 M M 0 22 180
22 92 64 78 6 0 13 T M M 5.4 13 200 M M 1 20 190
23 97 65 81 9 0 16 0.00 M M 4.1 9 160 M M 0 1 13 170
24 97 66 82 10 0 17 0.00 M M 6.9 16 210 M M 0 25 210
25 95 63 79 8 0 14 0.00 M M 8.3 17 200 M M 0 27 190
26 95 62 79 8 0 14 0.00 M M 9.0 22 200 M M 0 34 210
27 96 66 81 10 0 16 0.00 M M 6.9 17 200 M M 1 23 200
28 95 66 81 10 0 16 0.00 M M 7.5 18 340 M M 1 28 300
29 82 56 69 -1 0 4 0.00 M M 3.7 15 350 M M 0 22 360
30 82 50 66 -4 0 1 0.00 M M 8.4 20 140 M M 1 30 140
31 79 53 66 -4 0 1 0.05 M M 10.5 21 350 M M 2 3 32 330
================================================================================
SM 2693 1864 3 273 0.69 M 218.7 M 51
================================================================================
AV 86.9 60.1 7.1 FASTST M M 2 MAX(MPH)
MISC ----> # 45 360 # 68 360
================================================================================
NOTES:
# LAST OF SEVERAL OCCURRENCES
COLUMN 17 PEAK WIND IN M.P.H.
PRELIMINARY LOCAL CLIMATOLOGICAL DATA (WS FORM: F-6) , PAGE 2
STATION: TEKAMAH NE
MONTH: AUGUST
YEAR: 2020
LATITUDE: 41 46 N
LONGITUDE: 96 11 W
[TEMPERATURE DATA] [PRECIPITATION DATA] SYMBOLS USED IN COLUMN 16
AVERAGE MONTHLY: 73.5 TOTAL FOR MONTH: 0.69 1 = FOG OR MIST
DPTR FM NORMAL: 0.6 DPTR FM NORMAL: -3.00 2 = FOG REDUCING VISIBILITY
HIGHEST: 97 ON 24,23 GRTST 24HR 0.30 ON 10-10 TO 1/4 MILE OR LESS
LOWEST: 47 ON 4 3 = THUNDER
SNOW, ICE PELLETS, HAIL 4 = ICE PELLETS
TOTAL MONTH: M 5 = HAIL
GRTST 24HR M ON M 6 = FREEZING RAIN OR DRIZZLE
GRTST DEPTH: M ON M 7 = DUSTSTORM OR SANDSTORM:
VSBY 1/2 MILE OR LESS
8 = SMOKE OR HAZE
[NO. OF DAYS WITH] [WEATHER - DAYS WITH] 9 = BLOWING SNOW
X = TORNADO
MAX 32 OR BELOW: 0 0.01 INCH OR MORE: 5
MAX 90 OR ABOVE: 10 0.10 INCH OR MORE: 3
MIN 32 OR BELOW: 0 0.50 INCH OR MORE: 0
MIN 0 OR BELOW: 0 1.00 INCH OR MORE: 0
[HDD (BASE 65) ]
TOTAL THIS MO. 3 CLEAR (SCALE 0-3) 26
DPTR FM NORMAL -4 PTCLDY (SCALE 4-7) 5
TOTAL FM JUL 1 3 CLOUDY (SCALE 8-10) 0
DPTR FM NORMAL -7
[CDD (BASE 65) ]
TOTAL THIS MO. 273
DPTR FM NORMAL 22 [PRESSURE DATA]
TOTAL FM JAN 1 1020 HIGHEST SLP 30.19 ON 3
DPTR FM NORMAL 141 LOWEST SLP 29.59 ON 30
[REMARKS]
#FINAL-08-20#