000
CXUS54 KFWD 010831
CF6TRL
PRELIMINARY LOCAL CLIMATOLOGICAL DATA (WS FORM: F-6)
STATION: TERRELL
MONTH: NOVEMBER
YEAR: 2021
LATITUDE: 32 42 N
LONGITUDE: 96 16 W
TEMPERATURE IN F: :PCPN: SNOW: WIND :SUNSHINE: SKY :PK WND
================================================================================
1 2 3 4 5 6A 6B 7 8 9 10 11 12 13 14 15 16 17 18
12Z AVG MX 2MIN
DY MAX MIN AVG DEP HDD CDD WTR SNW DPTH SPD SPD DIR MIN PSBL S-S WX SPD DR
================================================================================
1 77 49 63 1 2 0 0.00 M M 4.8 14 150 M M 0 20 140
2 61 50 56 -5 9 0 T M M 7.8 14 60 M M 7 19 60
3 50 45 48 -13 17 0 0.42 M M 10.0 25 120 M M 10 13 33 110
4 59 40 50 -10 15 0 0.00 M M 5.3 13 50 M M 5 17 50
5 61 35 48 -12 17 0 0.00 M M 1.7 10 30 M M 0 15 20
6 66 35 51 -9 14 0 0.00 M M 1.5 8 170 M M 0 11 180
7 72 39 56 -3 9 0 0.00 M M 5.2 13 150 M M 0 17 160
8 74 46 60 1 5 0 0.00 M M 6.0 16 160 M M 1 12 23 240
9 74 54 64 5 1 0 0.00 M M 6.6 15 180 M M 0 1 22 180
10 75 58 67 9 0 2 0.59 M M 11.7 29 330 M M 8 13 41 320
11 67 43 55 -3 10 0 0.00 M M 6.5 15 360 M M 0 18 22 340
12 69 39 54 -4 11 0 0.00 M M 6.5 18 320 M M 0 18 27 330
13 62 34 48 -9 17 0 0.00 M M 4.0 10 170 M M 0 14 200
14 71 43 57 0 8 0 0.00 M M 3.4 10 210 M M 0 14 210
15 80 44 62 5 3 0 0.00 M M 7.1 15 190 M M 0 22 190
16 78 59 69 13 0 4 0.00 M M 14.0 26 180 M M 4 37 180
17 82 55 69 13 0 4 0.00 M M 13.8 28 210 M M 5 45 220
18 62 41 52 -4 13 0 0.00 M M 11.3 25 30 M M 2 32 30
19 61 33 47 -8 18 0 0.00 M M 5.6 14 130 M M 0 24 140
20 71 44 58 3 7 0 0.00 M M 10.8 22 180 M M 1 28 170
21 72 52 62 7 3 0 T M M 10.2 21 320 M M 7 29 300
22 67 40 54 0 11 0 0.00 M M 5.4 13 40 M M 0 18 360
23 68 36 52 -2 13 0 0.00 M M 7.9 20 170 M M 0 27 190
24 75 53 64 10 1 0 0.19 M M 13.0 25 180 M M 5 1 36 190
25 64 43 54 1 11 0 T M M 10.4 24 350 M M 4 34 350
26 53 31 42 -11 23 0 0.00 M M 3.2 10 170 M M 0 14 170
27 53 36 45 -8 20 0 M M M 6.0 10 200 M M 6 M M
28 66 41 54 2 11 0 T M M 5.7 15 350 M M 1 1 21 360
29 70 35 53 1 12 0 0.00 M M 5.0 15 210 M M 0 21 220
30 74 45 60 8 5 0 0.00 M M 6.8 16 180 M M 0 23 180
================================================================================
SM 2034 1298 286 10 1.20 M 217.2 M 66
================================================================================
AV 67.8 43.3 7.2 FASTST M M 2 MAX(MPH)
MISC ----> 29 330 45 220
================================================================================
NOTES:
# LAST OF SEVERAL OCCURRENCES
COLUMN 17 PEAK WIND IN M.P.H.
PRELIMINARY LOCAL CLIMATOLOGICAL DATA (WS FORM: F-6) , PAGE 2
STATION: TERRELL
MONTH: NOVEMBER
YEAR: 2021
LATITUDE: 32 42 N
LONGITUDE: 96 16 W
[TEMPERATURE DATA] [PRECIPITATION DATA] SYMBOLS USED IN COLUMN 16
AVERAGE MONTHLY: 55.5 TOTAL FOR MONTH: 1.20 1 = FOG OR MIST
DPTR FM NORMAL: -1.0 DPTR FM NORMAL: -1.86 2 = FOG REDUCING VISIBILITY
HIGHEST: 82 ON 17 GRTST 24HR 0.59 ON 10-10 TO 1/4 MILE OR LESS
LOWEST: 31 ON 26 3 = THUNDER
SNOW, ICE PELLETS, HAIL 4 = ICE PELLETS
TOTAL MONTH: M 5 = HAIL
GRTST 24HR M ON M 6 = FREEZING RAIN OR DRIZZLE
GRTST DEPTH: M ON M 7 = DUSTSTORM OR SANDSTORM:
VSBY 1/2 MILE OR LESS
8 = SMOKE OR HAZE
[NO. OF DAYS WITH] [WEATHER - DAYS WITH] 9 = BLOWING SNOW
X = TORNADO
MAX 32 OR BELOW: 0 0.01 INCH OR MORE: 3
MAX 90 OR ABOVE: 0 0.10 INCH OR MORE: 3
MIN 32 OR BELOW: 1 0.50 INCH OR MORE: 1
MIN 0 OR BELOW: 0 1.00 INCH OR MORE: 0
[HDD (BASE 65) ]
TOTAL THIS MO. 286 CLEAR (SCALE 0-3) 20
DPTR FM NORMAL 5 PTCLDY (SCALE 4-7) 9
TOTAL FM JUL 1 318 CLOUDY (SCALE 8-10) 1
DPTR FM NORMAL -36
[CDD (BASE 65) ]
TOTAL THIS MO. 10
DPTR FM NORMAL -16 [PRESSURE DATA]
TOTAL FM JAN 1 2392 HIGHEST SLP 30.50 ON 19
DPTR FM NORMAL -339 LOWEST SLP 29.77 ON 10
[REMARKS]
#FINAL-11-21#