000
CXUS56 KSGX 011045
CF6TRM
PRELIMINARY LOCAL CLIMATOLOGICAL DATA (WS FORM: F-6)
STATION: THERMAL AIRPORT CA
MONTH: OCTOBER
YEAR: 2021
LATITUDE: 33 37 N
LONGITUDE: 116 10 W
TEMPERATURE IN F: :PCPN: SNOW: WIND :SUNSHINE: SKY :PK WND
================================================================================
1 2 3 4 5 6A 6B 7 8 9 10 11 12 13 14 15 16 17 18
12Z AVG MX 2MIN
DY MAX MIN AVG DEP HDD CDD WTR SNW DPTH SPD SPD DIR MIN PSBL S-S WX SPD DR
================================================================================
1 96 49 73 -7 0 8 0.00 M M 5.3 14 120 M M 0 16 130
2 99 52 76 -3 0 11 0.00 M M 4.6 13 180 M M 0 17 190
3 101 55 78 -1 0 13 0.00 M M 4.8 13 110 M M 0 17 110
4 99 59 79 1 0 14 T M M 5.8 20 340 M M 0 26 350
5 92 72 82 4 0 17 0.01 M M 8.7 24 360 M M 1 38 30 340
6 93 72 83 5 0 18 0.00 M M 7.1 15 330 M M 0 20 320
7 87 72 80 3 0 15 0.00 M M 7.8 16 330 M M 0 22 330
8 81 68 75 -2 0 10 0.00 M M 10.6 25 280 M M 3 8 35 270
9 87 64 76 -1 0 11 0.00 M M 9.9 18 330 M M 0 24 330
10 91 52 72 -4 0 7 0.00 M M 5.1 13 330 M M 0 16 330
11 89 49 69 -7 0 4 0.00 M M 10.2 37 290 M M 3 8 47 270
12 77 47 62 -13 3 0 0.00 M M 4.9 16 310 M M 2 20 330
13 81 41 61 -14 4 0 0.00 M M 4.6 10 160 M M 0 15 130
14 86 45 66 -9 0 1 0.00 M M 4.7 13 150 M M 0 16 150
15 88 50 69 -5 0 4 0.00 M M 5.3 14 300 M M 0 19 310
16 91 46 69 -5 0 4 0.00 M M 5.4 10 320 M M 0 13 170
17 88 48 68 -6 0 3 0.00 M M 6.1 21 330 M M 0 8 32 330
18 78 63 71 -2 0 6 0.00 M M 13.1 29 270 M M 0 8 39 260
19 82 52 67 -6 0 2 0.00 M M 5.7 14 320 M M 0 20 330
20 86 44 65 -7 0 0 0.00 M M 4.7 12 140 M M 0 15 130
21 90 45 68 -4 0 3 0.00 M M 4.9 10 140 M M 0 8 14 210
22 88 46 67 -5 0 2 0.00 M M 4.5 16 330 M M 0 19 340
23 85 54 70 -1 0 5 0.00 M M 9.0 22 330 M M 0 29 320
24 85 57 71 0 0 6 0.00 M M 6.4 18 340 M M 0 8 23 340
25 83 53 68 -2 0 3 0.00 M M 8.1 28 320 M M 2 8 36 280
26 80 54 67 -3 0 2 0.00 M M 8.5 16 320 M M 0 22 330
27 87 45 66 -4 0 1 0.00 M M 4.1 13 120 M M 0 14 120
28 94 56 75 6 0 10 0.00 M M 5.9 13 300 M M 0 18 300
29 92 53 73 4 0 8 0.00 M M 4.5 10 140 M M 0 14 130
30 87 50 69 1 0 4 0.00 M M 3.4 10 160 M M 0 14 160
31 86 49 68 0 0 3 0.00 M M 4.4 13 330 M M 0 17 320
================================================================================
SM 2729 1662 7 195 0.01 M 198.1 M 11
================================================================================
AV 88.0 53.6 6.4 FASTST M M 0 MAX(MPH)
MISC ----> 37 290 47 270
================================================================================
NOTES:
# LAST OF SEVERAL OCCURRENCES
COLUMN 17 PEAK WIND IN M.P.H.
PRELIMINARY LOCAL CLIMATOLOGICAL DATA (WS FORM: F-6) , PAGE 2
STATION: THERMAL AIRPORT CA
MONTH: OCTOBER
YEAR: 2021
LATITUDE: 33 37 N
LONGITUDE: 116 10 W
[TEMPERATURE DATA] [PRECIPITATION DATA] SYMBOLS USED IN COLUMN 16
AVERAGE MONTHLY: 70.8 TOTAL FOR MONTH: 0.01 1 = FOG OR MIST
DPTR FM NORMAL: -3.1 DPTR FM NORMAL: -0.18 2 = FOG REDUCING VISIBILITY
HIGHEST: 101 ON 3 GRTST 24HR 0.01 ON 4- 5 TO 1/4 MILE OR LESS
LOWEST: 41 ON 13 3 = THUNDER
SNOW, ICE PELLETS, HAIL 4 = ICE PELLETS
TOTAL MONTH: M 5 = HAIL
GRTST 24HR M ON M 6 = FREEZING RAIN OR DRIZZLE
GRTST DEPTH: M ON M 7 = DUSTSTORM OR SANDSTORM:
VSBY 1/2 MILE OR LESS
8 = SMOKE OR HAZE
[NO. OF DAYS WITH] [WEATHER - DAYS WITH] 9 = BLOWING SNOW
X = TORNADO
MAX 32 OR BELOW: 0 0.01 INCH OR MORE: 1
MAX 90 OR ABOVE: 11 0.10 INCH OR MORE: 0
MIN 32 OR BELOW: 0 0.50 INCH OR MORE: 0
MIN 0 OR BELOW: 0 1.00 INCH OR MORE: 0
[HDD (BASE 65) ]
TOTAL THIS MO. 7 CLEAR (SCALE 0-3) 31
DPTR FM NORMAL -2 PTCLDY (SCALE 4-7) 0
TOTAL FM JUL 1 7 CLOUDY (SCALE 8-10) 0
DPTR FM NORMAL 0
[CDD (BASE 65) ]
TOTAL THIS MO. 195
DPTR FM NORMAL -90 [PRESSURE DATA]
TOTAL FM JAN 1 4256 HIGHEST SLP 30.19 ON 27
DPTR FM NORMAL 419 LOWEST SLP 29.46 ON 11
[REMARKS]
#FINAL-10-21#