000
CXUS54 KMEG 010636
CF6TUP
PRELIMINARY LOCAL CLIMATOLOGICAL DATA (WS FORM: F-6)
STATION: TUPELO
MONTH: JUNE
YEAR: 2020
LATITUDE: 34 16 N
LONGITUDE: 88 46 W
TEMPERATURE IN F: :PCPN: SNOW: WIND :SUNSHINE: SKY :PK WND
================================================================================
1 2 3 4 5 6A 6B 7 8 9 10 11 12 13 14 15 16 17 18
12Z AVG MX 2MIN
DY MAX MIN AVG DEP HDD CDD WTR SNW DPTH SPD SPD DIR MIN PSBL S-S WX SPD DR
================================================================================
1 85 59 72 -3 0 7 0.00 0.0 0 4.6 10 40 M M 0 19 40
2 92 64 78 3 0 13 0.00 0.0 0 2.7 10 170 M M 1 13 170
3 91 71 81 6 0 16 0.57 0.0 0 4.4 17 220 M M 3 13 26 230
4 83 69 76 0 0 11 0.10 0.0 0 4.7 18 330 M M 3 13 24 330
5 92 70 81 5 0 16 0.61 0.0 0 4.8 29 320 M M 4 13 42 330
6 92 70 81 5 0 16 0.00 0.0 0 4.4 12 130 M M 1 1 17 110
7 94 72 83 7 0 18 0.00 0.0 0 9.6 20 80 M M 1 1 24 80
8 83 77 80 3 0 15 0.91 0.0 0 15.1 23 120 M M 8 1 32 130
9 91 77 84 7 0 19 0.03 0.0 0 12.8 20 170 M M 6 28 170
10 86 68 77 0 0 12 0.04 0.0 0 10.1 20 240 M M 3 3 28 210
11 84 64 74 -3 0 9 0.00 0.0 0 6.9 17 10 M M 0 25 20
12 88 61 75 -3 0 10 0.00 0.0 0 9.3 22 20 M M 0 28 40
13 89 61 75 -3 0 10 0.00 0.0 0 6.5 17 40 M M 0 21 40
14 91 64 78 0 0 13 0.00 0.0 0 3.7 13 60 M M 0 16 70
15 86 64 75 -3 0 10 0.00 0.0 0 6.9 18 10 M M 1 23 20
16 84 60 72 -6 0 7 0.00 0.0 0 4.3 13 70 M M 1 16 40
17 86 63 75 -4 0 10 0.00 0.0 0 3.5 13 60 M M 2 18 30
18 88 65 77 -2 0 12 0.00 0.0 0 1.5 12 50 M M 2 16 40
19 92 66 79 0 0 14 0.00 0.0 0 2.0 9 260 M M 1 13 220
20 94 70 82 3 0 17 0.00 0.0 0 2.0 9 250 M M 2 12 270
21 92 73 83 4 0 18 0.01 0.0 0 7.3 16 250 M M 4 13 22 250
22 88 71 80 0 0 15 0.67 0.0 0 8.3 32 200 M M 5 138 45 190
23 89 71 80 0 0 15 1.57 0.0 0 7.1 28 20 M M 5 1238 36 10
24 80 71 76 -4 0 11 0.53 0.0 0 4.6 12 130 M M 6 13 17 110
25 88 71 80 0 0 15 1.35 0.0 0 4.0 18 340 M M 9 1238 22 330
26 77 70 74 -6 0 9 0.21 0.0 0 5.9 18 250 M M 7 18 26 240
27 90 73 82 2 0 17 0.00 0.0 0 6.0 13 220 M M 4 1 17 210
28 92 74 83 3 0 18 0.00 0.0 0 6.4 15 210 M M 2 22 200
29 93 76 85 4 0 20 0.02 0.0 0 3.8 13 240 M M 1 38 18 200
30 93 78 86 5 0 21 0.00 0.0 0 5.3 13 200 M M 2 3 18 200
================================================================================
SM 2653 2063 0 414 6.62 0.0 178.5 M 84
================================================================================
AV 88.4 68.8 6.0 FASTST M M 3 MAX(MPH)
MISC ----> # 32 200 # 45 190
================================================================================
NOTES:
# LAST OF SEVERAL OCCURRENCES
COLUMN 17 PEAK WIND IN M.P.H.
PRELIMINARY LOCAL CLIMATOLOGICAL DATA (WS FORM: F-6) , PAGE 2
STATION: TUPELO
MONTH: JUNE
YEAR: 2020
LATITUDE: 34 16 N
LONGITUDE: 88 46 W
[TEMPERATURE DATA] [PRECIPITATION DATA] SYMBOLS USED IN COLUMN 16
AVERAGE MONTHLY: 78.6 TOTAL FOR MONTH: 6.62 1 = FOG OR MIST
DPTR FM NORMAL: 0.5 DPTR FM NORMAL: 2.10 2 = FOG REDUCING VISIBILITY
HIGHEST: 94 ON 20, 7 GRTST 24HR 1.57 ON 23-23 TO 1/4 MILE OR LESS
LOWEST: 59 ON 1 3 = THUNDER
SNOW, ICE PELLETS, HAIL 4 = ICE PELLETS
TOTAL MONTH: 0.0 INCH 5 = HAIL
GRTST 24HR 0.0 6 = FREEZING RAIN OR DRIZZLE
GRTST DEPTH: 0 7 = DUSTSTORM OR SANDSTORM:
VSBY 1/2 MILE OR LESS
8 = SMOKE OR HAZE
[NO. OF DAYS WITH] [WEATHER - DAYS WITH] 9 = BLOWING SNOW
X = TORNADO
MAX 32 OR BELOW: 0 0.01 INCH OR MORE: 13
MAX 90 OR ABOVE: 14 0.10 INCH OR MORE: 9
MIN 32 OR BELOW: 0 0.50 INCH OR MORE: 7
MIN 0 OR BELOW: 0 1.00 INCH OR MORE: 2
[HDD (BASE 65) ]
TOTAL THIS MO. 0 CLEAR (SCALE 0-3) 19
DPTR FM NORMAL 0 PTCLDY (SCALE 4-7) 10
TOTAL FM JUL 1 2392 CLOUDY (SCALE 8-10) 1
DPTR FM NORMAL -564
[CDD (BASE 65) ]
TOTAL THIS MO. 414
DPTR FM NORMAL 19 [PRESSURE DATA]
TOTAL FM JAN 1 693 HIGHEST SLP M ON M
DPTR FM NORMAL 21 LOWEST SLP 29.49 ON 8
[REMARKS]
#FINAL-06-20#