000
CXUS54 KMEG 041736
CLMTUP
CLIMATE REPORT
NATIONAL WEATHER SERVICE MEMPHIS TN
1136 AM CST MON MAR 04 2024
...................................
...THE TUPELO CLIMATE SUMMARY FOR THE MONTH OF FEBRUARY 2024...
CLIMATE NORMAL PERIOD 1991 TO 2020
CLIMATE RECORD PERIOD 1930 TO 2024
WEATHER OBSERVED NORMAL DEPART LAST YEAR`S
VALUE DATE(S) VALUE FROM VALUE DATE(S)
NORMAL
................................................................
TEMPERATURE (F)
RECORD
HIGH 87 02/23/2023
LOW -3 02/01/1936
HIGHEST 81 02/27 55 26 87 02/23
LOWEST 25 02/18 34 -9 26 02/04
02/18
AVG. MAXIMUM 65.1 57.8 7.3 65.3
AVG. MINIMUM 40.3 36.8 3.5 43.8
MEAN 52.7 47.3 5.4 54.5
DAYS MAX >= 90 0 0.0 0.0 0
DAYS MAX <= 32 0 0.3 -0.3 0
DAYS MIN <= 32 5 11.2 -6.2 5
DAYS MIN <= 0 0 0.0 0.0 0
PRECIPITATION (INCHES)
RECORD
MAXIMUM 15.61 2019
MINIMUM 1.20 1978
TOTALS 4.49 5.29 -0.80 4.62
DAILY AVG. 0.15 NAN NAN 0.17
DAYS >= .01 10 10.8 -0.8 16
DAYS >= .10 6 7.1 -1.1 7
DAYS >= .50 3 3.6 -0.6 5
DAYS >= 1.00 2 1.7 0.3 1
GREATEST
24 HR. TOTAL 1.90 02/10 TO 02/11
SNOWFALL (INCHES)
RECORDS
TOTAL 7.3 2015
TOTALS 0.0 0.6 -0.6 T
SINCE 7/1 1.0 1.3 -0.3 MM
SNOWDEPTH AVG. 0 0
DAYS >= 1.0 0 0.2 -0.2 0
GREATEST
SNOW DEPTH 0 0 MM
24 HR TOTAL MM
DEGREE DAYS
HEATING TOTAL 355 498 -143 316
SINCE 7/1 2021 2282 -261 MM
COOLING TOTAL 7 3 4 30
SINCE 1/1 7 4 3 MM
................................................................
WIND (MPH)
AVERAGE WIND SPEED 7.5
HIGHEST WIND SPEED/DIRECTION 31/360 DATE 02/16
HIGHEST GUST SPEED/DIRECTION 39/360 DATE 02/16
SKY COVER
POSSIBLE SUNSHINE (PERCENT) MM
AVERAGE SKY COVER 0.31
NUMBER OF DAYS FAIR 18
NUMBER OF DAYS PC 6
NUMBER OF DAYS CLOUDY 5
AVERAGE RH (PERCENT) 64
WEATHER CONDITIONS. NUMBER OF DAYS WITH
THUNDERSTORM 3 MIXED PRECIP 0
HEAVY RAIN 1 RAIN 6
LIGHT RAIN 11 FREEZING RAIN 0
LT FREEZING RAIN 0 HAIL 0
HEAVY SNOW 0 SNOW 0
LIGHT SNOW 0 SLEET 0
FOG 9 FOG W/VIS <= 1/4 MILE 0
HAZE 4
- INDICATES NEGATIVE NUMBERS.
R INDICATES RECORD WAS SET OR TIED.
MM INDICATES DATA IS MISSING.
T INDICATES TRACE AMOUNT.
$$