000
CXUS54 KJAN 011414
CF6TVR
PRELIMINARY LOCAL CLIMATOLOGICAL DATA (WS FORM: F-6)
STATION: VICKSBURG
MONTH: JULY
YEAR: 2020
LATITUDE: 32 20 N
LONGITUDE: 91 2 W
TEMPERATURE IN F: :PCPN: SNOW: WIND :SUNSHINE: SKY :PK WND
================================================================================
1 2 3 4 5 6A 6B 7 8 9 10 11 12 13 14 15 16 17 18
12Z AVG MX 2MIN
DY MAX MIN AVG DEP HDD CDD WTR SNW DPTH SPD SPD DIR MIN PSBL S-S WX SPD DR
================================================================================
1 94 79 87 6 0 22 0.00 0.0 0 2.8 9 120 M M 2 138 15 210
2 93 72 83 2 0 18 0.55 0.0 0 3.8 31 70 M M 3 138 46 70
3 88 73 81 0 0 16 0.07 0.0 0 1.2 10 300 M M 1 13 18 310
4 93 74 84 3 0 19 0.12 0.0 0 2.6 20 40 M M 5 13 26 50
5 92 72 82 1 0 17 0.00 0.0 0 3.1 15 80 M M 1 1 20 80
6 93 73 83 2 0 18 T 0.0 0 2.4 16 50 M M 2 13 24 60
7 91 75 83 2 0 18 0.18 0.0 0 1.4 7 190 M M 2 13 12 290
8 83 76 80 -1 0 15 0.40 0.0 0 2.8 13 160 M M 4 1238 15 160
9 94 78 86 5 0 21 0.00 0.0 0 2.1 7 220 M M 2 18 13 240
10 97 80 89 8 0 24 0.00 0.0 0 2.2 9 300 M M 2 18 16 290
11 96 79 88 7 0 23 T 0.0 0 1.6 13 290 M M 2 138 26 290
12 98 78 88 7 0 23 0.00 0.0 0 2.2 9 300 M M 1 1 15 290
13 97 75 86 5 0 21 0.00 0.0 0 0.9 7 40 M M 0 1 11 50
14 96 77 87 5 0 22 T 0.0 0 1.6 8 150 M M 1 138 12 140
15 94 78 86 4 0 21 0.00 0.0 0 2.7 10 180 M M 1 18 15 250
16 97 76 87 5 0 22 0.24 0.0 0 2.7 20 180 M M 1 13 32 170
17 94 72 83 1 0 18 0.00 0.0 0 3.2 10 160 M M 1 1 18 160
18 96 74 85 3 0 20 0.00 0.0 0 1.4 9 170 M M 0 1 14 110
19 97 74 86 4 0 21 0.00 0.0 0 2.0 10 170 M M 0 1 15 170
20 96 77 87 5 0 22 T 0.0 0 1.9 10 190 M M 0 13 17 170
21 95 75 85 3 0 20 0.23 0.0 0 3.3 22 150 M M 1 138 33 150
22 95 75 85 3 0 20 0.00 0.0 0 3.7 12 170 M M 0 1 14 170
23 95 73 84 2 0 19 0.00 0.0 0 6.9 13 120 M M 1 20 100
24 91 77 84 2 0 19 0.05 0.0 0 7.6 16 130 M M 3 3 24 50
25 92 76 84 2 0 19 0.01 0.0 0 7.4 20 110 M M 3 8 30 110
26 90 73 82 0 0 17 0.23 0.0 0 3.7 21 180 M M 1 13 29 170
27 90 75 83 1 0 18 0.02 0.0 0 2.9 14 170 M M 1 21 180
28 92 73 83 1 0 18 0.00 0.0 0 1.8 10 170 M M 3 12 14 110
29 94 77 86 4 0 21 0.00 0.0 0 2.8 10 180 M M 4 1 16 170
30 94 77 86 4 0 21 0.00 0.0 0 4.2 9 210 M M 3 18 18 250
31 94 74 84 2 0 19 0.06 0.0 0 4.4 13 190 M M 2 18 23 310
================================================================================
SM 2901 2337 0 612 2.16 0.0 93.3 M 53
================================================================================
AV 93.6 75.4 3.0 FASTST M M 2 MAX(MPH)
MISC ----> # 31 70 # 46 70
================================================================================
NOTES:
# LAST OF SEVERAL OCCURRENCES
COLUMN 17 PEAK WIND IN M.P.H.
PRELIMINARY LOCAL CLIMATOLOGICAL DATA (WS FORM: F-6) , PAGE 2
STATION: VICKSBURG
MONTH: JULY
YEAR: 2020
LATITUDE: 32 20 N
LONGITUDE: 91 2 W
[TEMPERATURE DATA] [PRECIPITATION DATA] SYMBOLS USED IN COLUMN 16
AVERAGE MONTHLY: 84.5 TOTAL FOR MONTH: 2.16 1 = FOG OR MIST
DPTR FM NORMAL: 3.1 DPTR FM NORMAL: -1.47 2 = FOG REDUCING VISIBILITY
HIGHEST: 98 ON 12 GRTST 24HR 0.55 ON 2- 2 TO 1/4 MILE OR LESS
LOWEST: 72 ON 17, 5 3 = THUNDER
SNOW, ICE PELLETS, HAIL 4 = ICE PELLETS
TOTAL MONTH: 0.0 INCH 5 = HAIL
GRTST 24HR 0.0 6 = FREEZING RAIN OR DRIZZLE
GRTST DEPTH: 0 7 = DUSTSTORM OR SANDSTORM:
VSBY 1/2 MILE OR LESS
8 = SMOKE OR HAZE
[NO. OF DAYS WITH] [WEATHER - DAYS WITH] 9 = BLOWING SNOW
X = TORNADO
MAX 32 OR BELOW: 0 0.01 INCH OR MORE: 12
MAX 90 OR ABOVE: 29 0.10 INCH OR MORE: 7
MIN 32 OR BELOW: 0 0.50 INCH OR MORE: 1
MIN 0 OR BELOW: 0 1.00 INCH OR MORE: 0
[HDD (BASE 65) ]
TOTAL THIS MO. 0 CLEAR (SCALE 0-3) 26
DPTR FM NORMAL 0 PTCLDY (SCALE 4-7) 5
TOTAL FM JUL 1 0 CLOUDY (SCALE 8-10) 0
DPTR FM NORMAL 0
[CDD (BASE 65) ]
TOTAL THIS MO. 612
DPTR FM NORMAL 102 [PRESSURE DATA]
TOTAL FM JAN 1 1618 HIGHEST SLP M ON M
DPTR FM NORMAL 320 LOWEST SLP 29.79 ON 12
[REMARKS]
#FINAL-07-20#