000
CXUS56 KPQR 011155
CF6UAO
PRELIMINARY LOCAL CLIMATOLOGICAL DATA (WS FORM: F-6)
STATION: AURORA STATE OR
MONTH: JULY
YEAR: 2021
LATITUDE: 45 15 N
LONGITUDE: 122 46 W
TEMPERATURE IN F: :PCPN: SNOW: WIND :SUNSHINE: SKY :PK WND
================================================================================
1 2 3 4 5 6A 6B 7 8 9 10 11 12 13 14 15 16 17 18
12Z AVG MX 2MIN
DY MAX MIN AVG DEP HDD CDD WTR SNW DPTH SPD SPD DIR MIN PSBL S-S WX SPD DR
================================================================================
1 77 63 70 3 0 5 0.00 M M 4.8 14 30 M M 10 16 40
2 86 63 75 8 0 10 0.00 M M 5.7 12 30 M M 5 16 40
3 88 59 74 7 0 9 0.00 M M 5.4 13 20 M M 2 16 30
4 88 57 73 5 0 8 0.00 M M 4.7 13 340 M M 0 18 330
5 87 55 71 3 0 6 0.00 M M 6.8 13 10 M M 1 17 10
6 92 56 74 6 0 9 0.00 M M 5.4 10 210 M M 1 18 10
7 76 58 67 -1 0 2 0.00 M M 6.0 13 190 M M 5 18 200
8 79 53 66 -2 0 1 0.00 M M 3.2 8 360 M M 4 11 260
9 90 54 72 3 0 7 0.00 M M 6.7 14 20 M M 0 19 360
10 89 59 74 5 0 9 0.00 M M 6.1 15 20 M M 0 17 30
11 88 56 72 3 0 7 0.00 M M 6.6 16 10 M M 0 23 40
12 89 58 74 5 0 9 0.00 M M 5.9 16 340 M M 0 20 340
13 87 57 72 2 0 7 0.00 M M 5.6 10 350 M M 0 17 340
14 85 57 71 1 0 6 0.00 M M 6.2 14 350 M M 1 20 20
15 81 55 68 -2 0 3 0.00 M M 5.6 13 20 M M 3 19 10
16 79 53 66 -4 0 1 0.00 M M 4.1 13 20 M M 3 15 20
17 83 56 70 0 0 5 0.00 M M 4.0 12 40 M M 2 17 320
18 87 55 71 1 0 6 0.00 M M 5.4 12 340 M M 0 15 350
19 89 56 73 3 0 8 0.00 M M 4.0 14 340 M M 0 20 340
20 82 58 70 0 0 5 0.00 M M 5.6 14 350 M M 5 18 350
21 75 53 64 -7 1 0 0.00 M M 5.5 15 10 M M 3 18 360
22 82 51 67 -4 0 2 0.00 M M 3.9 13 20 M M 0 17 20
23 86 54 70 -1 0 5 0.00 M M 6.9 15 30 M M 0 22 20
24 92 59 76 5 0 11 0.00 M M 6.8 17 10 M M 0 22 30
25 92 59 76 5 0 11 0.00 M M 5.6 13 350 M M 0 20 330
26 92 57 75 4 0 10 0.00 M M 7.3 14 340 M M 0 20 350
27 88 61 75 4 0 10 0.00 M M 4.3 10 30 M M 0 12 20
28 94 62 78 7 0 13 0.00 M M 5.2 10 10 M M 0 14 10
29 99 65 82 11 0 17 0.00 M M 5.9 13 40 M M 0 17 30
30 91 66 79 8 0 14 0.00 M M 3.0 10 140 M M 0 13 360
31 86 70 78 7 0 13 0.00 M M 3.3 10 20 M M 0 12 20
================================================================================
SM 2679 1795 1 229 0.00 M 165.5 M 45
================================================================================
AV 86.4 57.9 5.3 FASTST M M 1 MAX(MPH)
MISC ----> 17 10 23 40
================================================================================
NOTES:
# LAST OF SEVERAL OCCURRENCES
COLUMN 17 PEAK WIND IN M.P.H.
PRELIMINARY LOCAL CLIMATOLOGICAL DATA (WS FORM: F-6) , PAGE 2
STATION: AURORA STATE OR
MONTH: JULY
YEAR: 2021
LATITUDE: 45 15 N
LONGITUDE: 122 46 W
[TEMPERATURE DATA] [PRECIPITATION DATA] SYMBOLS USED IN COLUMN 16
AVERAGE MONTHLY: 72.2 TOTAL FOR MONTH: 0.00 1 = FOG OR MIST
DPTR FM NORMAL: 2.6 DPTR FM NORMAL: -0.43 2 = FOG REDUCING VISIBILITY
HIGHEST: 99 ON 29 GRTST 24HR 0.00 ON 1- 1 TO 1/4 MILE OR LESS
LOWEST: 51 ON 22 3 = THUNDER
SNOW, ICE PELLETS, HAIL 4 = ICE PELLETS
TOTAL MONTH: M 5 = HAIL
GRTST 24HR M ON M 6 = FREEZING RAIN OR DRIZZLE
GRTST DEPTH: M ON M 7 = DUSTSTORM OR SANDSTORM:
VSBY 1/2 MILE OR LESS
8 = SMOKE OR HAZE
[NO. OF DAYS WITH] [WEATHER - DAYS WITH] 9 = BLOWING SNOW
X = TORNADO
MAX 32 OR BELOW: 0 0.01 INCH OR MORE: 0
MAX 90 OR ABOVE: 8 0.10 INCH OR MORE: 0
MIN 32 OR BELOW: 0 0.50 INCH OR MORE: 0
MIN 0 OR BELOW: 0 1.00 INCH OR MORE: 0
[HDD (BASE 65) ]
TOTAL THIS MO. 1 CLEAR (SCALE 0-3) 23
DPTR FM NORMAL -12 PTCLDY (SCALE 4-7) 7
TOTAL FM JUL 1 1 CLOUDY (SCALE 8-10) 1
DPTR FM NORMAL -8
[CDD (BASE 65) ]
TOTAL THIS MO. 229
DPTR FM NORMAL 73 [PRESSURE DATA]
TOTAL FM JAN 1 427 HIGHEST SLP 30.26 ON 23
DPTR FM NORMAL 201 LOWEST SLP 29.85 ON 6
[REMARKS]
#FINAL-07-21#