000
CXUS53 KLOT 011334
CLMUGN
CLIMATE REPORT
NATIONAL WEATHER SERVICE CHICAGO IL
834 AM CDT SAT JUL 01 2023
...................................
...THE WAUKEGAN IL CLIMATE SUMMARY FOR THE MONTH OF JUNE 2023...
CLIMATE NORMAL PERIOD: 1991 TO 2020
CLIMATE RECORD PERIOD: 2000 TO 2023
WEATHER OBSERVED NORMAL DEPART LAST YEAR`S
VALUE DATE(S) VALUE FROM VALUE DATE(S)
NORMAL
................................................................
TEMPERATURE (F)
RECORD
HIGH 99 06/28/2012
LOW 37 06/03/2009
06/02/2003
HIGHEST 90 06/30 98 06/14
06/21
LOWEST 45 06/12 46 06/04
AVG. MAXIMUM 76.7 76.6 0.1 79.3
AVG. MINIMUM 55.8 56.1 -0.3 56.8
MEAN 66.3 66.3 -0.0 68.1
DAYS MAX >= 90 1 1.8 -0.8 6
DAYS MAX <= 32 0 0.0 0.0 0
DAYS MIN <= 32 0 0.0 0.0 0
DAYS MIN <= 0 0 0.0 0.0 0
PRECIPITATION (INCHES)
RECORD
MAXIMUM 9.54 2018
MINIMUM 0.37 2012
TOTALS 1.72 4.45 -2.73 2.18
DAILY AVG. 0.06 0.15 -0.09 0.07
DAYS >= .01 6 12.0 -6.0 9
DAYS >= .10 3 7.4 -4.4 4
DAYS >= .50 2 2.8 -0.8 2
DAYS >= 1.00 0 1.1 -1.1 0
GREATEST
24 HR. TOTAL 0.76 06/25 TO 06/25 0.81
DEGREE DAYS
HEATING TOTAL 56 73 -17 49
SINCE 7/1 6029 6690 -661 MM
COOLING TOTAL 102 113 -11 149
SINCE 1/1 118 145 -27 MM
................................................................
WIND (MPH)
AVERAGE WIND SPEED 7.0
HIGHEST WIND SPEED/DIRECTION 25/250 DATE 06/25
HIGHEST GUST SPEED/DIRECTION 39/010 DATE 06/11
AVERAGE RH (PERCENT) 66
WEATHER CONDITIONS. NUMBER OF DAYS WITH
THUNDERSTORM 2 MIXED PRECIP 0
HEAVY RAIN 1 RAIN 2
LIGHT RAIN 7 FREEZING RAIN 0
LT FREEZING RAIN 0 HAIL 0
HEAVY SNOW 0 SNOW 0
LIGHT SNOW 0 SLEET 0
FOG 15 FOG W/VIS <= 1/4 MILE 0
HAZE 13
- INDICATES NEGATIVE NUMBERS.
R INDICATES RECORD WAS SET OR TIED.
MM INDICATES DATA IS MISSING.
T INDICATES TRACE AMOUNT.
$$