000
CXUS53 KLSX 011500
CF6UIN
PRELIMINARY LOCAL CLIMATOLOGICAL DATA (WS FORM: F-6)
STATION: QUINCY IL
MONTH: DECEMBER
YEAR: 2022
LATITUDE: 39 57 N
LONGITUDE: 91 12 W
TEMPERATURE IN F: :PCPN: SNOW: WIND :SUNSHINE: SKY :PK WND
================================================================================
1 2 3 4 5 6A 6B 7 8 9 10 11 12 13 14 15 16 17 18
12Z AVG MX 2MIN
DY MAX MIN AVG DEP HDD CDD WTR SNW DPTH SPD SPD DIR MIN PSBL S-S WX SPD DR
================================================================================
1 39 18 29 -7 36 0 0.00 0.0 0 9.8 18 170 M M 3 27 160
2 62 39 51 15 14 0 0.00 0.0 0 18.8 35 320 M M 5 47 190
3 41 20 31 -4 34 0 0.00 0.0 0 11.3 32 310 M M 1 44 320
4 44 19 32 -3 33 0 0.00 0.0 0 8.1 17 210 M M 0 22 210
5 50 28 39 4 26 0 0.00 0.0 0 5.5 14 190 M M 7 19 180
6 46 32 39 5 26 0 0.00 0.0 0 5.6 12 20 M M 7 18 15 100
7 51 38 45 11 20 0 0.00 0.0 0 3.4 10 80 M M 8 18 13 80
8 44 39 42 8 23 0 0.11 0.0 0 9.9 16 110 M M 10 18 21 120
9 47 38 43 10 22 0 0.22 0.0 0 8.6 21 250 M M 10 18 29 250
10 43 37 40 7 25 0 0.00 0.0 0 4.6 12 290 M M 10 18 14 330
11 37 33 35 2 30 0 0.00 0.0 0 5.8 12 110 M M 9 18 15 80
12 37 31 34 2 31 0 0.00 0.0 0 10.4 15 120 M M 10 18 M M
13 49 31 40 8 25 0 1.31 0.0 0 16.1 25 120 M M 10 18 35 90
14 52 34 43 11 22 0 0.01 0.0 0 8.7 15 260 M M 8 1 24 270
15 36 31 34 2 31 0 0.00 0.0 0 15.5 23 240 M M 10 35 230
16 33 25 29 -2 36 0 0.00 0.0 0 15.1 23 240 M M 10 33 240
17 25 19 22 -9 43 0 T M 0 14.0 22 290 M M 8 30 260
18 29 14 22 -9 43 0 0.00 0.0 0 7.7 17 300 M M 0 23 300
19 36 18 27 -4 38 0 0.00 0.0 0 7.7 15 130 M M 5 20 130
20 33 18 26 -4 39 0 0.00 0.0 0 8.0 18 320 M M 9 23 330
21 31 16 24 -6 41 0 0.00 0.0 0 8.0 14 120 M M 8 18 19 110
22 31 -9 11 -19 54 0 M M 0 18.6 31 300 M M 10 18 40 310
23 3 -10 -3 -33 68 0 0.00 0.0 M 22.2 31 280 M M 5 42 260
24 18 2 10 -19 55 0 0.00 0.0 M 17.4 24 280 M M 0 36 280
25 20 4 12 -17 53 0 T M M 11.4 18 280 M M 3 1 26 270
26 24 4 14 -15 51 0 T M M 9.1 20 340 M M 8 18 24 340
27 32 1 17 -12 48 0 0.00 0.0 M 11.1 18 180 M M 0 29 160
28 55 31 43 15 22 0 0.00 0.0 M 16.6 24 180 M M 0 36 180
29 70 50 60 32 5 0 0.00 0.0 M 15.0 26 210 M M 0 37 190
30 52 27 40 12 25 0 0.00 0.0 M 5.4 14 270 M M 3 1 22 280
31 47 24 36 8 29 0 0.00 0.0 M 7.3 14 190 M M 3 12 19 190
================================================================================
SM 1217 702 1048 0 1.65 0.0 336.7 M 180
================================================================================
AV 39.3 22.6 10.9 FASTST M M 6 MAX(MPH)
MISC ----> 35 320 47 190
================================================================================
NOTES:
# LAST OF SEVERAL OCCURRENCES
COLUMN 17 PEAK WIND IN M.P.H.
PRELIMINARY LOCAL CLIMATOLOGICAL DATA (WS FORM: F-6) , PAGE 2
STATION: QUINCY IL
MONTH: DECEMBER
YEAR: 2022
LATITUDE: 39 57 N
LONGITUDE: 91 12 W
[TEMPERATURE DATA] [PRECIPITATION DATA] SYMBOLS USED IN COLUMN 16
AVERAGE MONTHLY: 31.0 TOTAL FOR MONTH: 1.65 1 = FOG OR MIST
DPTR FM NORMAL: -0.6 DPTR FM NORMAL: -0.15 2 = FOG REDUCING VISIBILITY
HIGHEST: 70 ON 29 GRTST 24HR 1.32 ON 13-14 TO 1/4 MILE OR LESS
LOWEST: -10 ON 23 3 = THUNDER
SNOW, ICE PELLETS, HAIL 4 = ICE PELLETS
TOTAL MONTH: 0.0 INCH 5 = HAIL
GRTST 24HR 0.0 6 = FREEZING RAIN OR DRIZZLE
GRTST DEPTH: 0 7 = DUSTSTORM OR SANDSTORM:
VSBY 1/2 MILE OR LESS
8 = SMOKE OR HAZE
[NO. OF DAYS WITH] [WEATHER - DAYS WITH] 9 = BLOWING SNOW
X = TORNADO
MAX 32 OR BELOW: 9 0.01 INCH OR MORE: 4
MAX 90 OR ABOVE: 0 0.10 INCH OR MORE: 3
MIN 32 OR BELOW: 23 0.50 INCH OR MORE: 1
MIN 0 OR BELOW: 2 1.00 INCH OR MORE: 1
[HDD (BASE 65) ]
TOTAL THIS MO. 1048 CLEAR (SCALE 0-3) 9
DPTR FM NORMAL 13 PTCLDY (SCALE 4-7) 10
TOTAL FM JUL 1 2101 CLOUDY (SCALE 8-10) 12
DPTR FM NORMAL -25
[CDD (BASE 65) ]
TOTAL THIS MO. 0
DPTR FM NORMAL 0 [PRESSURE DATA]
TOTAL FM JAN 1 1370 HIGHEST SLP 30.56 ON 20
DPTR FM NORMAL 217 LOWEST SLP 29.56 ON 15
[REMARKS]
#FINAL-12-22#