000
CXUS53 KLSX 011553 CCA
CF6UIN
PRELIMINARY LOCAL CLIMATOLOGICAL DATA (WS FORM: F-6)
STATION: QUINCY IL
MONTH: AUGUST
YEAR: 2022
LATITUDE: 39 57 N
LONGITUDE: 91 12 W
TEMPERATURE IN F: :PCPN: SNOW: WIND :SUNSHINE: SKY :PK WND
================================================================================
1 2 3 4 5 6A 6B 7 8 9 10 11 12 13 14 15 16 17 18
12Z AVG MX 2MIN
DY MAX MIN AVG DEP HDD CDD WTR SNW DPTH SPD SPD DIR MIN PSBL S-S WX SPD DR
================================================================================
1 92 73 83 7 0 18 0.00 0.0 0 8.3 16 270 M M 2 23 230
2 87 77 82 6 0 17 0.00 0.0 0 11.4 25 120 M M 0 34 130
3 89 74 82 6 0 17 0.04 0.0 0 7.8 18 280 M M 2 1 23 270
4 87 70 79 3 0 14 0.00 0.0 0 3.5 10 310 M M 5 1 14 320
5 88 70 79 3 0 14 0.00 0.0 0 6.4 13 140 M M 2 12 17 140
6 93 75 84 8 0 19 0.00 0.0 0 8.3 15 190 M M 1 22 200
7 90 76 83 7 0 18 0.00 0.0 0 7.4 12 190 M M 0 17 190
8 85 71 78 2 0 13 0.00 0.0 0 9.5 17 210 M M 6 27 200
9 83 64 74 -2 0 9 0.00 0.0 0 6.0 13 40 M M 5 18 30
10 84 61 73 -2 0 8 0.00 0.0 0 4.2 8 60 M M 1 14 30
11 87 61 74 -1 0 9 0.00 0.0 0 3.4 13 100 M M 0 19 100
12 81 64 73 -2 0 8 0.00 0.0 0 7.3 15 110 M M 4 20 110
13 87 64 76 1 0 11 0.00 0.0 0 10.0 18 210 M M 0 26 200
14 80 67 74 -1 0 9 0.00 0.0 0 8.3 14 10 M M 6 19 360
15 80 61 71 -4 0 6 0.08 0.0 0 6.1 13 40 M M 4 1 19 40
16 81 64 73 -2 0 8 0.02 0.0 0 4.3 13 80 M M 5 1 17 60
17 84 61 73 -2 0 8 0.00 0.0 0 6.0 14 30 M M 1 18 10
18 84 57 71 -3 0 6 0.00 0.0 0 4.0 13 200 M M 1 18 230
19 84 63 74 0 0 9 0.02 0.0 0 8.3 20 190 M M 3 3 27 180
20 85 65 75 1 0 10 0.28 0.0 0 8.4 21 240 M M 3 13 30 240
21 81 62 72 -2 0 7 0.00 0.0 0 6.9 15 20 M M 4 12 20 360
22 84 60 72 -2 0 7 0.00 0.0 0 4.3 9 360 M M 1 12 15 20
23 84 61 73 -1 0 8 0.00 0.0 0 3.8 8 110 M M 3 12 100
24 86 62 74 0 0 9 0.00 0.0 0 4.0 8 160 M M 3 12 190
25 89 66 78 5 0 13 0.02 0.0 0 5.9 13 230 M M 3 1 19 290
26 87 66 77 4 0 12 0.00 0.0 0 5.0 10 60 M M 1 15 10
27 87 66 77 4 0 12 0.00 0.0 0 8.1 13 150 M M 1 1 19 190
28 88 71 80 7 0 15 T 0.0 0 10.1 21 190 M M 1 29 190
29 93 67 80 8 0 15 0.20 0.0 0 9.7 26 250 M M 2 3 38 330
30 85 63 74 2 0 9 0.06 0.0 0 6.9 17 320 M M 1 1 25 320
31 85 58 72 0 0 7 0.00 0.0 0 3.3 9 310 M M 0 13 150
================================================================================
SM 2660 2040 0 345 0.72 0.0 206.9 M 71
================================================================================
AV 85.8 65.8 6.7 FASTST M M 2 MAX(MPH)
MISC ----> 26 250 38 330
================================================================================
NOTES:
# LAST OF SEVERAL OCCURRENCES
COLUMN 17 PEAK WIND IN M.P.H.
PRELIMINARY LOCAL CLIMATOLOGICAL DATA (WS FORM: F-6) , PAGE 2
STATION: QUINCY IL
MONTH: AUGUST
YEAR: 2022
LATITUDE: 39 57 N
LONGITUDE: 91 12 W
[TEMPERATURE DATA] [PRECIPITATION DATA] SYMBOLS USED IN COLUMN 16
AVERAGE MONTHLY: 75.8 TOTAL FOR MONTH: 0.72 1 = FOG OR MIST
DPTR FM NORMAL: 1.3 DPTR FM NORMAL: -3.21 2 = FOG REDUCING VISIBILITY
HIGHEST: 93 ON 29, 6 GRTST 24HR 0.30 ON 19-20 TO 1/4 MILE OR LESS
LOWEST: 57 ON 18 3 = THUNDER
SNOW, ICE PELLETS, HAIL 4 = ICE PELLETS
TOTAL MONTH: 0.0 INCH 5 = HAIL
GRTST 24HR 0.0 6 = FREEZING RAIN OR DRIZZLE
GRTST DEPTH: 0 7 = DUSTSTORM OR SANDSTORM:
VSBY 1/2 MILE OR LESS
8 = SMOKE OR HAZE
[NO. OF DAYS WITH] [WEATHER - DAYS WITH] 9 = BLOWING SNOW
X = TORNADO
MAX 32 OR BELOW: 0 0.01 INCH OR MORE: 8
MAX 90 OR ABOVE: 4 0.10 INCH OR MORE: 2
MIN 32 OR BELOW: 0 0.50 INCH OR MORE: 0
MIN 0 OR BELOW: 0 1.00 INCH OR MORE: 0
[HDD (BASE 65) ]
TOTAL THIS MO. 0 CLEAR (SCALE 0-3) 23
DPTR FM NORMAL -4 PTCLDY (SCALE 4-7) 8
TOTAL FM JUL 1 0 CLOUDY (SCALE 8-10) 0
DPTR FM NORMAL -5
[CDD (BASE 65) ]
TOTAL THIS MO. 345
DPTR FM NORMAL 47 [PRESSURE DATA]
TOTAL FM JAN 1 1183 HIGHEST SLP 30.22 ON 12
DPTR FM NORMAL 222 LOWEST SLP 29.75 ON 28
[REMARKS]
#FINAL-08-22#