000
CXUS53 KLSX 051924 CCA
CF6UIN
PRELIMINARY LOCAL CLIMATOLOGICAL DATA (WS FORM: F-6)
STATION: QUINCY IL
MONTH: OCTOBER
YEAR: 2020
LATITUDE: 39 57 N
LONGITUDE: 91 12 W
TEMPERATURE IN F: :PCPN: SNOW: WIND :SUNSHINE: SKY :PK WND
================================================================================
1 2 3 4 5 6A 6B 7 8 9 10 11 12 13 14 15 16 17 18
12Z AVG MX 2MIN
DY MAX MIN AVG DEP HDD CDD WTR SNW DPTH SPD SPD DIR MIN PSBL S-S WX SPD DR
================================================================================
1 62 42 52 -8 13 0 0.00 0.0 0 10.1 22 320 M M 5 45 330
2 59 38 49 -11 16 0 0.00 0.0 0 5.4 13 300 M M 3 18 300
3 54 43 49 -10 16 0 0.20 0.0 0 7.1 17 30 M M 9 1 23 30
4 58 40 49 -10 16 0 0.00 0.0 0 7.7 17 20 M M 3 1 24 320
5 65 37 51 -7 14 0 0.00 0.0 0 10.3 18 190 M M 0 28 190
6 78 50 64 6 1 0 0.00 0.0 0 8.7 14 280 M M 0 19 230
7 83 56 70 12 0 5 0.00 0.0 0 7.0 14 290 M M 0 8 18 290
8 79 49 64 7 1 0 0.00 0.0 0 5.6 12 90 M M 0 16 80
9 83 56 70 13 0 5 0.00 0.0 0 9.6 22 200 M M 0 29 190
10 83 60 72 15 0 7 0.00 0.0 0 4.9 13 210 M M 0 18 16 200
11 82 57 70 14 0 5 0.00 0.0 0 8.3 17 140 M M 1 1 24 130
12 72 47 60 4 5 0 0.01 0.0 0 12.0 28 310 M M 3 8 39 300
13 76 43 60 4 5 0 0.00 0.0 0 8.7 26 240 M M 0 35 250
14 83 51 67 12 0 2 T 0.0 0 12.5 28 210 M M 0 8 40 240
15 64 39 52 -3 13 0 T 0.0 0 12.2 23 340 M M 3 31 310
16 59 30 45 -10 20 0 0.00 0.0 0 9.3 29 280 M M 2 38 290
17 71 42 57 3 8 0 0.00 0.0 0 14.9 29 210 M M 3 41 210
18 59 39 49 -5 16 0 T 0.0 0 11.7 20 10 M M 6 26 320
19 45 38 42 -12 23 0 T 0.0 0 11.1 18 40 M M 10 23 40
20 52 39 46 -7 19 0 0.10 0.0 0 9.3 20 130 M M 10 13 27 130
21 51 45 48 -5 17 0 0.10 0.0 0 7.6 15 320 M M 10 1238 20 300
22 84 50 67 14 0 2 0.00 0.0 0 12.0 24 200 M M 4 12 33 200
23 71 38 55 2 10 0 1.00 0.0 0 15.1 22 320 M M 10 13 32 300
24 44 34 39 -13 26 0 0.00 0.0 0 8.7 14 50 M M 8 21 100
25 46 37 42 -10 23 0 T 0.0 0 12.2 15 360 M M 10 21 50
26 37 31 34 -18 31 0 0.04 M M 11.1 18 10 M M 10 1 26 10
27 42 31 37 -14 28 0 T M M 4.7 14 340 M M 10 1 18 10
28 49 33 41 -10 24 0 0.00 0.0 0 3.2 9 20 M M 7 12 30
29 45 32 39 -11 26 0 T M M 13.1 25 10 M M 7 34 10
30 53 27 40 -10 25 0 0.00 0.0 0 4.0 9 130 M M 0 18 13 130
31 66 36 51 1 14 0 0.00 0.0 0 13.2 24 190 M M 1 34 200
================================================================================
SM 1955 1290 410 26 1.45 M 291.3 M 135
================================================================================
AV 63.1 41.6 9.4 FASTST M M 4 MAX(MPH)
MISC ----> # 29 280 45 330
================================================================================
NOTES:
# LAST OF SEVERAL OCCURRENCES
COLUMN 17 PEAK WIND IN M.P.H.
PRELIMINARY LOCAL CLIMATOLOGICAL DATA (WS FORM: F-6) , PAGE 2
STATION: QUINCY IL
MONTH: OCTOBER
YEAR: 2020
LATITUDE: 39 57 N
LONGITUDE: 91 12 W
[TEMPERATURE DATA] [PRECIPITATION DATA] SYMBOLS USED IN COLUMN 16
AVERAGE MONTHLY: 52.3 TOTAL FOR MONTH: 1.45 1 = FOG OR MIST
DPTR FM NORMAL: -2.4 DPTR FM NORMAL: -1.56 2 = FOG REDUCING VISIBILITY
HIGHEST: 84 ON 22 GRTST 24HR 1.00 ON 23 TO 1/4 MILE OR LESS
LOWEST: 27 ON 30 3 = THUNDER
SNOW, ICE PELLETS, HAIL 4 = ICE PELLETS
TOTAL MONTH: M 5 = HAIL
GRTST 24HR M 6 = FREEZING RAIN OR DRIZZLE
GRTST DEPTH: M 7 = DUSTSTORM OR SANDSTORM:
VSBY 1/2 MILE OR LESS
8 = SMOKE OR HAZE
[NO. OF DAYS WITH] [WEATHER - DAYS WITH] 9 = BLOWING SNOW
X = TORNADO
MAX 32 OR BELOW: 0 0.01 INCH OR MORE: 6
MAX 90 OR ABOVE: 0 0.10 INCH OR MORE: 4
MIN 32 OR BELOW: 5 0.50 INCH OR MORE: 1
MIN 0 OR BELOW: 0 1.00 INCH OR MORE: 1
[HDD (BASE 65) ]
TOTAL THIS MO. 410 CLEAR (SCALE 0-3) 17
DPTR FM NORMAL 73 PTCLDY (SCALE 4-7) 5
TOTAL FM JUL 1 463 CLOUDY (SCALE 8-10) 9
DPTR FM NORMAL 41
[CDD (BASE 65) ]
TOTAL THIS MO. 26
DPTR FM NORMAL 9 [PRESSURE DATA]
TOTAL FM JAN 1 1171 HIGHEST SLP 30.39 ON 26
DPTR FM NORMAL 78 LOWEST SLP 29.55 ON 14
[REMARKS]
#FINAL-10-20#