000
CXUS53 KLSX 011729
CLSUIN
CLIMATE REPORT
NATIONAL WEATHER SERVICE ST LOUIS MO
1229 PM CDT WED JUN 01 2022
...................................
...THE QUINCY IL CLIMATE SUMMARY FOR THE SEASON, FROM
3/1/2022 TO 5/31/2022...
CLIMATE NORMAL PERIOD 1991 TO 2020
CLIMATE RECORD PERIOD 1901 TO 2022
WEATHER OBSERVED NORMAL DEPART LAST YEAR`S
VALUE DATE(S) VALUE FROM VALUE
NORMAL
..............................................................
TEMPERATURE (F)
RECORD
HIGH 103 05/30/1934
LOW -13 03/05/1960
HIGHEST 92 05/12
05/11
LOWEST 6 03/12
AVG. MAXIMUM 63.2 62.9 0.3
AVG. MINIMUM 43.3 43.0 0.3
MEAN 53.2 53.0 0.2
DAYS MAX >= 90 4
DAYS MAX <= 32 3
DAYS MAX >= 100 0
DAYS MIN <= 32 19
DAYS MIN <= 0 0
PRECIPITATION (INCHES)
RECORD
MAXIMUM 25.78 1973
MINIMUM 4.20 1956
TOTALS 9.84 10.82 -0.98
DAYS >= .01 M
DAYS >= .10 M
DAYS >= .50 6
DAYS >= 1.00 3
GREATEST
24 HR. TOTAL 1.20 03/30 TO 03/31
DEGREE DAYS
HEATING TOTAL 1226 1211 15
SINCE 7/1 5201 5474 -273
COOLING TOTAL 169 104 65
SINCE 1/1 169 103 66
..............................................................
WIND (MPH)
HIGHEST WIND SPEED/DIRECTION 40/200 DATE 03/05
HIGHEST GUST SPEED/DIRECTION 59/190 DATE 03/05
WEATHER CONDITIONS. NUMBER OF DAYS WITH
THUNDERSTORM 11 HAIL 0
FOG W/VIS <= 1/4 MILE 2
- INDICATES NEGATIVE NUMBERS.
R INDICATES RECORD WAS SET OR TIED.
MM INDICATES DATA IS MISSING.
T INDICATES TRACE AMOUNT.
...SEASONAL...
NO RECORDS OF NOTE.
...MONTHLY...
TIED 8TH MOST OCCURRENCES WITH A HIGH TEMPERATURE GREATER THAN OR EQUAL TO
90 DEGREES WITHIN THE MONTH OF MAY (4 DAYS).
TIED 3RD MOST OCCURRENCES WITH A LOW TEMPERATURE GREATER THAN OR EQUAL TO
70 DEGREES WITHIN THE MONTH OF MAY (4 DAYS).
TIED 3RD MOST DAYS WITH AT LEAST ONE INCH OF PRECIPITATION WITHIN
THE MONTH OF MARCH (2 DAYS).
...DAILY...
1 RECORD HIGH TEMPERATURE SET (92 DEGREES ON 05/11. PREVIOUS 88 IN
1914).
1 RECORD LOW TEMPERATURE TIED (26 DEGREES ON 04/19. ALSO SET IN 1983).
3 RECORD HIGH MINIMUM TEMPERATURES SET (05/12, 05/11, AND 05/10).
$$
GOSSELIN