000
CXUS53 KUNR 010930
CF6UNR
PRELIMINARY LOCAL CLIMATOLOGICAL DATA (WS FORM: F-6)
STATION: EAST RAPID CITY SD
MONTH: OCTOBER
YEAR: 2022
LATITUDE: 44 4 N
LONGITUDE: 103 13 W
TEMPERATURE IN F: :PCPN: SNOW: WIND :SUNSHINE: SKY :PK WND
================================================================================
1 2 3 4 5 6A 6B 7 8 9 10 11 12 13 14 15 16 17 18
12Z AVG MX 2MIN
DY MAX MIN AVG DEP HDD CDD WTR SNW DPTH SPD SPD DIR MIN PSBL S-S WX SPD DR
================================================================================
1 65 55 60 5 5 0 T 0.0 0 7.2 17 340 M M M 24 340
2 76 50 63 8 2 0 0.02 0.0 0 5.7 18 190 M M M 26 200
3 65 53 59 5 6 0 0.28 0.0 0 7.1 16 10 M M M 23 10
4 63 50 57 3 8 0 0.13 0.0 0 6.2 17 10 M M M 26 360
5 73 52 63 10 2 0 0.00 0.0 0 6.8 16 10 M M M 23 10
6 57 34 46 -7 19 0 0.05 0.0 0 5.7 13 40 M M M 12 16 10
7 51 33 42 -10 23 0 T 0.0 0 3.8 8 190 M M M 12 13 150
8 67 43 55 3 10 0 0.00 0.0 0 4.5 10 20 M M M 14 270
9 70 48 59 8 6 0 0.00 0.0 0 4.6 9 130 M M M 14 260
10 76 48 62 11 3 0 0.00 0.0 0 5.3 14 120 M M M 20 260
11 69 47 58 8 7 0 0.00 0.0 0 10.3 30 330 M M M 44 350
12 54 38 46 -4 19 0 0.02 0.0 0 16.0 31 330 M M M 47 340
13 59 44 52 3 13 0 0.00 0.0 0 19.2 37 340 M M M 55 320
14 65 51 58 9 7 0 0.00 0.0 0 13.1 31 360 M M M 49 360
15 62 46 54 6 11 0 T 0.0 0 13.1 26 330 M M M 39 330
16 52 36 44 -4 21 0 0.00 0.0 0 10.0 21 10 M M M 29 360
17 63 35 49 1 16 0 0.00 0.0 0 3.6 13 110 M M M 16 110
18 61 27 44 -3 21 0 0.00 0.0 0 4.6 12 130 M M M 15 130
19 71 41 56 9 9 0 0.00 0.0 0 9.9 26 340 M M M 41 350
20 81 53 67 21 0 2 0.00 0.0 0 5.3 14 300 M M M 20 280
21 74 43 59 13 6 0 0.00 0.0 0 7.7 22 340 M M M 35 340
22 64 47 56 10 9 0 0.00 0.0 0 4.7 14 120 M M M 20 300
23 52 40 46 1 19 0 T 0.0 0 12.9 31 330 M M M 52 360
24 44 32 38 -7 27 0 T T 0 9.2 24 300 M M M 41 320
25 54 34 44 -1 21 0 0.00 0.0 0 6.3 18 330 M M M 26 330
26 58 32 45 1 20 0 0.00 0.0 0 5.7 18 180 M M M 28 180
27 55 35 45 1 20 0 0.00 0.0 0 5.9 17 350 M M M 25 350
28 64 33 49 5 16 0 0.00 0.0 0 5.6 14 140 M M M 20 150
29 61 45 53 10 12 0 0.00 0.0 0 8.3 18 10 M M M 24 10
30 63 41 52 9 13 0 0.00 0.0 0 5.5 12 130 M M M 16 120
31 67 45 56 14 9 0 0.00 0.0 0 5.7 10 120 M M M 15 290
================================================================================
SM 1956 1311 380 2 0.50 T 239.5 M M
================================================================================
AV 63.1 42.3 7.7 FASTST M M M MAX(MPH)
MISC ----> 37 340 55 320
================================================================================
NOTES:
# LAST OF SEVERAL OCCURRENCES
COLUMN 17 PEAK WIND IN M.P.H.
PRELIMINARY LOCAL CLIMATOLOGICAL DATA (WS FORM: F-6) , PAGE 2
STATION: EAST RAPID CITY SD
MONTH: OCTOBER
YEAR: 2022
LATITUDE: 44 4 N
LONGITUDE: 103 13 W
[TEMPERATURE DATA] [PRECIPITATION DATA] SYMBOLS USED IN COLUMN 16
AVERAGE MONTHLY: 52.7 TOTAL FOR MONTH: 0.50 1 = FOG OR MIST
DPTR FM NORMAL: 4.4 DPTR FM NORMAL: -0.99 2 = FOG REDUCING VISIBILITY
HIGHEST: 81 ON 20 GRTST 24HR 0.28 ON 3- 3 TO 1/4 MILE OR LESS
LOWEST: 27 ON 18 3 = THUNDER
SNOW, ICE PELLETS, HAIL 4 = ICE PELLETS
TOTAL MONTH: T 5 = HAIL
GRTST 24HR T ON 24-24 6 = FREEZING RAIN OR DRIZZLE
GRTST DEPTH: 0 7 = DUSTSTORM OR SANDSTORM:
VSBY 1/2 MILE OR LESS
8 = SMOKE OR HAZE
[NO. OF DAYS WITH] [WEATHER - DAYS WITH] 9 = BLOWING SNOW
X = TORNADO
MAX 32 OR BELOW: 0 0.01 INCH OR MORE: 5
MAX 90 OR ABOVE: 0 0.10 INCH OR MORE: 2
MIN 32 OR BELOW: 3 0.50 INCH OR MORE: 0
MIN 0 OR BELOW: 0 1.00 INCH OR MORE: 0
[HDD (BASE 65) ]
TOTAL THIS MO. 380 CLEAR (SCALE 0-3) 0
DPTR FM NORMAL -142 PTCLDY (SCALE 4-7) 0
TOTAL FM JUL 1 442 CLOUDY (SCALE 8-10) 31
DPTR FM NORMAL -263
[CDD (BASE 65) ]
TOTAL THIS MO. 2
DPTR FM NORMAL -4 [PRESSURE DATA]
TOTAL FM JAN 1 1043 HIGHEST SLP M ON M
DPTR FM NORMAL 364 LOWEST SLP 29.00 ON 23
[REMARKS]
#FINAL-10-22#