000
CXUS54 KHGX 020713
CF6UTS
PRELIMINARY LOCAL CLIMATOLOGICAL DATA (WS FORM: F-6)
STATION: HUNTSVILLE
MONTH: MAY
YEAR: 2022
LATITUDE: 30 45 N
LONGITUDE: 95 35 W
TEMPERATURE IN F: :PCPN: SNOW: WIND :SUNSHINE: SKY :PK WND
================================================================================
1 2 3 4 5 6A 6B 7 8 9 10 11 12 13 14 15 16 17 18
12Z AVG MX 2MIN
DY MAX MIN AVG DEP HDD CDD WTR SNW DPTH SPD SPD DIR MIN PSBL S-S WX SPD DR
================================================================================
1 90 66 78 6 0 13 0.01 0.0 0 3.2 13 170 M M 4 13 19 170
2 92 74 83 11 0 18 0.00 0.0 0 9.1 20 180 M M 3 32 200
3 92 76 84 12 0 19 T 0.0 0 7.2 16 190 M M 5 23 190
4 90 75 83 11 0 18 0.00 0.0 0 6.6 15 170 M M 6 26 150
5 88 65 77 4 0 12 3.32 0.0 0 6.1 28 320 M M 7 123 44 320
6 88 60 74 1 0 9 0.00 0.0 0 1.9 8 190 M M 1 128 14 10
7 93 73 83 10 0 18 0.00 0.0 0 4.0 13 180 M M 5 128 20 160
8 95 76 86 12 0 21 0.00 0.0 0 8.6 17 190 M M 3 18 27 170
9 94 77 86 12 0 21 0.00 0.0 0 6.5 15 190 M M 3 25 160
10 93 76 85 11 0 20 0.00 0.0 0 5.2 13 180 M M 2 21 170
11 92 71 82 7 0 17 0.00 0.0 0 4.1 12 170 M M 1 1 18 200
12 92 68 80 5 0 15 0.00 0.0 M 4.3 12 180 M M 0 18 19 190
13 90 69 80 5 0 15 0.00 0.0 0 5.5 12 190 M M 1 19 220
14 91 73 82 6 0 17 0.00 0.0 0 5.1 13 200 M M 1 19 220
15 92 72 82 6 0 17 0.00 0.0 0 6.1 13 180 M M 1 21 190
16 93 73 83 7 0 18 T 0.0 M 3.6 16 190 M M 2 23 180
17 95 73 84 8 0 19 0.00 0.0 0 7.1 14 200 M M 1 21 170
18 98 76 87 10 0 22 0.00 0.0 0 10.4 20 190 M M 2 30 190
19 95 77 86 9 0 21 0.00 0.0 0 11.6 21 190 M M 3 30 170
20 98 77 88 11 0 23 0.00 0.0 0 11.2 23 190 M M 3 37 190
21 96 73 85 7 0 20 0.28 0.0 0 5.9 17 180 M M 4 13 29 170
22 76 66 71 -7 0 6 0.39 0.0 0 6.0 14 250 M M 9 13 23 240
23 83 67 75 -3 0 10 0.00 0.0 0 3.3 10 90 M M 6 1 18 90
24 83 71 77 -1 0 12 0.01 0.0 0 3.8 20 340 M M 7 138 31 330
25 81 63 72 -7 0 7 0.77 0.0 0 6.1 16 340 M M 3 13 26 330
26 93 63 78 -1 0 13 0.00 0.0 0 6.2 15 270 M M 0 24 240
27 95 66 81 2 0 16 0.00 0.0 0 3.0 10 320 M M 0 16 290
28 95 66 81 1 0 16 0.00 0.0 0 5.4 14 190 M M 0 21 200
29 95 76 86 6 0 21 0.00 0.0 0 9.0 18 200 M M 4 27 190
30 95 77 86 6 0 21 0.00 0.0 0 8.4 22 190 M M 3 32 200
31 94 79 87 7 0 22 0.00 0.0 0 5.5 13 180 M M 4 23 140
================================================================================
SM 2837 2214 0 517 4.78 0.0 190.0 M 94
================================================================================
AV 91.5 71.4 6.1 FASTST M M 3 MAX(MPH)
MISC ----> 28 320 44 320
================================================================================
NOTES:
# LAST OF SEVERAL OCCURRENCES
COLUMN 17 PEAK WIND IN M.P.H.
PRELIMINARY LOCAL CLIMATOLOGICAL DATA (WS FORM: F-6) , PAGE 2
STATION: HUNTSVILLE
MONTH: MAY
YEAR: 2022
LATITUDE: 30 45 N
LONGITUDE: 95 35 W
[TEMPERATURE DATA] [PRECIPITATION DATA] SYMBOLS USED IN COLUMN 16
AVERAGE MONTHLY: 81.5 TOTAL FOR MONTH: 4.78 1 = FOG OR MIST
DPTR FM NORMAL: 5.4 DPTR FM NORMAL: 0.75 2 = FOG REDUCING VISIBILITY
HIGHEST: 98 ON 20,18 GRTST 24HR 3.32 ON 5- 5 TO 1/4 MILE OR LESS
LOWEST: 60 ON 6 3 = THUNDER
SNOW, ICE PELLETS, HAIL 4 = ICE PELLETS
TOTAL MONTH: 0.0 INCH 5 = HAIL
GRTST 24HR 0.0 6 = FREEZING RAIN OR DRIZZLE
GRTST DEPTH: 0 7 = DUSTSTORM OR SANDSTORM:
VSBY 1/2 MILE OR LESS
8 = SMOKE OR HAZE
[NO. OF DAYS WITH] [WEATHER - DAYS WITH] 9 = BLOWING SNOW
X = TORNADO
MAX 32 OR BELOW: 0 0.01 INCH OR MORE: 6
MAX 90 OR ABOVE: 25 0.10 INCH OR MORE: 4
MIN 32 OR BELOW: 0 0.50 INCH OR MORE: 2
MIN 0 OR BELOW: 0 1.00 INCH OR MORE: 1
[HDD (BASE 65) ]
TOTAL THIS MO. 0 CLEAR (SCALE 0-3) 17
DPTR FM NORMAL -4 PTCLDY (SCALE 4-7) 13
TOTAL FM JUL 1 1312 CLOUDY (SCALE 8-10) 1
DPTR FM NORMAL -321
[CDD (BASE 65) ]
TOTAL THIS MO. 517
DPTR FM NORMAL 169 [PRESSURE DATA]
TOTAL FM JAN 1 842 HIGHEST SLP 30.18 ON 22
DPTR FM NORMAL 250 LOWEST SLP 29.64 ON 20
[REMARKS]
#FINAL-05-22#