000
CXUS55 KGJT 011707
CF6VEL
PRELIMINARY LOCAL CLIMATOLOGICAL DATA (WS FORM: F-6)
STATION: VERNAL UT
MONTH: FEBRUARY
YEAR: 2024
LATITUDE: 40 27 N
LONGITUDE: 109 31 W
TEMPERATURE IN F: :PCPN: SNOW: WIND :SUNSHINE: SKY :PK WND
================================================================================
1 2 3 4 5 6A 6B 7 8 9 10 11 12 13 14 15 16 17 18
12Z AVG MX 2MIN
DY MAX MIN AVG DEP HDD CDD WTR SNW DPTH SPD SPD DIR MIN PSBL S-S WX SPD DR
================================================================================
1 49 23 36 14 29 0 T M M 2.6 8 330 M M 5 10 330
2 47 37 42 20 23 0 0.11 M M 2.8 9 190 M M 10 1 13 200
3 41 34 38 15 27 0 T M M 2.6 9 110 M M 10 1 14 130
4 42 25 34 11 31 0 0.00 M M 4.1 16 220 M M 3 20 220
5 43 25 34 11 31 0 0.00 M M 2.5 9 330 M M 8 11 330
6 43 31 37 13 28 0 0.01 M M 2.0 8 310 M M 7 1 12 350
7 41 33 37 13 28 0 0.08 M M 5.0 22 240 M M 10 13 31 210
8 43 27 35 11 30 0 T M M 2.2 10 240 M M 6 128 14 290
9 40 27 34 9 31 0 0.12 M M 5.6 15 340 M M 7 12 19 350
10 35 8 22 -3 43 0 0.02 M M 7.8 17 50 M M 7 1 22 60
11 32 5 19 -7 46 0 0.00 M M 3.0 9 290 M M 2 10 290
12 35 9 22 -4 43 0 0.00 M M 3.3 7 280 M M 0 8 270
13 42 16 29 3 36 0 0.00 M M 2.4 7 290 M M 0 10 120
14 47 26 37 10 28 0 0.00 M M 5.0 21 260 M M 5 31 260
15 48 27 38 11 27 0 0.00 M M 3.5 13 60 M M 7 18 60
16 46 26 36 8 29 0 T M M 5.2 21 350 M M 3 31 360
17 35 17 26 -2 39 0 0.00 M M 4.5 15 70 M M 0 23 90
18 34 19 27 -2 38 0 0.02 M M 2.4 7 280 M M 6 128 10 80
19 45 17 31 2 34 0 0.00 M M 2.5 8 280 M M 3 10 280
20 40 29 35 5 30 0 0.11 M M 3.3 9 230 M M 9 1 11 230
21 47 35 41 11 24 0 T M M 4.2 18 20 M M 8 1 27 20
22 47 28 38 7 27 0 T M M 4.6 14 210 M M 5 20 220
23 47 23 35 4 30 0 0.00 M M 3.4 9 310 M M 1 13 130
24 50 22 36 4 29 0 0.00 M M 2.8 7 300 M M 0 11 130
25 59 23 41 9 24 0 0.00 M M 5.0 21 220 M M 0 25 230
26 60 24 42 9 23 0 0.00 M M 10.7 29 250 M M 3 40 240
27 44 18 31 -2 34 0 T M M 11.6 31 260 M M 4 42 260
28 41 14 28 -6 37 0 0.00 M M 3.4 10 120 M M 0 14 130
29 52 18 35 1 30 0 0.00 M M 3.6 12 210 M M 0 15 170
================================================================================
SM 1275 666 909 0 0.47 M 121.6 M 129
================================================================================
AV 44.0 23.0 4.2 FASTST M M 4 MAX(MPH)
MISC ----> 31 260 42 260
================================================================================
NOTES:
# LAST OF SEVERAL OCCURRENCES
COLUMN 17 PEAK WIND IN M.P.H.
PRELIMINARY LOCAL CLIMATOLOGICAL DATA (WS FORM: F-6) , PAGE 2
STATION: VERNAL UT
MONTH: FEBRUARY
YEAR: 2024
LATITUDE: 40 27 N
LONGITUDE: 109 31 W
[TEMPERATURE DATA] [PRECIPITATION DATA] SYMBOLS USED IN COLUMN 16
AVERAGE MONTHLY: 33.5 TOTAL FOR MONTH: 0.47 1 = FOG OR MIST
DPTR FM NORMAL: 6.2 DPTR FM NORMAL: -0.09 2 = FOG REDUCING VISIBILITY
HIGHEST: 60 ON 26 GRTST 24HR 0.14 ON 9-10 TO 1/4 MILE OR LESS
LOWEST: 5 ON 11 3 = THUNDER
SNOW, ICE PELLETS, HAIL 4 = ICE PELLETS
TOTAL MONTH: M 5 = HAIL
GRTST 24HR M ON M 6 = FREEZING RAIN OR DRIZZLE
GRTST DEPTH: M ON M 7 = DUSTSTORM OR SANDSTORM:
VSBY 1/2 MILE OR LESS
8 = SMOKE OR HAZE
[NO. OF DAYS WITH] [WEATHER - DAYS WITH] 9 = BLOWING SNOW
X = TORNADO
MAX 32 OR BELOW: 1 0.01 INCH OR MORE: 7
MAX 90 OR ABOVE: 0 0.10 INCH OR MORE: 3
MIN 32 OR BELOW: 25 0.50 INCH OR MORE: 0
MIN 0 OR BELOW: 0 1.00 INCH OR MORE: 0
[HDD (BASE 65) ]
TOTAL THIS MO. 909 CLEAR (SCALE 0-3) 12
DPTR FM NORMAL -146 PTCLDY (SCALE 4-7) 13
TOTAL FM JUL 1 4636 CLOUDY (SCALE 8-10) 4
DPTR FM NORMAL -750
[CDD (BASE 65) ]
TOTAL THIS MO. 0
DPTR FM NORMAL 0 [PRESSURE DATA]
TOTAL FM JAN 1 0 HIGHEST SLP 30.49 ON 17
DPTR FM NORMAL 0 LOWEST SLP 29.38 ON 27
[REMARKS]
#FINAL-02-24#