000
CXUS52 KTAE 010800
CF6VLD
PRELIMINARY LOCAL CLIMATOLOGICAL DATA (WS FORM: F-6)
STATION: VALDOSTA
MONTH: APRIL
YEAR: 2023
LATITUDE: 30 46 N
LONGITUDE: 83 17 W
TEMPERATURE IN F: :PCPN: SNOW: WIND :SUNSHINE: SKY :PK WND
================================================================================
1 2 3 4 5 6A 6B 7 8 9 10 11 12 13 14 15 16 17 18
12Z AVG MX 2MIN
DY MAX MIN AVG DEP HDD CDD WTR SNW DPTH SPD SPD DIR MIN PSBL S-S WX SPD DR
================================================================================
1 85 60 73 10 0 8 0.01 0.0 0 5.1 15 200 M M 4 26 220
2 82 56 69 6 0 4 0.00 0.0 0 2.1 12 360 M M 3 12 14 10
3 78 55 67 4 0 2 0.37 0.0 0 5.8 24 20 M M 2 13 29 20
4 85 61 73 9 0 8 0.01 0.0 0 3.4 13 150 M M 5 12 17 180
5 91 66 79 15 0 14 0.01 0.0 0 3.9 15 170 M M 3 18 20 170
6 89 66 78 14 0 13 0.00 0.0 0 3.9 10 170 M M 1 1 14 180
7 87 65 76 12 0 11 0.03 0.0 0 4.0 13 360 M M 5 13 17 10
8 72 53 63 -1 2 0 0.44 0.0 0 9.0 15 10 M M 10 1 19 10
9 60 49 55 -10 10 0 0.01 0.0 0 10.1 18 40 M M 10 18 24 50
10 73 55 64 -1 1 0 0.00 0.0 0 10.4 20 30 M M 7 27 20
11 77 56 67 2 0 2 T 0.0 0 7.7 18 110 M M 4 25 30
12 79 56 68 3 0 3 0.00 M M 7.5 16 130 M M 2 25 140
13 83 65 74 8 0 9 0.06 M M 7.6 16 190 M M 7 13 25 190
14 85 57 71 5 0 6 T 0.0 0 2.9 13 200 M M 3 12 18 190
15 87 53 70 4 0 5 1.02 0.0 0 1.5 8 290 M M 2 123 21 240
16 84 62 73 7 0 8 0.59 0.0 0 1.6 15 360 M M 6 123 25 360
17 76 49 63 -3 2 0 0.00 0.0 0 3.2 21 360 M M 1 26 360
18 81 42 62 -5 3 0 0.00 0.0 0 3.5 14 10 M M 0 17 30
19 86 47 67 0 0 2 0.00 0.0 0 3.9 15 150 M M 0 1 22 140
20 87 50 69 2 0 4 0.00 0.0 M 4.6 14 140 M M 0 20 150
21 85 54 70 2 0 5 0.00 0.0 M 4.0 16 170 M M 1 21 180
22 86 54 70 2 0 5 T 0.0 M 2.5 15 360 M M 2 18 10
23 82 46 64 -4 1 0 0.00 0.0 0 3.3 15 50 M M 0 20 40
24 72 56 64 -4 1 0 0.02 0.0 M 4.6 14 30 M M 4 17 30
25 84 59 72 4 0 7 0.02 0.0 0 4.8 12 30 M M 6 3 16 100
26 86 63 75 6 0 10 0.00 0.0 0 4.3 16 140 M M 5 21 130
27 81 64 73 4 0 8 0.85 0.0 0 4.4 23 20 M M 5 13 31 220
28 88 64 76 7 0 11 T 0.0 0 3.5 12 220 M M 6 13 19 230
29 85 63 74 5 0 9 0.23 M M 4.2 15 180 M M 5 13 23 220
30 78 60 69 -1 0 4 0.09 0.0 0 2.7 8 280 M M 5 1 18 270
================================================================================
SM 2454 1706 20 158 3.76 0.0 140.0 M 114
================================================================================
AV 81.8 56.9 4.7 FASTST M M 4 MAX(MPH)
MISC ----> 24 20 31 220
================================================================================
NOTES:
# LAST OF SEVERAL OCCURRENCES
COLUMN 17 PEAK WIND IN M.P.H.
PRELIMINARY LOCAL CLIMATOLOGICAL DATA (WS FORM: F-6) , PAGE 2
STATION: VALDOSTA
MONTH: APRIL
YEAR: 2023
LATITUDE: 30 46 N
LONGITUDE: 83 17 W
[TEMPERATURE DATA] [PRECIPITATION DATA] SYMBOLS USED IN COLUMN 16
AVERAGE MONTHLY: 69.3 TOTAL FOR MONTH: 3.76 1 = FOG OR MIST
DPTR FM NORMAL: 3.1 DPTR FM NORMAL: 0.10 2 = FOG REDUCING VISIBILITY
HIGHEST: 91 ON 5 GRTST 24HR 1.60 ON 15-16 TO 1/4 MILE OR LESS
LOWEST: 42 ON 18 3 = THUNDER
SNOW, ICE PELLETS, HAIL 4 = ICE PELLETS
TOTAL MONTH: 0.0 INCH 5 = HAIL
GRTST 24HR 0.0 6 = FREEZING RAIN OR DRIZZLE
GRTST DEPTH: 0 7 = DUSTSTORM OR SANDSTORM:
VSBY 1/2 MILE OR LESS
8 = SMOKE OR HAZE
[NO. OF DAYS WITH] [WEATHER - DAYS WITH] 9 = BLOWING SNOW
X = TORNADO
MAX 32 OR BELOW: 0 0.01 INCH OR MORE: 15
MAX 90 OR ABOVE: 1 0.10 INCH OR MORE: 6
MIN 32 OR BELOW: 0 0.50 INCH OR MORE: 3
MIN 0 OR BELOW: 0 1.00 INCH OR MORE: 1
[HDD (BASE 65) ]
TOTAL THIS MO. 20 CLEAR (SCALE 0-3) 14
DPTR FM NORMAL -42 PTCLDY (SCALE 4-7) 14
TOTAL FM JUL 1 1009 CLOUDY (SCALE 8-10) 2
DPTR FM NORMAL -636
[CDD (BASE 65) ]
TOTAL THIS MO. 158
DPTR FM NORMAL 60 [PRESSURE DATA]
TOTAL FM JAN 1 413 HIGHEST SLP 30.31 ON 10
DPTR FM NORMAL 260 LOWEST SLP 29.53 ON 30
[REMARKS]
#FINAL-04-23#