000
CXUS52 KTAE 230800
CF6VLD
PRELIMINARY LOCAL CLIMATOLOGICAL DATA (WS FORM: F-6)
STATION: VALDOSTA
MONTH: APRIL
YEAR: 2024
LATITUDE: 30 46 N
LONGITUDE: 83 17 W
TEMPERATURE IN F: :PCPN: SNOW: WIND :SUNSHINE: SKY :PK WND
================================================================================
1 2 3 4 5 6A 6B 7 8 9 10 11 12 13 14 15 16 17 18
12Z AVG MX 2MIN
DY MAX MIN AVG DEP HDD CDD WTR SNW DPTH SPD SPD DIR MIN PSBL S-S WX SPD DR
================================================================================
1 82 59 71 8 0 6 0.00 0.0 M 3.4 13 190 M M 2 12 20 180
2 84 66 75 12 0 10 0.00 0.0 M 5.6 12 190 M M 6 1 22 240
3 77 58 68 5 0 3 0.25 0.0 M 6.2 21 290 M M 6 13 34 190
4 74 46 60 -4 5 0 0.00 0.0 0 3.8 12 270 M M 0 21 270
5 78 46 62 -2 3 0 0.00 0.0 0 3.5 17 270 M M 0 18 320
6 71 44 58 -6 7 0 0.00 0.0 M 2.9 12 360 M M 0 18 30
7 77 42 60 -4 5 0 0.00 0.0 M 2.8 9 150 M M 0 1 15 140
8 81 52 67 3 0 2 0.00 0.0 0 4.7 15 170 M M 0 20 160
9 82 60 71 6 0 6 T 0.0 0 5.5 18 180 M M 3 27 180
10 85 63 74 9 0 9 1.07 0.0 M 8.4 20 180 M M 4 1 28 170
11 82 62 72 7 0 7 5.55 0.0 M 9.9 21 160 M M 6 123 30 160
12 79 54 67 2 0 2 0.00 0.0 M 5.0 23 290 M M 0 29 270
13 81 48 65 -1 0 0 0.00 0.0 M 1.9 15 10 M M 0 22 360
14 87 52 70 4 0 5 0.00 0.0 M 1.2 9 190 M M 0 15 190
15 86 57 72 6 0 7 0.00 0.0 0 1.8 12 230 M M 0 17 180
16 86 55 71 5 0 6 0.00 0.0 M 2.3 9 170 M M 0 14 170
17 88 60 74 8 0 9 0.00 0.0 0 3.0 14 180 M M 0 23 190
18 81 63 72 5 0 7 T 0.0 0 1.1 9 160 M M 0 1 12 140
19 89 63 76 9 0 11 0.00 0.0 0 1.2 9 340 M M 2 12 17 10
20 90 64 77 10 0 12 T 0.0 0 1.8 8 200 M M 2 12 14 220
21 83 60 72 4 0 7 0.10 0.0 M 3.6 14 10 M M 6 138 23 280
22 73 51 62 -6 3 0 T 0.0 M 6.5 16 30 M M 4 1 22 10
================================================================================
SM 1796 1225 23 109 6.97 0.0 86.1 M 41
================================================================================
AV 81.6 55.7 3.9 FASTST M M 2 MAX(MPH)
MISC ----> 23 290 34 190
================================================================================
NOTES:
# LAST OF SEVERAL OCCURRENCES
COLUMN 17 PEAK WIND IN M.P.H.
PRELIMINARY LOCAL CLIMATOLOGICAL DATA (WS FORM: F-6) , PAGE 2
STATION: VALDOSTA
MONTH: APRIL
YEAR: 2024
LATITUDE: 30 46 N
LONGITUDE: 83 17 W
[TEMPERATURE DATA] [PRECIPITATION DATA] SYMBOLS USED IN COLUMN 16
AVERAGE MONTHLY: 68.7 TOTAL FOR MONTH: 6.97 1 = FOG OR MIST
DPTR FM NORMAL: 3.4 DPTR FM NORMAL: 4.12 2 = FOG REDUCING VISIBILITY
HIGHEST: 90 ON 20 GRTST 24HR 6.62 ON 10-11 TO 1/4 MILE OR LESS
LOWEST: 42 ON 7 3 = THUNDER
SNOW, ICE PELLETS, HAIL 4 = ICE PELLETS
TOTAL MONTH: 0.0 INCH 5 = HAIL
GRTST 24HR 0.0 6 = FREEZING RAIN OR DRIZZLE
GRTST DEPTH: 0 7 = DUSTSTORM OR SANDSTORM:
VSBY 1/2 MILE OR LESS
8 = SMOKE OR HAZE
[NO. OF DAYS WITH] [WEATHER - DAYS WITH] 9 = BLOWING SNOW
X = TORNADO
MAX 32 OR BELOW: 0 0.01 INCH OR MORE: 4
MAX 90 OR ABOVE: 1 0.10 INCH OR MORE: 4
MIN 32 OR BELOW: 0 0.50 INCH OR MORE: 2
MIN 0 OR BELOW: 0 1.00 INCH OR MORE: 2
[HDD (BASE 65) ]
TOTAL THIS MO. 23 CLEAR (SCALE 0-3) 16
DPTR FM NORMAL -33 PTCLDY (SCALE 4-7) 6
TOTAL FM JUL 1 1102 CLOUDY (SCALE 8-10) 0
DPTR FM NORMAL -535
[CDD (BASE 65) ]
TOTAL THIS MO. 109
DPTR FM NORMAL 48 [PRESSURE DATA]
TOTAL FM JAN 1 233 HIGHEST SLP M ON M
DPTR FM NORMAL 117 LOWEST SLP 29.57 ON 3
[REMARKS]