000
CXUS56 KLOX 011255
CF6VNY
PRELIMINARY LOCAL CLIMATOLOGICAL DATA (WS FORM: F-6)
STATION: VAN NUYS AIRPORT CA
MONTH: JANUARY
YEAR: 2022
LATITUDE: 34 13 N
LONGITUDE: 118 29 W
TEMPERATURE IN F: :PCPN: SNOW: WIND :SUNSHINE: SKY :PK WND
================================================================================
1 2 3 4 5 6A 6B 7 8 9 10 11 12 13 14 15 16 17 18
12Z AVG MX 2MIN
DY MAX MIN AVG DEP HDD CDD WTR SNW DPTH SPD SPD DIR MIN PSBL S-S WX SPD DR
================================================================================
1 61 46 54 -3 11 0 0.00 M M 13.5 23 360 M M 0 30 10
2 63 41 52 -5 13 0 0.00 M M 9.7 18 350 M M 0 24 350
3 67 35 51 -6 14 0 0.00 M M 1.0 10 160 M M 0 8 13 150
4 68 37 53 -4 12 0 0.00 M M 2.2 14 310 M M 0 21 290
5 75 48 62 5 3 0 0.00 M M 8.3 24 350 M M 0 31 20
6 79 46 63 6 2 0 0.00 M M 0.9 9 140 M M 0 11 160
7 64 44 54 -3 11 0 0.00 M M 3.9 13 150 M M 2 8 16 130
8 64 47 56 -1 9 0 0.00 M M 2.2 10 170 M M 3 18 13 160
9 75 42 59 2 6 0 0.00 M M 5.0 15 10 M M 0 18 20 10
10 69 58 64 7 1 0 0.00 M M 15.4 24 360 M M 0 32 360
11 77 52 65 8 0 0 0.00 M M 13.2 24 350 M M 0 30 360
12 77 49 63 6 2 0 0.00 M M 5.8 17 350 M M 0 26 350
13 70 53 62 5 3 0 T M M 1.9 9 180 M M 3 11 180
14 79 49 64 7 1 0 0.00 M M 5.3 16 30 M M 0 22 50
15 71 57 64 7 1 0 0.01 M M 4.1 12 250 M M 6 16 250
16 75 53 64 7 1 0 0.00 M M 2.1 9 170 M M 6 11 170
17 63 55 59 2 6 0 0.13 M M 2.4 10 180 M M 9 1 13 170
18 64 53 59 2 6 0 0.00 M M 1.7 12 170 M M 7 18 13 160
19 65 49 57 0 8 0 0.00 M M 2.4 9 160 M M 3 18 12 160
20 78 46 62 5 3 0 0.00 M M 5.1 18 360 M M 0 18 24 10
21 75 45 60 3 5 0 0.00 M M 9.9 32 30 M M 0 8 44 20
22 69 59 64 7 1 0 0.00 M M 20.7 36 20 M M 0 48 20
23 76 58 67 10 0 2 0.00 M M 13.8 21 350 M M 0 26 350
24 73 50 62 5 3 0 0.00 M M 5.2 17 340 M M 0 22 350
25 71 43 57 0 8 0 0.00 M M 2.4 12 160 M M 0 15 150
26 70 40 55 -2 10 0 0.00 M M 4.9 17 360 M M 0 8 22 350
27 72 43 58 1 7 0 0.00 M M 2.7 13 350 M M 0 17 350
28 73 45 59 2 6 0 0.00 M M 9.4 20 360 M M 0 25 350
29 65 48 57 0 8 0 0.00 M M 5.2 16 350 M M 1 20 350
30 76 43 60 3 5 0 0.00 M M 4.6 16 340 M M 0 21 330
31 64 43 54 -3 11 0 0.00 M M 1.2 8 170 M M 1 10 160
================================================================================
SM 2188 1477 177 2 0.14 M 186.1 M 41
================================================================================
AV 70.6 47.6 6.0 FASTST M M 1 MAX(MPH)
MISC ----> 36 20 48 20
================================================================================
NOTES:
# LAST OF SEVERAL OCCURRENCES
COLUMN 17 PEAK WIND IN M.P.H.
PRELIMINARY LOCAL CLIMATOLOGICAL DATA (WS FORM: F-6) , PAGE 2
STATION: VAN NUYS AIRPORT CA
MONTH: JANUARY
YEAR: 2022
LATITUDE: 34 13 N
LONGITUDE: 118 29 W
[TEMPERATURE DATA] [PRECIPITATION DATA] SYMBOLS USED IN COLUMN 16
AVERAGE MONTHLY: 59.1 TOTAL FOR MONTH: 0.14 1 = FOG OR MIST
DPTR FM NORMAL: 1.9 DPTR FM NORMAL: -2.61 2 = FOG REDUCING VISIBILITY
HIGHEST: 79 ON 14, 6 GRTST 24HR 0.13 ON 17-17 TO 1/4 MILE OR LESS
LOWEST: 35 ON 3 3 = THUNDER
SNOW, ICE PELLETS, HAIL 4 = ICE PELLETS
TOTAL MONTH: M 5 = HAIL
GRTST 24HR M ON M 6 = FREEZING RAIN OR DRIZZLE
GRTST DEPTH: M ON M 7 = DUSTSTORM OR SANDSTORM:
VSBY 1/2 MILE OR LESS
8 = SMOKE OR HAZE
[NO. OF DAYS WITH] [WEATHER - DAYS WITH] 9 = BLOWING SNOW
X = TORNADO
MAX 32 OR BELOW: 0 0.01 INCH OR MORE: 2
MAX 90 OR ABOVE: 0 0.10 INCH OR MORE: 1
MIN 32 OR BELOW: 0 0.50 INCH OR MORE: 0
MIN 0 OR BELOW: 0 1.00 INCH OR MORE: 0
[HDD (BASE 65) ]
TOTAL THIS MO. 177 CLEAR (SCALE 0-3) 26
DPTR FM NORMAL -77 PTCLDY (SCALE 4-7) 4
TOTAL FM JUL 1 562 CLOUDY (SCALE 8-10) 1
DPTR FM NORMAL -122
[CDD (BASE 65) ]
TOTAL THIS MO. 2
DPTR FM NORMAL -8 [PRESSURE DATA]
TOTAL FM JAN 1 2 HIGHEST SLP 30.33 ON 10
DPTR FM NORMAL -8 LOWEST SLP 29.85 ON 7
[REMARKS]
#FINAL-01-22#