000
CXUS56 KLOX 011255
CF6VNY
PRELIMINARY LOCAL CLIMATOLOGICAL DATA (WS FORM: F-6)
STATION: VAN NUYS AIRPORT CA
MONTH: JANUARY
YEAR: 2024
LATITUDE: 34 13 N
LONGITUDE: 118 29 W
TEMPERATURE IN F: :PCPN: SNOW: WIND :SUNSHINE: SKY :PK WND
================================================================================
1 2 3 4 5 6A 6B 7 8 9 10 11 12 13 14 15 16 17 18
12Z AVG MX 2MIN
DY MAX MIN AVG DEP HDD CDD WTR SNW DPTH SPD SPD DIR MIN PSBL S-S WX SPD DR
================================================================================
1 66 44 55 -2 10 0 0.00 M M 2.9 10 20 M M M 18 17 20
2 66 42 54 -3 11 0 0.00 M M 2.5 10 190 M M M 19 150
3 61 48 55 -2 10 0 0.36 M M 5.2 17 350 M M 1 28 26 10
4 60 47 54 -3 11 0 0.00 M M 10.3 29 360 M M 0 38 10
5 68 42 55 -2 10 0 0.00 M M 4.8 18 350 M M 0 8 24 360
6 64 42 53 -4 12 0 0.00 M M 4.6 16 10 M M 0 20 10
7 55 45 50 -7 15 0 T M M 17.2 35 350 M M 1 49 350
8 60 42 51 -6 14 0 0.00 M M 12.1 23 360 M M 0 32 360
9 64 36 50 -7 15 0 0.00 M M 1.7 10 170 M M 0 13 140
10 63 37 50 -7 15 0 0.00 M M 3.4 16 10 M M 0 24 20
11 61 42 52 -5 13 0 0.00 M M 11.8 29 360 M M 2 43 10
12 63 36 50 -7 15 0 0.00 M M 1.5 10 170 M M 0 14 150
13 65 39 52 -5 13 0 0.00 M M 2.3 13 160 M M 0 16 150
14 64 40 52 -5 13 0 0.00 M M 1.9 7 100 M M 1 13 110
15 69 43 56 -1 9 0 0.00 M M 1.3 7 140 M M 0 18 12 120
16 73 42 58 1 7 0 0.00 M M 1.1 9 150 M M 0 18 12 180
17 58 49 54 -3 11 0 0.00 M M 1.3 7 170 M M 8 18 9 190
18 67 46 57 0 8 0 0.00 M M 1.5 8 180 M M 2 18 13 110
19 69 49 59 2 6 0 0.01 M M 3.5 13 180 M M 2 18 16 180
20 58 54 56 -1 9 0 0.37 M M 3.9 10 110 M M 10 18 16 90
21 63 54 59 2 6 0 T M M 3.1 10 170 M M 9 1 15 100
22 59 51 55 -2 10 0 0.62 M M 5.8 16 120 M M 9 1 30 130
23 68 48 58 1 7 0 0.00 M M 9.0 26 340 M M 1 12 37 320
24 61 46 54 -3 11 0 0.00 M M 1.5 10 180 M M 5 13 180
25 70 54 62 5 3 0 T M M 4.6 18 10 M M 5 1 26 340
26 74 46 60 3 5 0 0.00 M M 10.4 21 350 M M 0 29 350
27 78 61 70 13 0 5 0.00 M M 13.9 28 350 M M 0 38 340
28 80 56 68 11 0 3 0.00 M M 7.2 21 10 M M 0 30 350
29 79 49 64 7 1 0 0.00 M M 2.2 12 170 M M 0 16 160
30 78 47 63 6 2 0 0.00 M M 1.8 10 160 M M 0 14 160
31 68 52 60 3 5 0 0.00 M M 6.0 15 120 M M 1 18 22 140
================================================================================
SM 2052 1429 277 8 1.36 M 160.3 M 57
================================================================================
AV 66.2 46.1 5.2 FASTST M M 2 MAX(MPH)
MISC ----> 35 350 49 350
================================================================================
NOTES:
# LAST OF SEVERAL OCCURRENCES
COLUMN 17 PEAK WIND IN M.P.H.
PRELIMINARY LOCAL CLIMATOLOGICAL DATA (WS FORM: F-6) , PAGE 2
STATION: VAN NUYS AIRPORT CA
MONTH: JANUARY
YEAR: 2024
LATITUDE: 34 13 N
LONGITUDE: 118 29 W
[TEMPERATURE DATA] [PRECIPITATION DATA] SYMBOLS USED IN COLUMN 16
AVERAGE MONTHLY: 56.1 TOTAL FOR MONTH: 1.36 1 = FOG OR MIST
DPTR FM NORMAL: -1.1 DPTR FM NORMAL: -1.39 2 = FOG REDUCING VISIBILITY
HIGHEST: 80 ON 28 GRTST 24HR 0.76 ON 20-20 TO 1/4 MILE OR LESS
LOWEST: 36 ON 12, 9 3 = THUNDER
SNOW, ICE PELLETS, HAIL 4 = ICE PELLETS
TOTAL MONTH: M 5 = HAIL
GRTST 24HR M ON M 6 = FREEZING RAIN OR DRIZZLE
GRTST DEPTH: M ON M 7 = DUSTSTORM OR SANDSTORM:
VSBY 1/2 MILE OR LESS
8 = SMOKE OR HAZE
[NO. OF DAYS WITH] [WEATHER - DAYS WITH] 9 = BLOWING SNOW
X = TORNADO
MAX 32 OR BELOW: 0 0.01 INCH OR MORE: 4
MAX 90 OR ABOVE: 0 0.10 INCH OR MORE: 3
MIN 32 OR BELOW: 0 0.50 INCH OR MORE: 1
MIN 0 OR BELOW: 0 1.00 INCH OR MORE: 0
[HDD (BASE 65) ]
TOTAL THIS MO. 277 CLEAR (SCALE 0-3) 23
DPTR FM NORMAL 23 PTCLDY (SCALE 4-7) 2
TOTAL FM JUL 1 475 CLOUDY (SCALE 8-10) 6
DPTR FM NORMAL -209
[CDD (BASE 65) ]
TOTAL THIS MO. 8
DPTR FM NORMAL -2 [PRESSURE DATA]
TOTAL FM JAN 1 8 HIGHEST SLP M ON M
DPTR FM NORMAL -2 LOWEST SLP 29.69 ON 22
[REMARKS]
#FINAL-01-24#