000
CXUS52 KFFC 011110
CF6VPC
PRELIMINARY LOCAL CLIMATOLOGICAL DATA (WS FORM: F-6)
STATION: CARTERSVILLE
MONTH: NOVEMBER
YEAR: 2022
LATITUDE: 34 7 N
LONGITUDE: 84 51 W
TEMPERATURE IN F: :PCPN: SNOW: WIND :SUNSHINE: SKY :PK WND
================================================================================
1 2 3 4 5 6A 6B 7 8 9 10 11 12 13 14 15 16 17 18
12Z AVG MX 2MIN
DY MAX MIN AVG DEP HDD CDD WTR SNW DPTH SPD SPD DIR MIN PSBL S-S WX SPD DR
================================================================================
1 72 48 60 5 5 0 0.00 M M 1.2 8 350 M M 5 12 13 99
2 73 55 64 9 1 0 0.00 M M 0.7 8 80 M M 4 17 160
3 75 52 64 9 1 0 0.00 M M 1.8 8 100 M M 6 16 100
4 77 54 66 12 0 1 0.00 M M 3.4 12 70 M M 1 16 120
5 77 61 69 15 0 4 0.07 M M 4.7 12 130 M M 7 20 140
6 82 61 72 18 0 7 0.00 M M 0.7 8 160 M M 7 12 160
7 82 61 72 19 0 7 0.00 M M 0.8 6 99 M M 6 1 14 99
8 81 59 70 17 0 5 0.00 M M 2.3 10 100 M M 4 1 18 100
9 68 54 61 8 4 0 0.00 M M 9.4 15 100 M M 4 24 100
10 72 57 65 13 0 0 0.00 M M 8.2 15 60 M M 9 25 90
11 66 61 64 12 1 0 0.99 M M 6.2 14 270 M M 10 1 21 70
12 66 46 56 4 9 0 0.00 M M 4.6 13 280 M M 7 12 20 270
13 43 32 38 -13 27 0 0.00 M M 5.1 12 340 M M 0 18 340
14 52 27 40 -11 25 0 0.00 M M 5.5 14 110 M M 3 21 110
15 48 45 47 -4 18 0 0.97 M M 6.3 16 130 M M 10 1 24 130
16 50 36 43 -7 22 0 0.00 M M 5.6 10 300 M M 5 16 300
17 45 28 37 -13 28 0 0.00 M M 2.3 8 320 M M 2 15 99
18 52 25 39 -11 26 0 0.00 M M 1.2 8 270 M M 2 15 320
19 50 28 39 -11 26 0 0.00 M M 2.2 8 270 M M 2 1 13 240
20 45 28 37 -12 28 0 0.00 M M 4.9 9 290 M M 0 16 340
21 57 23 40 -9 25 0 0.00 M M 1.0 8 80 M M 2 M M
22 61 36 49 0 16 0 0.00 M M 0.3 5 99 M M 5 18 M M
23 68 32 50 1 15 0 0.00 M M 0.1 4 210 M M 3 M M
24 64 46 55 7 10 0 0.00 M M 5.3 12 100 M M 8 18 100
25 64 48 56 8 9 0 0.10 0.0 M 1.6 7 90 M M 5 1 15 99
26 70 41 56 8 9 0 0.02 M M 5.8 13 120 M M 6 12 23 120
27 64 55 60 12 5 0 0.23 M M 8.3 17 270 M M 8 27 260
28 63 41 52 4 13 0 0.00 M M 1.9 9 270 M M 5 13 270
29 72 39 56 9 9 0 0.41 M M 7.0 13 130 M M 4 18 23 130
30 63 39 51 4 14 0 1.91 M M 5.6 16 280 M M 5 1 22 280
================================================================================
SM 1922 1318 346 24 4.70 0.0 114.1 M 145
================================================================================
AV 64.1 43.9 3.8 FASTST M M 5 MAX(MPH)
MISC ----> 17 270 27 260
================================================================================
NOTES:
# LAST OF SEVERAL OCCURRENCES
COLUMN 17 PEAK WIND IN M.P.H.
PRELIMINARY LOCAL CLIMATOLOGICAL DATA (WS FORM: F-6) , PAGE 2
STATION: CARTERSVILLE
MONTH: NOVEMBER
YEAR: 2022
LATITUDE: 34 7 N
LONGITUDE: 84 51 W
[TEMPERATURE DATA] [PRECIPITATION DATA] SYMBOLS USED IN COLUMN 16
AVERAGE MONTHLY: 54.0 TOTAL FOR MONTH: 4.70 1 = FOG OR MIST
DPTR FM NORMAL: 3.2 DPTR FM NORMAL: 0.64 2 = FOG REDUCING VISIBILITY
HIGHEST: 82 ON 7, 6 GRTST 24HR 1.91 ON 30-30 TO 1/4 MILE OR LESS
LOWEST: 23 ON 21 3 = THUNDER
SNOW, ICE PELLETS, HAIL 4 = ICE PELLETS
TOTAL MONTH: 0.0 INCH 5 = HAIL
GRTST 24HR 0.0 6 = FREEZING RAIN OR DRIZZLE
GRTST DEPTH: M ON M 7 = DUSTSTORM OR SANDSTORM:
VSBY 1/2 MILE OR LESS
8 = SMOKE OR HAZE
[NO. OF DAYS WITH] [WEATHER - DAYS WITH] 9 = BLOWING SNOW
X = TORNADO
MAX 32 OR BELOW: 0 0.01 INCH OR MORE: 8
MAX 90 OR ABOVE: 0 0.10 INCH OR MORE: 6
MIN 32 OR BELOW: 8 0.50 INCH OR MORE: 3
MIN 0 OR BELOW: 0 1.00 INCH OR MORE: 1
[HDD (BASE 65) ]
TOTAL THIS MO. 346 CLEAR (SCALE 0-3) 9
DPTR FM NORMAL -85 PTCLDY (SCALE 4-7) 17
TOTAL FM JUL 1 537 CLOUDY (SCALE 8-10) 4
DPTR FM NORMAL -63
[CDD (BASE 65) ]
TOTAL THIS MO. 24
DPTR FM NORMAL 19 [PRESSURE DATA]
TOTAL FM JAN 1 1911 HIGHEST SLP M ON M
DPTR FM NORMAL 283 LOWEST SLP M ON M
[REMARKS]
#FINAL-11-22#