000
CXUS53 KLBF 011124
CLMVTN
CLIMATE REPORT
NATIONAL WEATHER SERVICE NORTH PLATTE NE
624 AM CDT WED NOV 01 2023
...................................
...THE VALENTINE CLIMATE SUMMARY FOR THE MONTH OF OCTOBER 2023...
CLIMATE NORMAL PERIOD 1991 TO 2020
CLIMATE RECORD PERIOD 1885 TO 2023
WEATHER OBSERVED NORMAL DEPART LAST YEAR`S
VALUE DATE(S) VALUE FROM VALUE DATE(S)
NORMAL
................................................................
TEMPERATURE (F)
RECORD
HIGH 96 10/06/1993
10/05/1990
10/04/1922
LOW -6 10/28/1925
HIGHEST 88 10/02 86 2 88 10/02
LOWEST 6 10/31 15 -9 16 10/18
AVG. MAXIMUM 61.6 64.5 -2.9 67.3
AVG. MINIMUM 35.1 34.2 0.9 32.4
MEAN 48.3 49.3 -1.0 49.8
DAYS MAX >= 90 0 0.6 -0.6 0
DAYS MAX <= 32 2 0.6 1.4 0
DAYS MIN <= 32 11 13.0 -2.0 18
DAYS MIN <= 0 0 0.1 -0.1 0
PRECIPITATION (INCHES)
RECORD
MAXIMUM 4.81 1911
MINIMUM 0.00 1895
TOTALS 3.29 1.42 1.87 0.21
DAILY AVG. 0.11 0.05 0.06 0.01
DAYS >= .01 7 7.2 -0.2 2
DAYS >= .10 2 3.3 -1.3 1
DAYS >= .50 1 0.8 0.2 0
DAYS >= 1.00 1 0.1 0.9 0
GREATEST
24 HR. TOTAL 2.81 10/12 TO 10/13 0.18 10/02 TO 10/03
SNOWFALL (INCHES)
RECORDS
TOTAL 18.5 1906
TOTALS T 2.0 -2.0 0.0
SINCE 7/1 T 2.0 -2.0 MM
SNOWDEPTH AVG. 0 0
DAYS >= 1.0 0 0.7 -0.7 0
GREATEST
SNOW DEPTH 0 0 MM
24 HR TOTAL T 10/28 TO 10/29
DEGREE DAYS
HEATING TOTAL 531 492 39 472
SINCE 7/1 603 637 -34 MM
COOLING TOTAL 24 6 18 10
SINCE 1/1 877 926 -49 MM
................................................................
WIND (MPH)
AVERAGE WIND SPEED 10.5
HIGHEST WIND SPEED/DIRECTION 37/160 DATE 10/22
HIGHEST GUST SPEED/DIRECTION 52/010 DATE 10/12
52/360 10/13
SKY COVER
POSSIBLE SUNSHINE (PERCENT) MM
AVERAGE SKY COVER 0.31
NUMBER OF DAYS FAIR 21
NUMBER OF DAYS PC 3
NUMBER OF DAYS CLOUDY 7
AVERAGE RH (PERCENT) 67
WEATHER CONDITIONS. NUMBER OF DAYS WITH
THUNDERSTORM 2 MIXED PRECIP 0
HEAVY RAIN 1 RAIN 1
LIGHT RAIN 8 FREEZING RAIN 0
LT FREEZING RAIN 1 HAIL 0
HEAVY SNOW 0 SNOW 0
LIGHT SNOW 2 SLEET 0
FOG 7 FOG W/VIS <= 1/4 MILE 0
HAZE 0
- INDICATES NEGATIVE NUMBERS.
R INDICATES RECORD WAS SET OR TIED.
MM INDICATES DATA IS MISSING.
T INDICATES TRACE AMOUNT.
$$