000
CXUS51 KAKQ 010810
CF6WAL
PRELIMINARY LOCAL CLIMATOLOGICAL DATA (WS FORM: F-6)
STATION: WALLOPS ISLAND VA
MONTH: DECEMBER
YEAR: 2022
LATITUDE: 37 55 N
LONGITUDE: 75 28 W
TEMPERATURE IN F: :PCPN: SNOW: WIND :SUNSHINE: SKY :PK WND
================================================================================
1 2 3 4 5 6A 6B 7 8 9 10 11 12 13 14 15 16 17 18
12Z AVG MX 2MIN
DY MAX MIN AVG DEP HDD CDD WTR SNW DPTH SPD SPD DIR MIN PSBL S-S WX SPD DR
================================================================================
1 44 26 35 -10 30 0 0.00 0.0 0 9.0 22 300 M M 0 29 280
2 53 23 38 -7 27 0 0.00 0.0 0 6.9 17 200 M M 1 22 200
3 62 51 57 12 8 0 0.33 0.0 0 14.7 23 200 M M 7 1 30 190
4 51 27 39 -6 26 0 0.00 0.0 0 5.3 14 340 M M 0 22 340
5 52 24 38 -6 27 0 0.00 0.0 0 4.5 12 110 M M 2 15 140
6 60 43 52 8 13 0 0.12 0.0 0 7.7 15 200 M M 10 1 22 190
7 63 56 60 16 5 0 0.22 0.0 0 7.3 13 200 M M 10 1 19 230
8 61 47 54 10 11 0 0.00 0.0 0 7.1 17 20 M M 4 1 21 20
9 50 33 42 -1 23 0 0.00 0.0 0 8.4 17 50 M M 3 23 40
10 52 32 42 -1 23 0 0.00 0.0 0 8.6 17 50 M M 1 21 50
11 54 42 48 5 17 0 0.00 0.0 0 5.0 14 330 M M 8 19 340
12 45 36 41 -2 24 0 0.00 0.0 0 8.8 21 360 M M 5 1 26 360
13 44 24 34 -8 31 0 0.00 0.0 0 5.9 13 350 M M 2 19 260
14 45 22 34 -8 31 0 0.00 0.0 0 6.0 12 310 M M 2 16 20
15 59 35 47 5 18 0 1.95 0.0 0 12.5 31 120 M M 10 1 42 120
16 54 36 45 3 20 0 0.00 0.0 0 12.4 25 300 M M 8 1 33 290
17 49 30 40 -2 25 0 0.00 0.0 0 5.8 18 290 M M 1 25 300
18 46 30 38 -4 27 0 0.00 0.0 0 7.3 20 320 M M 5 28 300
19 42 27 35 -6 30 0 0.00 0.0 0 6.8 16 290 M M 1 24 310
20 42 26 34 -7 31 0 0.00 0.0 0 6.0 14 330 M M 1 17 310
21 43 25 34 -7 31 0 0.00 0.0 0 6.2 12 60 M M 1 15 50
22 58 30 44 3 21 0 0.57 0.0 0 13.5 26 140 M M 7 1 39 140
23 57 18 38 -2 27 0 0.04 0.0 0 18.0 38 250 M M 8 1 53 240
24 26 14 20 -20 45 0 0.00 0.0 0 11.2 21 290 M M 2 31 250
25 34 17 26 -14 39 0 0.00 0.0 0 4.8 15 260 M M 0 21 260
26 37 14 26 -14 39 0 0.00 0.0 0 2.7 10 350 M M 0 14 330
27 44 23 34 -6 31 0 0.00 0.0 0 2.3 9 150 M M 4 12 150
28 53 23 38 -2 27 0 0.00 0.0 0 3.8 10 290 M M 1 24 270
29 55 28 42 2 23 0 0.00 0.0 0 6.5 15 190 M M 0 1 18 210
30 62 33 48 9 17 0 0.00 0.0 0 5.8 16 190 M M 2 12 31 180
31 63 52 58 19 7 0 0.96 0.0 0 5.0 17 270 M M 10 12 26 270
================================================================================
SM 1560 947 754 0 4.19 0.0 235.8 M 116
================================================================================
AV 50.3 30.5 7.6 FASTST M M 4 MAX(MPH)
MISC ----> 38 250 53 240
================================================================================
NOTES:
# LAST OF SEVERAL OCCURRENCES
COLUMN 17 PEAK WIND IN M.P.H.
PRELIMINARY LOCAL CLIMATOLOGICAL DATA (WS FORM: F-6) , PAGE 2
STATION: WALLOPS ISLAND VA
MONTH: DECEMBER
YEAR: 2022
LATITUDE: 37 55 N
LONGITUDE: 75 28 W
[TEMPERATURE DATA] [PRECIPITATION DATA] SYMBOLS USED IN COLUMN 16
AVERAGE MONTHLY: 40.4 TOTAL FOR MONTH: 4.19 1 = FOG OR MIST
DPTR FM NORMAL: -1.6 DPTR FM NORMAL: 0.44 2 = FOG REDUCING VISIBILITY
HIGHEST: 63 ON 31, 7 GRTST 24HR 1.95 ON 15-15 TO 1/4 MILE OR LESS
LOWEST: 14 ON 26,24 3 = THUNDER
SNOW, ICE PELLETS, HAIL 4 = ICE PELLETS
TOTAL MONTH: 0.0 INCH 5 = HAIL
GRTST 24HR 0.0 6 = FREEZING RAIN OR DRIZZLE
GRTST DEPTH: 0 7 = DUSTSTORM OR SANDSTORM:
VSBY 1/2 MILE OR LESS
8 = SMOKE OR HAZE
[NO. OF DAYS WITH] [WEATHER - DAYS WITH] 9 = BLOWING SNOW
X = TORNADO
MAX 32 OR BELOW: 1 0.01 INCH OR MORE: 7
MAX 90 OR ABOVE: 0 0.10 INCH OR MORE: 6
MIN 32 OR BELOW: 20 0.50 INCH OR MORE: 3
MIN 0 OR BELOW: 0 1.00 INCH OR MORE: 1
[HDD (BASE 65) ]
TOTAL THIS MO. 754 CLEAR (SCALE 0-3) 18
DPTR FM NORMAL 41 PTCLDY (SCALE 4-7) 7
TOTAL FM JUL 1 1358 CLOUDY (SCALE 8-10) 6
DPTR FM NORMAL -23
[CDD (BASE 65) ]
TOTAL THIS MO. 0
DPTR FM NORMAL 0 [PRESSURE DATA]
TOTAL FM JAN 1 1516 HIGHEST SLP 30.59 ON 2
DPTR FM NORMAL 158 LOWEST SLP 29.25 ON 23
[REMARKS]
#FINAL-12-22#