000
CXUS51 KAKQ 010710
CF6WAL
PRELIMINARY LOCAL CLIMATOLOGICAL DATA (WS FORM: F-6)
STATION: WALLOPS ISLAND VA
MONTH: AUGUST
YEAR: 2022
LATITUDE: 37 55 N
LONGITUDE: 75 28 W
TEMPERATURE IN F: :PCPN: SNOW: WIND :SUNSHINE: SKY :PK WND
================================================================================
1 2 3 4 5 6A 6B 7 8 9 10 11 12 13 14 15 16 17 18
12Z AVG MX 2MIN
DY MAX MIN AVG DEP HDD CDD WTR SNW DPTH SPD SPD DIR MIN PSBL S-S WX SPD DR
================================================================================
1 89 75 82 4 0 17 T 0.0 0 8.8 16 290 M M 4 21 270
2 94 75 85 7 0 20 0.00 0.0 M 7.2 15 250 M M 2 21 280
3 92 74 83 5 0 18 0.00 0.0 0 4.9 13 160 M M 3 16 140
4 94 73 84 6 0 19 T 0.0 0 7.9 31 90 M M 2 13 34 100
5 90 73 82 4 0 17 0.94 0.0 0 7.5 30 180 M M 4 3 46 220
6 87 73 80 3 0 15 0.20 0.0 0 8.2 17 190 M M 2 13 21 180
7 88 76 82 5 0 17 0.00 0.0 0 10.6 20 180 M M 0 24 190
8 88 74 81 4 0 16 0.00 0.0 0 12.3 22 190 M M 1 28 190
9 95 76 86 9 0 21 0.00 0.0 0 8.8 17 180 M M 0 20 230
10 90 74 82 5 0 17 0.11 0.0 0 6.2 17 270 M M 2 13 24 290
11 87 72 80 3 0 15 0.00 0.0 0 5.7 14 290 M M 3 17 310
12 82 66 74 -3 0 9 T 0.0 0 7.1 17 60 M M 2 20 60
13 82 62 72 -5 0 7 0.00 0.0 0 6.1 13 70 M M 0 17 360
14 82 64 73 -4 0 8 T 0.0 0 3.9 13 150 M M 1 16 120
15 82 66 74 -3 0 9 0.01 0.0 0 9.1 21 60 M M 4 24 50
16 81 66 74 -2 0 9 0.03 0.0 0 11.7 23 50 M M 4 1 27 50
17 81 63 72 -4 0 7 0.00 0.0 0 9.7 21 60 M M 1 25 60
18 87 61 74 -2 0 9 0.00 0.0 0 6.0 13 190 M M 1 18 250
19 87 66 77 1 0 12 0.00 0.0 0 6.2 15 200 M M 2 19 170
20 88 70 79 3 0 14 T 0.0 0 5.8 14 130 M M 1 18 120
21 85 68 77 1 0 12 0.00 0.0 0 5.4 12 140 M M 3 16 100
22 86 74 80 4 0 15 0.14 0.0 0 10.6 22 180 M M 5 1 26 180
23 90 72 81 5 0 16 0.00 0.0 0 6.7 15 290 M M 1 21 310
24 91 70 81 5 0 16 0.00 0.0 0 5.6 14 160 M M 3 1 17 150
25 91 70 81 5 0 16 T 0.0 0 7.9 16 170 M M 2 26 240
26 89 69 79 4 0 14 0.00 0.0 0 11.5 23 200 M M 1 29 170
27 93 73 83 8 0 18 0.51 0.0 0 5.3 32 30 M M 2 13 38 30
28 87 73 80 5 0 15 0.00 0.0 0 5.8 13 140 M M 4 12 18 120
29 87 73 80 5 0 15 0.00 0.0 0 6.8 14 140 M M 3 28 130
30 87 72 80 5 0 15 0.60 0.0 0 8.0 21 280 M M 3 13 31 270
31 86 66 76 1 0 11 T 0.0 0 6.7 18 290 M M 0 26 290
================================================================================
SM 2718 2179 0 439 2.54 0.0 234.0 M 66
================================================================================
AV 87.7 70.3 7.5 FASTST M M 2 MAX(MPH)
MISC ----> 32 30 46 220
================================================================================
NOTES:
# LAST OF SEVERAL OCCURRENCES
COLUMN 17 PEAK WIND IN M.P.H.
PRELIMINARY LOCAL CLIMATOLOGICAL DATA (WS FORM: F-6) , PAGE 2
STATION: WALLOPS ISLAND VA
MONTH: AUGUST
YEAR: 2022
LATITUDE: 37 55 N
LONGITUDE: 75 28 W
[TEMPERATURE DATA] [PRECIPITATION DATA] SYMBOLS USED IN COLUMN 16
AVERAGE MONTHLY: 79.0 TOTAL FOR MONTH: 2.54 1 = FOG OR MIST
DPTR FM NORMAL: 2.5 DPTR FM NORMAL: -1.78 2 = FOG REDUCING VISIBILITY
HIGHEST: 95 ON 9 GRTST 24HR 0.94 ON 5- 5 TO 1/4 MILE OR LESS
LOWEST: 61 ON 18 3 = THUNDER
SNOW, ICE PELLETS, HAIL 4 = ICE PELLETS
TOTAL MONTH: 0.0 INCH 5 = HAIL
GRTST 24HR 0.0 6 = FREEZING RAIN OR DRIZZLE
GRTST DEPTH: 0 7 = DUSTSTORM OR SANDSTORM:
VSBY 1/2 MILE OR LESS
8 = SMOKE OR HAZE
[NO. OF DAYS WITH] [WEATHER - DAYS WITH] 9 = BLOWING SNOW
X = TORNADO
MAX 32 OR BELOW: 0 0.01 INCH OR MORE: 8
MAX 90 OR ABOVE: 10 0.10 INCH OR MORE: 6
MIN 32 OR BELOW: 0 0.50 INCH OR MORE: 3
MIN 0 OR BELOW: 0 1.00 INCH OR MORE: 0
[HDD (BASE 65) ]
TOTAL THIS MO. 0 CLEAR (SCALE 0-3) 24
DPTR FM NORMAL 0 PTCLDY (SCALE 4-7) 7
TOTAL FM JUL 1 0 CLOUDY (SCALE 8-10) 0
DPTR FM NORMAL 0
[CDD (BASE 65) ]
TOTAL THIS MO. 439
DPTR FM NORMAL 84 [PRESSURE DATA]
TOTAL FM JAN 1 1261 HIGHEST SLP M ON M
DPTR FM NORMAL 141 LOWEST SLP 29.78 ON 30
[REMARKS]
#FINAL-08-22#