000
CXUS51 KAKQ 010710
CF6WAL
PRELIMINARY LOCAL CLIMATOLOGICAL DATA (WS FORM: F-6)
STATION: WALLOPS ISLAND VA
MONTH: OCTOBER
YEAR: 2021
LATITUDE: 37 55 N
LONGITUDE: 75 28 W
TEMPERATURE IN F: :PCPN: SNOW: WIND :SUNSHINE: SKY :PK WND
================================================================================
1 2 3 4 5 6A 6B 7 8 9 10 11 12 13 14 15 16 17 18
12Z AVG MX 2MIN
DY MAX MIN AVG DEP HDD CDD WTR SNW DPTH SPD SPD DIR MIN PSBL S-S WX SPD DR
================================================================================
1 73 49 61 -5 4 0 0.00 0.0 0 4.8 13 340 M M 1 17 330
2 77 49 63 -3 2 0 0.00 0.0 0 8.5 18 200 M M 1 25 310
3 85 64 75 10 0 10 0.00 0.0 0 9.0 15 180 M M 0 17 210
4 82 64 73 8 0 8 0.00 0.0 0 10.3 18 190 M M 2 22 180
5 84 66 75 11 0 10 T 0.0 0 7.0 18 50 M M 5 13 23 50
6 74 68 71 7 0 6 T 0.0 0 11.6 17 70 M M 10 27 90
7 77 64 71 7 0 6 0.00 0.0 0 9.4 17 40 M M 7 22 360
8 76 62 69 6 0 4 0.00 0.0 0 9.6 16 70 M M 3 26 360
9 77 67 72 9 0 7 0.01 0.0 0 17.0 25 60 M M 9 1 33 50
10 78 65 72 10 0 7 0.03 0.0 0 17.9 28 40 M M 8 1 35 40
11 70 63 67 5 0 2 0.09 0.0 0 11.7 20 360 M M 10 1 32 220
12 70 66 68 6 0 3 0.19 0.0 0 9.7 20 50 M M 10 1 24 50
13 72 62 67 6 0 2 0.01 0.0 0 4.5 10 50 M M 8 1 M M
14 80 58 69 8 0 4 0.00 0.0 0 4.1 14 340 M M 3 1 31 290
15 79 58 69 8 0 4 0.00 0.0 0 5.5 10 190 M M 1 16 200
16 79 55 67 7 0 2 0.39 0.0 0 12.7 24 280 M M 2 1 34 270
17 66 52 59 -1 6 0 0.00 0.0 0 9.6 21 310 M M 1 27 280
18 67 45 56 -4 9 0 0.00 0.0 0 8.0 24 290 M M 2 32 320
19 70 41 56 -3 9 0 0.00 0.0 0 6.7 18 290 M M 0 24 310
20 76 52 64 5 1 0 0.00 0.0 0 7.2 15 310 M M 0 8 20 320
21 75 53 64 6 1 0 0.00 0.0 0 10.1 20 180 M M 0 25 190
22 70 57 64 6 1 0 0.06 0.0 0 5.9 16 210 M M 6 1 21 210
23 71 53 62 4 3 0 0.00 0.0 0 5.5 13 280 M M 3 26 270
24 69 51 60 3 5 0 T 0.0 0 7.4 15 150 M M 4 18 200
25 76 66 71 14 0 6 T 0.0 0 9.9 23 190 M M 5 29 180
26 70 53 62 6 3 0 0.85 0.0 0 13.4 28 290 M M 9 1 36 290
27 66 51 59 3 6 0 T 0.0 0 9.7 23 320 M M 10 32 310
28 66 54 60 4 5 0 0.00 0.0 0 9.7 20 60 M M 6 26 70
29 68 60 64 9 1 0 0.78 0.0 0 19.2 29 130 M M 10 42 110
30 68 52 60 5 5 0 0.00 0.0 0 7.8 16 230 M M 2 24 230
31 68 52 60 5 5 0 0.00 0.0 0 7.2 14 260 M M 3 21 260
================================================================================
SM 2279 1772 66 81 2.41 0.0 290.6 M 141
================================================================================
AV 73.5 57.2 9.4 FASTST M M 5 MAX(MPH)
MISC ----> 29 130 42 110
================================================================================
NOTES:
# LAST OF SEVERAL OCCURRENCES
COLUMN 17 PEAK WIND IN M.P.H.
PRELIMINARY LOCAL CLIMATOLOGICAL DATA (WS FORM: F-6) , PAGE 2
STATION: WALLOPS ISLAND VA
MONTH: OCTOBER
YEAR: 2021
LATITUDE: 37 55 N
LONGITUDE: 75 28 W
[TEMPERATURE DATA] [PRECIPITATION DATA] SYMBOLS USED IN COLUMN 16
AVERAGE MONTHLY: 65.3 TOTAL FOR MONTH: 2.41 1 = FOG OR MIST
DPTR FM NORMAL: 5.1 DPTR FM NORMAL: -1.61 2 = FOG REDUCING VISIBILITY
HIGHEST: 85 ON 3 GRTST 24HR 0.85 ON 26-26 TO 1/4 MILE OR LESS
LOWEST: 41 ON 19 3 = THUNDER
SNOW, ICE PELLETS, HAIL 4 = ICE PELLETS
TOTAL MONTH: 0.0 INCH 5 = HAIL
GRTST 24HR 0.0 6 = FREEZING RAIN OR DRIZZLE
GRTST DEPTH: 0 7 = DUSTSTORM OR SANDSTORM:
VSBY 1/2 MILE OR LESS
8 = SMOKE OR HAZE
[NO. OF DAYS WITH] [WEATHER - DAYS WITH] 9 = BLOWING SNOW
X = TORNADO
MAX 32 OR BELOW: 0 0.01 INCH OR MORE: 9
MAX 90 OR ABOVE: 0 0.10 INCH OR MORE: 4
MIN 32 OR BELOW: 0 0.50 INCH OR MORE: 2
MIN 0 OR BELOW: 0 1.00 INCH OR MORE: 0
[HDD (BASE 65) ]
TOTAL THIS MO. 66 CLEAR (SCALE 0-3) 14
DPTR FM NORMAL -123 PTCLDY (SCALE 4-7) 10
TOTAL FM JUL 1 72 CLOUDY (SCALE 8-10) 7
DPTR FM NORMAL -138
[CDD (BASE 65) ]
TOTAL THIS MO. 81
DPTR FM NORMAL 39 [PRESSURE DATA]
TOTAL FM JAN 1 1526 HIGHEST SLP M ON M
DPTR FM NORMAL 170 LOWEST SLP 29.45 ON 26
[REMARKS]
#FINAL-10-21#