000
CXUS51 KAKQ 090421
CF6WAL
PRELIMINARY LOCAL CLIMATOLOGICAL DATA (WS FORM: F-6)
STATION: WALLOPS ISLAND VA
MONTH: JANUARY
YEAR: 2021
LATITUDE: 37 55 N
LONGITUDE: 75 28 W
TEMPERATURE IN F: :PCPN: SNOW: WIND :SUNSHINE: SKY :PK WND
================================================================================
1 2 3 4 5 6A 6B 7 8 9 10 11 12 13 14 15 16 17 18
12Z AVG MX 2MIN
DY MAX MIN AVG DEP HDD CDD WTR SNW DPTH SPD SPD DIR MIN PSBL S-S WX SPD DR
================================================================================
1 52 40 46 9 19 0 0.62 0.0 0 9.3 17 80 M M 8 1 21 80
2 54 42 48 11 17 0 0.06 0.0 0 8.3 21 260 M M 6 1 26 260
3 51 42 47 10 18 0 0.83 0.0 0 10.2 23 50 M M 8 1 27 280
4 42 38 40 3 25 0 0.00 0.0 0 6.7 15 320 M M 10 1 21 310
5 46 39 43 6 22 0 0.01 0.0 0 5.1 13 320 M M 10 1 15 320
6 44 37 41 4 24 0 0.00 0.0 0 10.6 20 330 M M 10 27 320
7 45 27 36 -1 29 0 0.00 0.0 0 5.7 15 290 M M 0 23 320
8 44 30 37 0 28 0 0.00 0.0 0 6.1 13 330 M M 4 18 350
9 42 29 36 0 29 0 0.00 0.0 0 9.4 16 310 M M 0 25 260
10 48 26 37 1 28 0 0.00 0.0 0 6.1 15 340 M M 0 29 280
11 49 24 37 1 28 0 0.00 0.0 0 4.4 13 180 M M 5 14 240
12 51 27 39 3 26 0 0.00 0.0 0 4.0 12 360 M M 2 1 16 10
13 48 25 37 1 28 0 0.00 0.0 0 4.1 14 180 M M 1 1 19 140
14 54 31 43 7 22 0 0.00 0.0 0 4.9 10 290 M M 2 1 29 270
15 54 29 42 6 23 0 0.01 0.0 0 4.9 15 150 M M 5 12 19 150
16 50 38 44 8 21 0 0.27 0.0 0 8.7 20 290 M M 8 1 27 290
17 48 33 41 5 24 0 0.00 0.0 0 8.7 17 270 M M 2 26 250
18 47 37 42 6 23 0 T 0.0 0 9.2 21 290 M M 6 28 290
19 50 31 41 5 24 0 0.00 0.0 0 6.2 20 230 M M 2 27 230
20 47 28 38 2 27 0 0.00 0.0 0 9.7 26 320 M M 4 38 310
21 53 24 39 3 26 0 0.00 0.0 0 5.5 16 260 M M 2 22 260
22 53 29 41 5 24 0 0.00 0.0 0 6.6 17 280 M M 1 23 280
23 37 26 32 -4 33 0 0.00 0.0 0 10.1 25 310 M M 0 41 300
24 39 23 31 -5 34 0 0.00 0.0 0 8.5 16 290 M M 2 21 310
25 41 33 37 1 28 0 0.35 0.0 0 5.9 17 30 M M 10 1 22 50
26 50 36 43 7 22 0 0.04 0.0 0 9.4 20 60 M M 10 1 25 60
27 49 35 42 5 23 0 0.00 0.0 0 7.3 16 360 M M 8 1 22 350
28 35 27 31 -6 34 0 0.03 0.5 1 15.5 28 320 M M 5 1 42 330
29 34 24 29 -8 36 0 0.00 0.0 T 13.9 28 300 M M 4 36 300
30 37 21 29 -8 36 0 0.00 0.0 0 4.5 14 310 M M 3 20 330
31 46 29 38 1 27 0 1.30 2.0 0 9.8 21 40 M M 9 18 27 90
================================================================================
SM 1440 960 808 0 3.52 2.5 239.3 M 147
================================================================================
AV 46.5 31.0 7.7 FASTST M M 5 MAX(MPH)
MISC ----> # 28 320 42 330
================================================================================
NOTES:
# LAST OF SEVERAL OCCURRENCES
COLUMN 17 PEAK WIND IN M.P.H.
PRELIMINARY LOCAL CLIMATOLOGICAL DATA (WS FORM: F-6) , PAGE 2
STATION: WALLOPS ISLAND VA
MONTH: JANUARY
YEAR: 2021
LATITUDE: 37 55 N
LONGITUDE: 75 28 W
[TEMPERATURE DATA] [PRECIPITATION DATA] SYMBOLS USED IN COLUMN 16
AVERAGE MONTHLY: 38.7 TOTAL FOR MONTH: 3.52 1 = FOG OR MIST
DPTR FM NORMAL: 2.1 DPTR FM NORMAL: 0.48 2 = FOG REDUCING VISIBILITY
HIGHEST: 54 ON 15,14 GRTST 24HR 1.30 ON 31-31 TO 1/4 MILE OR LESS
LOWEST: 21 ON 30 3 = THUNDER
SNOW, ICE PELLETS, HAIL 4 = ICE PELLETS
TOTAL MONTH: 2.5 INCHES 5 = HAIL
GRTST 24HR 2.0 ON 31-31 6 = FREEZING RAIN OR DRIZZLE
GRTST DEPTH: 1 ON 28 7 = DUSTSTORM OR SANDSTORM:
VSBY 1/2 MILE OR LESS
8 = SMOKE OR HAZE
[NO. OF DAYS WITH] [WEATHER - DAYS WITH] 9 = BLOWING SNOW
X = TORNADO
MAX 32 OR BELOW: 0 0.01 INCH OR MORE: 10
MAX 90 OR ABOVE: 0 0.10 INCH OR MORE: 5
MIN 32 OR BELOW: 19 0.50 INCH OR MORE: 3
MIN 0 OR BELOW: 0 1.00 INCH OR MORE: 1
[HDD (BASE 65) ]
TOTAL THIS MO. 808 CLEAR (SCALE 0-3) 13
DPTR FM NORMAL -74 PTCLDY (SCALE 4-7) 10
TOTAL FM JUL 1 1880 CLOUDY (SCALE 8-10) 8
DPTR FM NORMAL -466
[CDD (BASE 65) ]
TOTAL THIS MO. 0
DPTR FM NORMAL 0 [PRESSURE DATA]
TOTAL FM JAN 1 0 HIGHEST SLP 30.47 ON 1
DPTR FM NORMAL 0 LOWEST SLP 29.47 ON 16
[REMARKS]
#FINAL-01-21#