000
CXUS51 KAKQ 010833
CF6WAL
PRELIMINARY LOCAL CLIMATOLOGICAL DATA (WS FORM: F-6)
STATION: WALLOPS ISLAND VA
MONTH: AUGUST
YEAR: 2020
LATITUDE: 37 55 N
LONGITUDE: 75 28 W
TEMPERATURE IN F: :PCPN: SNOW: WIND :SUNSHINE: SKY :PK WND
================================================================================
1 2 3 4 5 6A 6B 7 8 9 10 11 12 13 14 15 16 17 18
12Z AVG MX 2MIN
DY MAX MIN AVG DEP HDD CDD WTR SNW DPTH SPD SPD DIR MIN PSBL S-S WX SPD DR
================================================================================
1 84 73 79 2 0 14 T 0.0 0 7.5 14 120 M M 3 16 120
2 88 76 82 5 0 17 0.00 0.0 0 14.2 24 190 M M 0 48 230
3 89 75 82 5 0 17 0.08 0.0 0 8.0 28 190 M M 2 13 36 210
4 86 72 79 2 0 14 0.27 0.0 0 17.0 48 180 M M 4 18 67 180
5 88 72 80 4 0 15 0.00 0.0 0 7.6 17 180 M M 1 1 21 190
6 81 72 77 1 0 12 0.97 0.0 0 6.4 17 70 M M 3 13 21 290
7 83 71 77 1 0 12 T 0.0 0 5.2 14 170 M M 3 17 160
8 83 70 77 1 0 12 0.56 0.0 0 5.3 16 210 M M 5 13 20 200
9 83 69 76 0 0 11 0.00 0.0 0 6.0 13 180 M M 1 M M
10 84 72 78 2 0 13 0.00 0.0 0 8.0 16 190 M M 3 12 20 200
11 86 75 81 5 0 16 0.09 0.0 0 9.4 18 170 M M 2 13 32 210
12 85 74 80 4 0 15 0.00 0.0 0 7.7 16 190 M M 1 21 180
13 85 76 81 5 0 16 0.00 0.0 0 7.9 18 140 M M 4 22 140
14 83 73 78 2 0 13 0.16 0.0 0 11.9 23 50 M M 4 1 27 50
15 80 72 76 0 0 11 0.06 0.0 0 14.8 22 70 M M 3 1 28 70
16 74 68 71 -5 0 6 0.42 0.0 0 13.7 30 50 M M 10 1 39 40
17 78 65 72 -4 0 7 T 0.0 0 6.4 14 190 M M 3 20 140
18 86 68 77 2 0 12 0.00 0.0 0 5.6 13 300 M M 0 18 290
19 81 70 76 1 0 11 0.26 0.0 0 4.2 14 260 M M 3 1 16 250
20 80 67 74 -1 0 9 0.00 0.0 0 8.4 15 60 M M 1 20 40
21 80 66 73 -2 0 8 0.00 0.0 0 5.3 12 160 M M 2 16 150
22 80 71 76 1 0 11 0.08 0.0 0 4.0 12 170 M M 6 1 17 120
23 88 72 80 5 0 15 0.00 0.0 0 4.7 13 270 M M 2 18 19 240
24 86 76 81 6 0 16 0.00 0.0 0 8.7 16 250 M M 0 21 260
25 89 71 80 5 0 15 0.03 0.0 0 10.0 35 330 M M 0 13 51 320
26 86 70 78 4 0 13 0.00 0.0 0 7.9 15 320 M M 0 22 280
27 92 76 84 10 0 19 0.00 0.0 0 11.3 18 230 M M 0 26 250
28 91 77 84 10 0 19 0.00 0.0 0 7.9 14 290 M M 1 3 22 290
29 88 72 80 6 0 15 3.87 0.0 0 10.2 23 220 M M 6 13 30 210
30 83 68 76 2 0 11 0.00 0.0 0 6.2 17 290 M M 2 23 290
31 80 67 74 0 0 9 T 0.0 0 6.9 14 110 M M 2 19 140
================================================================================
SM 2610 2216 0 404 6.85 0.0 258.3 M 77
================================================================================
AV 84.2 71.5 8.3 FASTST M M 2 MAX(MPH)
MISC ----> # 48 180 # 67 180
================================================================================
NOTES:
# LAST OF SEVERAL OCCURRENCES
COLUMN 17 PEAK WIND IN M.P.H.
PRELIMINARY LOCAL CLIMATOLOGICAL DATA (WS FORM: F-6) , PAGE 2
STATION: WALLOPS ISLAND VA
MONTH: AUGUST
YEAR: 2020
LATITUDE: 37 55 N
LONGITUDE: 75 28 W
[TEMPERATURE DATA] [PRECIPITATION DATA] SYMBOLS USED IN COLUMN 16
AVERAGE MONTHLY: 77.8 TOTAL FOR MONTH: 6.85 1 = FOG OR MIST
DPTR FM NORMAL: 2.3 DPTR FM NORMAL: 2.66 2 = FOG REDUCING VISIBILITY
HIGHEST: 92 ON 27 GRTST 24HR 3.87 ON 29-29 TO 1/4 MILE OR LESS
LOWEST: 65 ON 17 3 = THUNDER
SNOW, ICE PELLETS, HAIL 4 = ICE PELLETS
TOTAL MONTH: 0.0 INCH 5 = HAIL
GRTST 24HR 0.0 6 = FREEZING RAIN OR DRIZZLE
GRTST DEPTH: 0 7 = DUSTSTORM OR SANDSTORM:
VSBY 1/2 MILE OR LESS
8 = SMOKE OR HAZE
[NO. OF DAYS WITH] [WEATHER - DAYS WITH] 9 = BLOWING SNOW
X = TORNADO
MAX 32 OR BELOW: 0 0.01 INCH OR MORE: 12
MAX 90 OR ABOVE: 2 0.10 INCH OR MORE: 7
MIN 32 OR BELOW: 0 0.50 INCH OR MORE: 3
MIN 0 OR BELOW: 0 1.00 INCH OR MORE: 1
[HDD (BASE 65) ]
TOTAL THIS MO. 0 CLEAR (SCALE 0-3) 20
DPTR FM NORMAL -1 PTCLDY (SCALE 4-7) 10
TOTAL FM JUL 1 0 CLOUDY (SCALE 8-10) 1
DPTR FM NORMAL -1
[CDD (BASE 65) ]
TOTAL THIS MO. 404
DPTR FM NORMAL 78 [PRESSURE DATA]
TOTAL FM JAN 1 1233 HIGHEST SLP 30.16 ON 9
DPTR FM NORMAL 233 LOWEST SLP 29.48 ON 4
[REMARKS]
#FINAL-08-20#