000
CXUS51 KAKQ 010956
CF6WAL
PRELIMINARY LOCAL CLIMATOLOGICAL DATA (WS FORM: F-6)
STATION: WALLOPS ISLAND VA
MONTH: JULY
YEAR: 2020
LATITUDE: 37 55 N
LONGITUDE: 75 28 W
TEMPERATURE IN F: :PCPN: SNOW: WIND :SUNSHINE: SKY :PK WND
================================================================================
1 2 3 4 5 6A 6B 7 8 9 10 11 12 13 14 15 16 17 18
12Z AVG MX 2MIN
DY MAX MIN AVG DEP HDD CDD WTR SNW DPTH SPD SPD DIR MIN PSBL S-S WX SPD DR
================================================================================
1 81 70 76 0 0 11 0.28 0.0 0 5.4 23 190 M M 4 13 28 190
2 87 67 77 1 0 12 0.00 0.0 0 5.4 13 150 M M 2 12 16 10
3 98 76 87 11 0 22 0.00 0.0 0 6.8 16 280 M M 1 19 270
4 85 73 79 3 0 14 0.00 0.0 0 9.2 18 60 M M 2 22 60
5 88 68 78 1 0 13 0.00 0.0 0 8.6 18 170 M M 0 22 200
6 89 70 80 3 0 15 0.73 0.0 0 11.4 22 330 M M 1 13 29 10
7 86 71 79 2 0 14 0.41 0.0 0 8.1 15 160 M M 2 13 24 320
8 86 73 80 3 0 15 T 0.0 0 7.2 15 150 M M 1 23 160
9 86 76 81 4 0 16 0.05 0.0 0 11.4 18 90 M M 4 1 23 90
10 89 72 81 4 0 16 0.85 0.0 0 15.2 28 310 M M 6 1 39 300
11 91 76 84 7 0 19 0.00 0.0 0 8.8 16 220 M M 1 21 240
12 88 72 80 3 0 15 0.00 0.0 0 6.0 14 180 M M 1 17 130
13 91 72 82 5 0 17 T 0.0 0 5.7 13 320 M M 2 18 320
14 87 71 79 2 0 14 0.03 0.0 0 5.5 12 150 M M 3 14 150
15 88 67 78 1 0 13 0.00 0.0 0 7.0 14 90 M M 2 18 90
16 81 74 78 1 0 13 0.00 0.0 0 9.8 15 130 M M 5 18 130
17 88 75 82 5 0 17 0.00 0.0 0 10.8 21 190 M M 3 26 180
18 91 76 84 7 0 19 0.03 0.0 0 4.9 13 180 M M 3 13 15 180
19 93 74 84 7 0 19 0.00 0.0 0 7.0 17 180 M M 0 1 20 180
20 100 80 90 13 0 25 0.00 0.0 0 8.4 13 240 M M 0 18 230
21 95 74 85 8 0 20 0.06 0.0 0 6.9 24 240 M M 0 13 33 240
22 91 74 83 6 0 18 0.43 0.0 0 6.4 18 330 M M 1 13 24 330
23 90 76 83 6 0 18 0.00 0.0 0 2.0 7 260 M M 0 M M
24 85 73 79 2 0 14 1.03 0.0 0 M M M M M M M M
25 84 75 80 3 0 15 0.00 0.0 0 M M M M M M M M
26 87 76 82 5 0 17 0.00 0.0 0 M M M M M M M M
27 95 78 87 10 0 22 0.00 0.0 0 7.9 14 200 M M 0 19 270
28 95 73 84 7 0 19 0.22 0.0 0 8.7 23 320 M M 0 13 34 320
29 90 74 82 5 0 17 0.00 0.0 0 7.8 18 200 M M 1 23 190
30 88 75 82 5 0 17 0.21 0.0 0 9.3 17 290 M M 0 13 23 200
31 83 74 79 2 0 14 0.25 0.0 0 7.6 17 50 M M 8 13 20 50
================================================================================
SM 2756 2275 0 510 4.58 0.0 219.2 M 53
================================================================================
AV 88.9 73.4 7.8 FASTST M M 2 MAX(MPH)
MISC ----> # 28 310 # 39 300
================================================================================
NOTES:
# LAST OF SEVERAL OCCURRENCES
COLUMN 17 PEAK WIND IN M.P.H.
PRELIMINARY LOCAL CLIMATOLOGICAL DATA (WS FORM: F-6) , PAGE 2
STATION: WALLOPS ISLAND VA
MONTH: JULY
YEAR: 2020
LATITUDE: 37 55 N
LONGITUDE: 75 28 W
[TEMPERATURE DATA] [PRECIPITATION DATA] SYMBOLS USED IN COLUMN 16
AVERAGE MONTHLY: 81.2 TOTAL FOR MONTH: 4.58 1 = FOG OR MIST
DPTR FM NORMAL: 4.0 DPTR FM NORMAL: 0.49 2 = FOG REDUCING VISIBILITY
HIGHEST: 100 ON 20 GRTST 24HR 1.03 ON 24-24 TO 1/4 MILE OR LESS
LOWEST: 67 ON 15, 2 3 = THUNDER
SNOW, ICE PELLETS, HAIL 4 = ICE PELLETS
TOTAL MONTH: 0.0 INCH 5 = HAIL
GRTST 24HR 0.0 6 = FREEZING RAIN OR DRIZZLE
GRTST DEPTH: 0 7 = DUSTSTORM OR SANDSTORM:
VSBY 1/2 MILE OR LESS
8 = SMOKE OR HAZE
[NO. OF DAYS WITH] [WEATHER - DAYS WITH] 9 = BLOWING SNOW
X = TORNADO
MAX 32 OR BELOW: 0 0.01 INCH OR MORE: 13
MAX 90 OR ABOVE: 12 0.10 INCH OR MORE: 9
MIN 32 OR BELOW: 0 0.50 INCH OR MORE: 3
MIN 0 OR BELOW: 0 1.00 INCH OR MORE: 1
[HDD (BASE 65) ]
TOTAL THIS MO. 0 CLEAR (SCALE 0-3) 21
DPTR FM NORMAL 0 PTCLDY (SCALE 4-7) 6
TOTAL FM JUL 1 0 CLOUDY (SCALE 8-10) 1
DPTR FM NORMAL 0
[CDD (BASE 65) ]
TOTAL THIS MO. 510
DPTR FM NORMAL 137 [PRESSURE DATA]
TOTAL FM JAN 1 829 HIGHEST SLP 30.27 ON 16
DPTR FM NORMAL 155 LOWEST SLP 29.67 ON 10
[REMARKS]
#FINAL-07-20#