000
CXUS51 KAKQ 010833
CF6WAL
PRELIMINARY LOCAL CLIMATOLOGICAL DATA (WS FORM: F-6)
STATION: WALLOPS ISLAND VA
MONTH: FEBRUARY
YEAR: 2020
LATITUDE: 37 55 N
LONGITUDE: 75 28 W
TEMPERATURE IN F: :PCPN: SNOW: WIND :SUNSHINE: SKY :PK WND
================================================================================
1 2 3 4 5 6A 6B 7 8 9 10 11 12 13 14 15 16 17 18
12Z AVG MX 2MIN
DY MAX MIN AVG DEP HDD CDD WTR SNW DPTH SPD SPD DIR MIN PSBL S-S WX SPD DR
================================================================================
1 50 41 46 9 19 0 0.15 0.0 0 7.0 17 60 M M 9 1 21 50
2 55 38 47 10 18 0 T 0.0 0 8.6 18 210 M M 5 12 26 250
3 66 45 56 19 9 0 0.00 0.0 0 8.3 20 190 M M 1 25 190
4 66 43 55 18 10 0 T 0.0 0 8.4 15 220 M M 4 22 230
5 63 42 53 16 12 0 0.13 0.0 0 14.7 26 50 M M 9 1 34 30
6 59 45 52 15 13 0 1.83 0.0 0 5.7 16 360 M M 10 1 23 190
7 64 39 52 14 13 0 0.50 0.0 0 18.4 35 240 M M 7 12 55 230
8 45 32 39 1 26 0 0.00 0.0 0 8.2 20 290 M M 0 32 300
9 50 30 40 2 25 0 0.00 0.0 0 7.1 14 180 M M 1 17 180
10 59 40 50 12 15 0 0.18 0.0 0 10.6 23 200 M M 5 1 32 210
11 62 50 56 18 9 0 0.82 0.0 0 7.9 14 190 M M 10 1 22 200
12 51 44 48 10 17 0 0.03 0.0 0 7.6 16 330 M M 7 1 25 330
13 62 45 54 16 11 0 0.25 0.0 0 10.2 21 320 M M 9 1 30 230
14 46 27 37 -1 28 0 0.00 0.0 0 9.7 21 320 M M 4 30 320
15 36 21 29 -10 36 0 0.00 0.0 0 5.5 13 50 M M 1 17 60
16 51 30 41 2 24 0 0.00 0.0 0 6.9 14 230 M M 1 24 220
17 52 38 45 6 20 0 0.00 0.0 0 8.8 21 50 M M 1 25 40
18 63 40 52 13 13 0 T 0.0 0 7.2 13 250 M M 3 18 230
19 56 32 44 5 21 0 0.07 0.0 0 7.7 17 350 M M 5 1 26 350
20 41 32 37 -3 28 0 0.13 2.2 0 6.2 14 360 M M 6 1 19 360
21 36 23 30 -10 35 0 0.00 0.0 2 8.9 21 20 M M 2 28 20
22 48 20 34 -6 31 0 0.00 0.0 0 6.2 14 290 M M 0 19 250
23 52 27 40 0 25 0 0.00 0.0 0 6.0 13 180 M M 0 16 190
24 58 36 47 7 18 0 0.01 0.0 0 6.2 17 190 M M 6 1 20 190
25 55 46 51 11 14 0 0.41 0.0 0 4.7 17 190 M M 10 12 23 190
26 53 45 49 8 16 0 0.03 0.0 0 8.6 16 190 M M 10 12 20 180
27 55 32 44 3 21 0 0.24 0.0 0 13.5 30 290 M M 3 1 41 280
28 50 26 38 -3 27 0 0.00 0.0 0 9.7 22 230 M M 2 31 250
29 42 27 35 -6 30 0 T T 0 9.7 24 280 M M 2 36 290
================================================================================
SM 1546 1036 584 0 4.78 2.2 248.2 M 133
================================================================================
AV 53.3 35.7 8.6 FASTST M M 5 MAX(MPH)
MISC ----> # 35 240 # 55 230
================================================================================
NOTES:
# LAST OF SEVERAL OCCURRENCES
COLUMN 17 PEAK WIND IN M.P.H.
PRELIMINARY LOCAL CLIMATOLOGICAL DATA (WS FORM: F-6) , PAGE 2
STATION: WALLOPS ISLAND VA
MONTH: FEBRUARY
YEAR: 2020
LATITUDE: 37 55 N
LONGITUDE: 75 28 W
[TEMPERATURE DATA] [PRECIPITATION DATA] SYMBOLS USED IN COLUMN 16
AVERAGE MONTHLY: 44.5 TOTAL FOR MONTH: 4.78 1 = FOG OR MIST
DPTR FM NORMAL: 5.8 DPTR FM NORMAL: 2.02 2 = FOG REDUCING VISIBILITY
HIGHEST: 66 ON 4, 3 GRTST 24HR 1.83 ON 6- 6 TO 1/4 MILE OR LESS
LOWEST: 20 ON 22 3 = THUNDER
SNOW, ICE PELLETS, HAIL 4 = ICE PELLETS
TOTAL MONTH: 2.2 INCHES 5 = HAIL
GRTST 24HR 2.2 ON 20-20 6 = FREEZING RAIN OR DRIZZLE
GRTST DEPTH: 2 ON 21 7 = DUSTSTORM OR SANDSTORM:
VSBY 1/2 MILE OR LESS
8 = SMOKE OR HAZE
[NO. OF DAYS WITH] [WEATHER - DAYS WITH] 9 = BLOWING SNOW
X = TORNADO
MAX 32 OR BELOW: 0 0.01 INCH OR MORE: 14
MAX 90 OR ABOVE: 0 0.10 INCH OR MORE: 10
MIN 32 OR BELOW: 13 0.50 INCH OR MORE: 3
MIN 0 OR BELOW: 0 1.00 INCH OR MORE: 1
[HDD (BASE 65) ]
TOTAL THIS MO. 584 CLEAR (SCALE 0-3) 13
DPTR FM NORMAL -152 PTCLDY (SCALE 4-7) 9
TOTAL FM JUL 1 2668 CLOUDY (SCALE 8-10) 7
DPTR FM NORMAL -436
[CDD (BASE 65) ]
TOTAL THIS MO. 0
DPTR FM NORMAL 0 [PRESSURE DATA]
TOTAL FM JAN 1 0 HIGHEST SLP 30.65 ON 15
DPTR FM NORMAL 0 LOWEST SLP 29.09 ON 7
[REMARKS]
#FINAL-02-20#