000
CXUS56 KLOX 011255
CF6WJF
PRELIMINARY LOCAL CLIMATOLOGICAL DATA (WS FORM: F-6)
STATION: LANCASTER FOX FIELD CA
MONTH: NOVEMBER
YEAR: 2022
LATITUDE: 34 43 N
LONGITUDE: 118 13 W
TEMPERATURE IN F: :PCPN: SNOW: WIND :SUNSHINE: SKY :PK WND
================================================================================
1 2 3 4 5 6A 6B 7 8 9 10 11 12 13 14 15 16 17 18
12Z AVG MX 2MIN
DY MAX MIN AVG DEP HDD CDD WTR SNW DPTH SPD SPD DIR MIN PSBL S-S WX SPD DR
================================================================================
1 72 49 61 4 4 0 0.01 M M 16.0 30 220 M M 1 36 220
2 57 45 51 -5 14 0 T M M 23.0 37 280 M M 4 8 43 280
3 54 31 43 -13 22 0 T M M 13.6 28 290 M M 2 33 290
4 66 27 47 -9 18 0 0.00 M M 6.6 22 270 M M 0 26 270
5 73 36 55 0 10 0 0.00 M M 19.6 41 270 M M 0 48 280
6 72 54 63 8 2 0 0.00 M M 20.7 32 270 M M 0 39 260
7 65 48 57 3 8 0 T M M 16.3 31 210 M M 5 41 220
8 60 44 52 -2 13 0 0.57 M M 17.0 39 220 M M 8 1 50 220
9 54 37 46 -8 19 0 0.00 M M 14.6 28 280 M M 1 34 280
10 58 32 45 -8 20 0 0.00 M M 4.3 14 70 M M 0 16 60
11 58 30 44 -9 21 0 0.00 M M 4.9 16 70 M M 0 21 60
12 66 26 46 -6 19 0 0.00 M M 8.5 22 270 M M 0 8 27 270
13 62 36 49 -3 16 0 0.00 M M 11.7 24 290 M M 0 8 28 290
14 62 27 45 -7 20 0 0.00 M M 3.8 10 300 M M 0 11 80
15 61 26 44 -7 21 0 0.00 M M 8.4 23 70 M M 0 27 70
16 64 31 48 -3 17 0 0.00 M M 8.8 23 70 M M 0 29 60
17 64 26 45 -5 20 0 0.00 M M 3.7 12 50 M M 0 14 70
18 63 24 44 -6 21 0 0.00 M M 4.5 12 70 M M 0 14 50
19 60 26 43 -7 22 0 0.00 M M 7.2 20 80 M M 0 25 80
20 62 20 41 -8 24 0 0.00 M M 4.1 10 70 M M 0 12 70
21 57 18 38 -11 27 0 0.00 M M 2.6 9 300 M M 0 10 330
22 64 22 43 -5 22 0 0.00 M M 3.5 10 270 M M 0 12 270
23 67 21 44 -4 21 0 0.00 M M 3.1 8 300 M M 0 9 270
24 67 24 46 -2 19 0 0.00 M M 9.8 28 70 M M 0 31 80
25 66 25 46 -1 19 0 0.00 M M 3.0 9 270 M M 0 12 50
26 73 25 49 2 16 0 0.00 M M 8.3 26 280 M M 0 32 280
27 66 25 46 -1 19 0 0.00 M M 6.3 18 250 M M 0 22 250
28 65 49 57 11 8 0 0.00 M M 22.5 36 280 M M 0 42 280
29 61 33 47 1 18 0 0.00 M M 9.4 41 280 M M 0 8 47 280
30 60 26 43 -3 22 0 0.00 M M 6.0 21 240 M M 0 27 250
================================================================================
SM 1899 943 522 0 0.58 M 291.8 M 21
================================================================================
AV 63.3 31.4 9.7 FASTST M M 1 MAX(MPH)
MISC ----> # 41 270 50 220
================================================================================
NOTES:
# LAST OF SEVERAL OCCURRENCES
COLUMN 17 PEAK WIND IN M.P.H.
PRELIMINARY LOCAL CLIMATOLOGICAL DATA (WS FORM: F-6) , PAGE 2
STATION: LANCASTER FOX FIELD CA
MONTH: NOVEMBER
YEAR: 2022
LATITUDE: 34 43 N
LONGITUDE: 118 13 W
[TEMPERATURE DATA] [PRECIPITATION DATA] SYMBOLS USED IN COLUMN 16
AVERAGE MONTHLY: 47.4 TOTAL FOR MONTH: 0.58 1 = FOG OR MIST
DPTR FM NORMAL: -3.6 DPTR FM NORMAL: 0.21 2 = FOG REDUCING VISIBILITY
HIGHEST: 73 ON 26, 5 GRTST 24HR 0.57 ON 8- 8 TO 1/4 MILE OR LESS
LOWEST: 18 ON 21 3 = THUNDER
SNOW, ICE PELLETS, HAIL 4 = ICE PELLETS
TOTAL MONTH: M 5 = HAIL
GRTST 24HR M ON M 6 = FREEZING RAIN OR DRIZZLE
GRTST DEPTH: M ON M 7 = DUSTSTORM OR SANDSTORM:
VSBY 1/2 MILE OR LESS
8 = SMOKE OR HAZE
[NO. OF DAYS WITH] [WEATHER - DAYS WITH] 9 = BLOWING SNOW
X = TORNADO
MAX 32 OR BELOW: 0 0.01 INCH OR MORE: 2
MAX 90 OR ABOVE: 0 0.10 INCH OR MORE: 1
MIN 32 OR BELOW: 20 0.50 INCH OR MORE: 1
MIN 0 OR BELOW: 0 1.00 INCH OR MORE: 0
[HDD (BASE 65) ]
TOTAL THIS MO. 522 CLEAR (SCALE 0-3) 27
DPTR FM NORMAL 101 PTCLDY (SCALE 4-7) 3
TOTAL FM JUL 1 608 CLOUDY (SCALE 8-10) 0
DPTR FM NORMAL 56
[CDD (BASE 65) ]
TOTAL THIS MO. 0
DPTR FM NORMAL -1 [PRESSURE DATA]
TOTAL FM JAN 1 2561 HIGHEST SLP 30.49 ON 16
DPTR FM NORMAL 655 LOWEST SLP 29.64 ON 8
[REMARKS]
#FINAL-11-22#