000
CXUS54 KFWD 010830
CF6XBP
PRELIMINARY LOCAL CLIMATOLOGICAL DATA (WS FORM: F-6)
STATION: BRIDGEPORT
MONTH: FEBRUARY
YEAR: 2023
LATITUDE: 33 10 N
LONGITUDE: 96 30 W
TEMPERATURE IN F: :PCPN: SNOW: WIND :SUNSHINE: SKY :PK WND
================================================================================
1 2 3 4 5 6A 6B 7 8 9 10 11 12 13 14 15 16 17 18
12Z AVG MX 2MIN
DY MAX MIN AVG DEP HDD CDD WTR SNW DPTH SPD SPD DIR MIN PSBL S-S WX SPD DR
================================================================================
1 30 27 29 -15 36 0 0.22 M M 4.3 8 360 M M 8 46 M M
2 33 29 31 -13 34 0 0.15 M M 4.4 7 330 M M 8 18 M M
3 54 29 42 -2 23 0 0.00 M M 2.3 6 180 M M 0 8 M M
4 59 27 43 -1 22 0 0.00 M M 5.0 15 200 M M 0 1 22 230
5 71 31 51 7 14 0 0.00 M M 3.4 10 170 M M 0 1 M M
6 74 43 59 15 6 0 0.00 M M 10.0 20 200 M M 1 2 28 190
7 62 47 55 11 10 0 0.23 M M 8.5 13 20 M M 10 8 20 50
8 43 33 38 -6 27 0 0.53 M M 8.4 16 290 M M 8 38 22 290
9 59 27 43 -1 22 0 0.00 M M 4.2 10 340 M M 2 1 16 340
10 46 30 38 -7 27 0 0.00 M M 10.3 15 320 M M 7 27 340
11 54 30 42 -3 23 0 0.00 M M 4.1 12 350 M M 1 M M
12 68 25 47 2 18 0 0.00 M M 4.9 12 220 M M 0 18 230
13 64 34 49 4 16 0 0.00 M M 6.4 23 160 M M 1 44 160
14 70 49 60 15 5 0 0.37 M M 11.8 26 230 M M 4 3 37 240
15 76 38 57 11 8 0 0.00 M M 8.4 20 330 M M 0 29 310
16 46 32 39 -7 26 0 0.00 M M 15.5 20 330 M M 3 29 330
17 50 28 39 -7 26 0 0.00 M M 5.1 13 350 M M 0 20 350
18 51 23 37 -9 28 0 0.00 M M 6.2 15 200 M M 1 22 200
19 73 47 60 14 5 0 0.00 M M 10.6 15 220 M M 1 21 220
20 82 58 70 23 0 5 0.00 M M 8.6 20 270 M M 0 29 290
21 87 61 74 27 0 9 0.00 M M 10.7 20 180 M M 0 30 180
22 78 58 68 21 0 3 0.50 M M 11.5 23 250 M M 3 30 170
23 64 37 51 4 14 0 0.00 M M 8.3 13 20 M M 2 21 350
24 42 37 40 -8 25 0 0.00 M M 7.4 13 10 M M 10 16 10
25 47 35 41 -7 24 0 0.00 M M 2.9 8 120 M M 10 1 M M
26 75 44 60 12 5 0 0.08 M M 8.5 26 170 M M 7 128 39 170
27 73 44 59 11 6 0 0.00 M M 8.1 18 260 M M 1 8 25 260
28 83 39 61 13 4 0 0.00 M M 6.6 14 200 M M 0 21 260
================================================================================
SM 1714 1042 454 17 2.08 M 206.3 M 88
================================================================================
AV 61.2 37.2 7.4 FASTST M M 3 MAX(MPH)
MISC ----> # 26 230 44 160
================================================================================
NOTES:
# LAST OF SEVERAL OCCURRENCES
COLUMN 17 PEAK WIND IN M.P.H.
PRELIMINARY LOCAL CLIMATOLOGICAL DATA (WS FORM: F-6) , PAGE 2
STATION: BRIDGEPORT
MONTH: FEBRUARY
YEAR: 2023
LATITUDE: 33 10 N
LONGITUDE: 96 30 W
[TEMPERATURE DATA] [PRECIPITATION DATA] SYMBOLS USED IN COLUMN 16
AVERAGE MONTHLY: 49.2 TOTAL FOR MONTH: 2.08 1 = FOG OR MIST
DPTR FM NORMAL: 3.6 DPTR FM NORMAL: -0.30 2 = FOG REDUCING VISIBILITY
HIGHEST: 87 ON 21 GRTST 24HR 0.53 ON 8- 8 TO 1/4 MILE OR LESS
LOWEST: 23 ON 18 3 = THUNDER
SNOW, ICE PELLETS, HAIL 4 = ICE PELLETS
TOTAL MONTH: M 5 = HAIL
GRTST 24HR M ON M 6 = FREEZING RAIN OR DRIZZLE
GRTST DEPTH: M ON M 7 = DUSTSTORM OR SANDSTORM:
VSBY 1/2 MILE OR LESS
8 = SMOKE OR HAZE
[NO. OF DAYS WITH] [WEATHER - DAYS WITH] 9 = BLOWING SNOW
X = TORNADO
MAX 32 OR BELOW: 1 0.01 INCH OR MORE: 7
MAX 90 OR ABOVE: 0 0.10 INCH OR MORE: 6
MIN 32 OR BELOW: 12 0.50 INCH OR MORE: 2
MIN 0 OR BELOW: 0 1.00 INCH OR MORE: 0
[HDD (BASE 65) ]
TOTAL THIS MO. 454 CLEAR (SCALE 0-3) 17
DPTR FM NORMAL -89 PTCLDY (SCALE 4-7) 8
TOTAL FM JUL 1 1967 CLOUDY (SCALE 8-10) 3
DPTR FM NORMAL -455
[CDD (BASE 65) ]
TOTAL THIS MO. 17
DPTR FM NORMAL 16 [PRESSURE DATA]
TOTAL FM JAN 1 24 HIGHEST SLP M ON M
DPTR FM NORMAL 24 LOWEST SLP M ON M
[REMARKS]
#FINAL-02-23#