000
CXUS54 KTSA 010850
CF6XNA
PRELIMINARY LOCAL CLIMATOLOGICAL DATA (WS FORM: F-6)
STATION: HIGHFILL ARKANSAS
MONTH: SEPTEMBER
YEAR: 2022
LATITUDE: 36 16 N
LONGITUDE: 94 19 W
TEMPERATURE IN F: :PCPN: SNOW: WIND :SUNSHINE: SKY :PK WND
================================================================================
1 2 3 4 5 6A 6B 7 8 9 10 11 12 13 14 15 16 17 18
12Z AVG MX 2MIN
DY MAX MIN AVG DEP HDD CDD WTR SNW DPTH SPD SPD DIR MIN PSBL S-S WX SPD DR
================================================================================
1 86 67 77 1 0 12 0.24 0.0 M 4.4 14 240 M M 2 13 21 210
2 82 66 74 -1 0 9 0.64 0.0 M 5.5 14 220 M M 7 13 19 220
3 86 66 76 1 0 11 0.00 0.0 M 5.2 13 10 M M 4 12 24 20
4 88 67 78 3 0 13 0.07 0.0 M 2.3 10 130 M M 4 13 90
5 84 68 76 2 0 11 0.00 0.0 M 3.0 10 80 M M 3 17 70
6 88 64 76 2 0 11 T 0.0 M 3.3 10 40 M M 3 12 18 80
7 84 64 74 0 0 9 0.00 0.0 M 5.2 14 40 M M 2 1 24 80
8 85 61 73 0 0 8 0.00 0.0 M 2.6 10 80 M M 1 15 90
9 86 60 73 0 0 8 0.00 0.0 M 3.0 9 110 M M 1 14 90
10 87 59 73 0 0 8 0.00 0.0 M 2.8 13 330 M M 0 19 340
11 76 52 64 -8 1 0 T 0.0 M 8.2 20 360 M M 4 1 28 10
12 80 49 65 -7 0 0 0.00 0.0 M 3.6 12 290 M M 0 18 270
13 86 54 70 -2 0 5 0.00 0.0 M 3.7 14 250 M M 0 18 230
14 85 53 69 -2 0 4 0.00 0.0 M 3.9 14 140 M M 0 18 130
15 84 56 70 -1 0 5 0.00 0.0 M 5.0 14 150 M M 0 18 140
16 86 55 71 1 0 6 0.00 0.0 M 7.0 16 170 M M 0 21 150
17 90 63 77 7 0 12 0.00 0.0 M 7.5 15 150 M M 0 23 180
18 93 67 80 10 0 15 0.00 0.0 M 7.1 17 190 M M 1 25 190
19 93 70 82 13 0 17 0.00 0.0 M 4.5 13 170 M M 1 17 180
20 94 67 81 12 0 16 0.00 0.0 M 5.2 14 230 M M 0 20 180
21 95 67 81 13 0 16 0.00 0.0 M 4.4 14 260 M M 0 20 260
22 74 60 67 -1 0 2 T 0.0 M 11.0 18 50 M M 6 26 60
23 87 59 73 5 0 8 0.00 0.0 M 8.7 17 160 M M 1 22 150
24 88 67 78 11 0 13 T 0.0 M 5.6 17 250 M M 1 25 220
25 84 55 70 3 0 5 0.01 0.0 M 7.7 20 340 M M 1 32 10
26 81 45 63 -3 2 0 0.00 0.0 M 4.8 18 350 M M 0 24 330
27 85 48 67 1 0 2 0.00 0.0 M 2.1 9 230 M M 1 14 220
28 82 53 68 2 0 3 0.00 0.0 M 6.1 14 80 M M 0 M M
29 76 51 64 -1 1 0 0.00 0.0 M 7.2 15 130 M M 0 22 120
30 77 43 60 -5 5 0 0.00 0.0 M 3.0 13 110 M M 0 21 80
================================================================================
SM 2552 1776 9 229 0.96 0.0 153.6 M 43
================================================================================
AV 85.1 59.2 5.1 FASTST M M 1 MAX(MPH)
MISC ----> # 20 360 32 10
================================================================================
NOTES:
# LAST OF SEVERAL OCCURRENCES
COLUMN 17 PEAK WIND IN M.P.H.
PRELIMINARY LOCAL CLIMATOLOGICAL DATA (WS FORM: F-6) , PAGE 2
STATION: HIGHFILL ARKANSAS
MONTH: SEPTEMBER
YEAR: 2022
LATITUDE: 36 16 N
LONGITUDE: 94 19 W
[TEMPERATURE DATA] [PRECIPITATION DATA] SYMBOLS USED IN COLUMN 16
AVERAGE MONTHLY: 72.1 TOTAL FOR MONTH: 0.96 1 = FOG OR MIST
DPTR FM NORMAL: 1.6 DPTR FM NORMAL: -2.90 2 = FOG REDUCING VISIBILITY
HIGHEST: 95 ON 21 GRTST 24HR 0.88 ON 1- 2 TO 1/4 MILE OR LESS
LOWEST: 43 ON 30 3 = THUNDER
SNOW, ICE PELLETS, HAIL 4 = ICE PELLETS
TOTAL MONTH: 0.0 INCH 5 = HAIL
GRTST 24HR 0.0 6 = FREEZING RAIN OR DRIZZLE
GRTST DEPTH: M ON M 7 = DUSTSTORM OR SANDSTORM:
VSBY 1/2 MILE OR LESS
8 = SMOKE OR HAZE
[NO. OF DAYS WITH] [WEATHER - DAYS WITH] 9 = BLOWING SNOW
X = TORNADO
MAX 32 OR BELOW: 0 0.01 INCH OR MORE: 4
MAX 90 OR ABOVE: 5 0.10 INCH OR MORE: 2
MIN 32 OR BELOW: 0 0.50 INCH OR MORE: 1
MIN 0 OR BELOW: 0 1.00 INCH OR MORE: 0
[HDD (BASE 65) ]
TOTAL THIS MO. 9 CLEAR (SCALE 0-3) 25
DPTR FM NORMAL -21 PTCLDY (SCALE 4-7) 5
TOTAL FM JUL 1 9 CLOUDY (SCALE 8-10) 0
DPTR FM NORMAL -19
[CDD (BASE 65) ]
TOTAL THIS MO. 229
DPTR FM NORMAL 33 [PRESSURE DATA]
TOTAL FM JAN 1 1861 HIGHEST SLP M ON M
DPTR FM NORMAL 345 LOWEST SLP 29.81 ON 9
[REMARKS]
#FINAL-09-22#