000
CXUS54 KTSA 221831
CF6XNA
PRELIMINARY LOCAL CLIMATOLOGICAL DATA (WS FORM: F-6)
STATION: HIGHFILL ARKANSAS
MONTH: FEBRUARY
YEAR: 2020
LATITUDE: 36 16 N
LONGITUDE: 94 19 W
TEMPERATURE IN F: :PCPN: SNOW: WIND :SUNSHINE: SKY :PK WND
================================================================================
1 2 3 4 5 6A 6B 7 8 9 10 11 12 13 14 15 16 17 18
12Z AVG MX 2MIN
DY MAX MIN AVG DEP HDD CDD WTR SNW DPTH SPD SPD DIR MIN PSBL S-S WX SPD DR
================================================================================
1 55 27 41 5 24 0 0.00 0.0 0 6.7 14 260 M M 0 1 19 320
2 74 45 60 24 5 0 0.00 0.0 0 10.2 15 220 M M 0 23 220
3 66 48 57 21 8 0 T 0.0 0 14.9 28 190 M M 2 40 190
4 48 33 41 5 24 0 0.60 M 0 11.5 18 360 M M 10 1 25 20
5 35 27 31 -5 34 0 0.35 M 0 9.6 18 360 M M 10 1 23 60
6 31 22 27 -10 38 0 0.00 0.0 0 8.3 17 350 M M 8 21 350
7 47 22 35 -2 30 0 0.00 0.0 0 5.3 14 300 M M 3 18 300
8 53 24 39 2 26 0 T M 0 6.8 23 170 M M 2 8 31 180
9 58 43 51 14 14 0 0.19 M 0 16.4 26 180 M M 9 1 37 170
10 43 34 39 1 26 0 0.11 M 0 10.7 17 360 M M 10 1 23 30
11 42 34 38 0 27 0 0.01 M 0 7.8 15 20 M M 9 1 19 20
12 42 34 38 0 27 0 0.69 M 0 8.1 16 330 M M 10 1 24 340
13 34 18 26 -12 39 0 T M M 12.5 20 340 M M 5 1 27 320
14 43 15 29 -10 36 0 0.00 0.0 0 7.8 18 170 M M 2 24 180
15 54 29 42 3 23 0 T M 0 11.1 24 170 M M 4 34 170
16 59 32 46 7 19 0 0.00 0.0 0 5.3 16 160 M M 8 22 110
17 63 45 54 14 11 0 T 0.0 0 6.8 13 350 M M 9 17 170
18 53 30 42 2 23 0 T 0.0 0 13.0 24 360 M M 6 31 20
19 52 28 40 0 25 0 0.00 0.0 0 9.5 16 80 M M 2 25 70
20 43 22 33 -8 32 0 T M 0 13.4 23 10 M M 7 33 10
21 45 15 30 -11 35 0 0.00 0.0 0 4.5 12 250 M M 0 17 230
22 56 24 40 -1 25 0 0.00 0.0 0 9.3 17 170 M M 0 25 210
23 49 43 46 4 19 0 0.31 0.0 0 8.4 14 190 M M 10 13 19 200
24 56 41 49 7 16 0 0.08 0.0 0 11.9 22 230 M M 8 1 33 230
25 44 36 40 -2 25 0 T 0.0 0 9.1 16 20 M M 10 1 22 40
26 36 24 30 -13 35 0 0.06 M 0 10.7 24 360 M M 8 1 32 330
27 51 20 36 -7 29 0 T 0.0 0 9.0 20 250 M M 5 26 240
28 57 30 44 1 21 0 T 0.0 0 10.7 23 300 M M 3 1 34 300
29 68 28 48 5 17 0 0.00 0.0 0 7.2 20 180 M M 0 25 200
================================================================================
SM 1457 873 713 0 2.40 0.0 276.5 M 160
================================================================================
AV 50.2 30.1 9.5 FASTST M M 6 MAX(MPH)
MISC ----> # 28 190 # 40 190
================================================================================
NOTES:
# LAST OF SEVERAL OCCURRENCES
COLUMN 17 PEAK WIND IN M.P.H.
PRELIMINARY LOCAL CLIMATOLOGICAL DATA (WS FORM: F-6) , PAGE 2
STATION: HIGHFILL ARKANSAS
MONTH: FEBRUARY
YEAR: 2020
LATITUDE: 36 16 N
LONGITUDE: 94 19 W
[TEMPERATURE DATA] [PRECIPITATION DATA] SYMBOLS USED IN COLUMN 16
AVERAGE MONTHLY: 40.2 TOTAL FOR MONTH: 2.40 1 = FOG OR MIST
DPTR FM NORMAL: 1.1 DPTR FM NORMAL: -0.21 2 = FOG REDUCING VISIBILITY
HIGHEST: 74 ON 2 GRTST 24HR 0.69 ON 12-12 TO 1/4 MILE OR LESS
LOWEST: 15 ON 21,14 3 = THUNDER
SNOW, ICE PELLETS, HAIL 4 = ICE PELLETS
TOTAL MONTH: 0.0 INCH 5 = HAIL
GRTST 24HR 0.0 6 = FREEZING RAIN OR DRIZZLE
GRTST DEPTH: 0 7 = DUSTSTORM OR SANDSTORM:
VSBY 1/2 MILE OR LESS
8 = SMOKE OR HAZE
[NO. OF DAYS WITH] [WEATHER - DAYS WITH] 9 = BLOWING SNOW
X = TORNADO
MAX 32 OR BELOW: 1 0.01 INCH OR MORE: 9
MAX 90 OR ABOVE: 0 0.10 INCH OR MORE: 6
MIN 32 OR BELOW: 18 0.50 INCH OR MORE: 2
MIN 0 OR BELOW: 0 1.00 INCH OR MORE: 0
[HDD (BASE 65) ]
TOTAL THIS MO. 713 CLEAR (SCALE 0-3) 9
DPTR FM NORMAL -11 PTCLDY (SCALE 4-7) 8
TOTAL FM JUL 1 3085 CLOUDY (SCALE 8-10) 12
DPTR FM NORMAL -343
[CDD (BASE 65) ]
TOTAL THIS MO. 0
DPTR FM NORMAL 0 [PRESSURE DATA]
TOTAL FM JAN 1 0 HIGHEST SLP M ON M
DPTR FM NORMAL 0 LOWEST SLP 29.54 ON 24
[REMARKS]
#FINAL-02-20#
#FINAL-02-20#