000
CXUS56 KPDT 012314
CLMYKM
CLIMATE REPORT
NATIONAL WEATHER SERVICE PENDLETON, OR
314 PM PST FRI MAR 01 2024
...................................
...THE YAKIMA WA CLIMATE SUMMARY FOR THE MONTH OF FEBRUARY 2024...
CLIMATE NORMAL PERIOD 1991 TO 2020
CLIMATE RECORD PERIOD 1946 TO 2024
WEATHER OBSERVED NORMAL DEPART LAST YEAR`S
VALUE DATE(S) VALUE FROM VALUE DATE(S)
NORMAL
................................................................
TEMPERATURE (F)
RECORD
HIGH 70 02/10/2022
LOW -25 02/01/1950
HIGHEST 62 02/25 60 02/19
02/20
LOWEST 18 02/27 8 02/24
AVG. MAXIMUM 48.8 47.2 1.6 45.6
AVG. MINIMUM 30.6 26.1 4.5 23.9
MEAN 39.7 36.6 3.1 34.8
DAYS MAX >= 90 0 0.0 0.0 0
DAYS MAX <= 32 0 2.1 -2.1 2
DAYS MIN <= 32 17 23.2 -6.2 28
DAYS MIN <= 0 0 0.2 -0.2 0
PRECIPITATION (INCHES)
RECORD
MAXIMUM 2.46 1961
MINIMUM T 1988
TOTALS 0.52 0.81 -0.29 0.44
DAILY AVG. 0.02 NAN NAN 0.02
DAYS >= .01 6 7.3 -1.3 4
DAYS >= .10 3 2.7 0.3 1
DAYS >= .50 0 0.2 -0.2 0
DAYS >= 1.00 0 0.0 0.0 0
GREATEST
24 HR. TOTAL 0.27 01/31 TO 01/31 0.32 02/04 TO 02/05
DEGREE DAYS
HEATING TOTAL 729 794 -65 840
SINCE 7/1 3968 4384 -416
COOLING TOTAL 0 0 0 0
SINCE 1/1 0 0 0
................................................................
WIND (MPH)
AVERAGE WIND SPEED 5.0
RESULTANT WIND SPEED/DIRECTION 2/250
HIGHEST WIND SPEED/DIRECTION 36/190 DATE 02/28
HIGHEST GUST SPEED/DIRECTION 56/190 DATE 02/28
AVERAGE RH (PERCENT) 69
WEATHER CONDITIONS. NUMBER OF DAYS WITH
THUNDERSTORM 0 MIXED PRECIP 0
HEAVY RAIN 0 RAIN 0
LIGHT RAIN 8 FREEZING RAIN 0
LT FREEZING RAIN 0 HAIL 0
HEAVY SNOW 0 SNOW 1
LIGHT SNOW 3 SLEET 0
FOG 10 FOG W/VIS <= 1/4 MILE 3
HAZE 1
- INDICATES NEGATIVE NUMBERS.
R INDICATES RECORD WAS SET OR TIED.
MM INDICATES DATA IS MISSING.
T INDICATES TRACE AMOUNT.
$$