000
CXUS51 KPBZ 141250
CF6ZZV
PRELIMINARY LOCAL CLIMATOLOGICAL DATA (WS FORM: F-6)
STATION: ZANESVILLE OH
MONTH: DECEMBER
YEAR: 2021
LATITUDE: 39 56 N
LONGITUDE: 81 54 W
TEMPERATURE IN F: :PCPN: SNOW: WIND :SUNSHINE: SKY :PK WND
================================================================================
1 2 3 4 5 6A 6B 7 8 9 10 11 12 13 14 15 16 17 18
12Z AVG MX 2MIN
DY MAX MIN AVG DEP HDD CDD WTR SNW DPTH SPD SPD DIR MIN PSBL S-S WX SPD DR
================================================================================
1 49 24 37 -1 28 0 0.10 M M 5.0 12 210 M M 5 1 17 230
2 59 42 51 13 14 0 T M M 10.1 22 240 M M 6 33 220
3 48 35 42 4 23 0 0.00 M M 3.1 9 80 M M 6 11 40
4 52 28 40 2 25 0 0.00 M M 4.2 13 320 M M 1 1 16 310
5 57 25 41 4 24 0 0.08 M M 7.3 21 170 M M 4 27 170
6 55 31 43 6 22 0 0.77 M M 13.2 25 270 M M 8 1 38 270
7 31 20 26 -11 39 0 0.00 M M 4.4 16 290 M M 4 22 300
8 35 24 30 -6 35 0 T M M 3.8 13 280 M M 8 1 16 280
9 45 20 33 -3 32 0 0.00 M M 4.6 16 150 M M 3 1 21 150
10 58 43 51 15 14 0 0.05 M M 5.4 14 170 M M 10 1 18 170
11 64 34 49 13 16 0 0.62 M M 17.3 35 270 M M 9 13 48 260
12 47 27 37 2 28 0 0.00 M M 5.8 15 250 M M 0 20 230
13 51 23 37 2 28 0 0.00 M M 3.4 13 200 M M 0 19 220
14 56 25 41 6 24 0 0.00 M M 2.3 10 170 M M 0 13 180
15 59 38 49 14 16 0 T M M 8.9 15 170 M M 7 18 180
16 63 47 55 21 10 0 0.08 M M 11.6 24 280 M M 6 1 34 270
17 47 28 38 4 27 0 0.08 M M 2.7 12 290 M M 3 16 290
18 57 37 47 13 18 0 0.23 M M 7.2 22 310 M M 10 1 30 310
19 37 32 35 1 30 0 0.00 M M 5.1 13 310 M M 10 16 310
20 42 23 33 -1 32 0 0.00 M M 3.0 10 170 M M 2 13 200
21 44 21 33 0 32 0 0.00 M M 3.5 13 160 M M 0 15 160
22 37 23 30 -3 35 0 0.00 M M 8.4 18 300 M M 3 23 260
23 45 17 31 -2 34 0 0.00 M M 7.3 17 180 M M 4 22 180
24 59 44 52 19 13 0 0.00 M M 8.6 18 200 M M 10 25 190
25 62 48 55 22 10 0 0.82 M M 9.0 18 200 M M 10 1 24 190
26 54 39 47 15 18 0 0.00 M M 3.8 12 80 M M 4 14 80
27 64 40 52 20 13 0 0.38 M M 7.5 21 300 M M 7 1 27 320
28 52 40 46 14 19 0 0.37 M M 5.6 20 110 M M 7 1 25 110
29 50 43 47 15 18 0 0.02 M M 1.9 9 10 M M 10 1 12 10
30 52 43 48 16 17 0 0.02 M M 3.5 10 190 M M 10 12 12 200
31 56 46 51 19 14 0 0.01 M M 5.0 10 180 M M 9 17 170
================================================================================
SM 1587 1010 708 0 3.63 M 192.5 M 176
================================================================================
AV 51.2 32.6 6.2 FASTST M M 6 MAX(MPH)
MISC ----> 35 270 48 260
================================================================================
NOTES:
# LAST OF SEVERAL OCCURRENCES
COLUMN 17 PEAK WIND IN M.P.H.
PRELIMINARY LOCAL CLIMATOLOGICAL DATA (WS FORM: F-6) , PAGE 2
STATION: ZANESVILLE OH
MONTH: DECEMBER
YEAR: 2021
LATITUDE: 39 56 N
LONGITUDE: 81 54 W
[TEMPERATURE DATA] [PRECIPITATION DATA] SYMBOLS USED IN COLUMN 16
AVERAGE MONTHLY: 41.9 TOTAL FOR MONTH: 3.63 1 = FOG OR MIST
DPTR FM NORMAL: 7.2 DPTR FM NORMAL: 1.00 2 = FOG REDUCING VISIBILITY
HIGHEST: 64 ON 27,11 GRTST 24HR 0.85 ON 5- 6 TO 1/4 MILE OR LESS
LOWEST: 17 ON 23 3 = THUNDER
SNOW, ICE PELLETS, HAIL 4 = ICE PELLETS
TOTAL MONTH: M 5 = HAIL
GRTST 24HR M ON M 6 = FREEZING RAIN OR DRIZZLE
GRTST DEPTH: M ON M 7 = DUSTSTORM OR SANDSTORM:
VSBY 1/2 MILE OR LESS
8 = SMOKE OR HAZE
[NO. OF DAYS WITH] [WEATHER - DAYS WITH] 9 = BLOWING SNOW
X = TORNADO
MAX 32 OR BELOW: 1 0.01 INCH OR MORE: 14
MAX 90 OR ABOVE: 0 0.10 INCH OR MORE: 7
MIN 32 OR BELOW: 16 0.50 INCH OR MORE: 3
MIN 0 OR BELOW: 0 1.00 INCH OR MORE: 0
[HDD (BASE 65) ]
TOTAL THIS MO. 708 CLEAR (SCALE 0-3) 8
DPTR FM NORMAL -233 PTCLDY (SCALE 4-7) 13
TOTAL FM JUL 1 1626 CLOUDY (SCALE 8-10) 10
DPTR FM NORMAL -388
[CDD (BASE 65) ]
TOTAL THIS MO. 0
DPTR FM NORMAL 0 [PRESSURE DATA]
TOTAL FM JAN 1 1087 HIGHEST SLP 30.54 ON 14
DPTR FM NORMAL 175 LOWEST SLP 29.43 ON 11
[REMARKS]
#FINAL-12-21#