000
CXUS51 KPBZ 011618
CLAZZV
CLIMATE REPORT
NATIONAL WEATHER SERVICE PITTSBURGH PA
1118 AM EST SUN JAN 01 2023
...................................
...THE ZANESVILLE OH CLIMATE SUMMARY FOR THE YEAR OF 2022...
CLIMATE NORMAL PERIOD 1991 TO 2020
CLIMATE RECORD PERIOD 1895 TO 2022
WEATHER OBSERVED NORMAL DEPART LAST YEAR`S
VALUE DATE(S) VALUE FROM VALUE DATE(S)
NORMAL
................................................................
TEMPERATURE (F)
RECORD
HIGH 106 07/14/1936
07/25/1934
LOW -25 01/19/1994
HIGHEST 94 06/15 MM MM 95 06/29
06/22
LOWEST -11 01/27 MM MM 1 02/17
02/21
AVG. MAXIMUM 62.9 63.3 -0.4 64.2
AVG. MINIMUM 42.5 42.6 -0.1 44.3
MEAN 52.7 53.0 -0.3 54.3
DAYS MAX >= 90 8 13.2 -5.2 11
DAYS MAX <= 32 29 26.9 2.1 19
DAYS MIN <= 32 105 115.6 -10.6 109
DAYS MIN <= 0 5 3.3 1.7 0
PRECIPITATION (INCHES)
RECORD
MAXIMUM 54.47 1990
MINIMUM 22.55 1900
TOTALS 44.26 38.57 5.69 34.42
DAILY AVG. 0.12 0.11 0.01 0.09
DAYS >= .01 129 137.6 -8.6 135
DAYS >= .10 76 80.5 -4.5 71
DAYS >= .50 29 25.9 3.1 20
DAYS >= 1.00 8 6.9 1.1 4
DAYS >= %-5.2F 2 1
GREATEST
24 HR. TOTAL 2.20 11/11 TO 11/11
STORM TOTAL 2.27
(MM/DD(HH))
DEGREE DAYS
HEATING TOTAL 5281 5268 13 4847
SINCE 7/1 1077 2014 -937 MM
COOLING TOTAL 913 914 -1 1087
SINCE 1/1 912 912 0 MM
FREEZE DATES
RECORD
EARLIEST MM
LATEST MM
EARLIEST 10/09
LATEST 04/28
................................................................
WIND (MPH)
AVERAGE WIND SPEED 5.9
HIGHEST WIND SPEED/DIRECTION 36/270 DATE 05/03
HIGHEST GUST SPEED/DIRECTION 50/320 DATE 06/14
AVERAGE RH (PERCENT) 69
WEATHER CONDITIONS. NUMBER OF DAYS WITH
THUNDERSTORM 45 MIXED PRECIP 0
HEAVY RAIN 47 RAIN 57
LIGHT RAIN 134 FREEZING RAIN 1
LT FREEZING RAIN 2 HAIL 0
HEAVY SNOW 3 SNOW 8
LIGHT SNOW 35 SLEET 0
FOG 186 FOG W/VIS <= 1/4 MILE 34
HAZE 42
- INDICATES NEGATIVE NUMBERS.
R INDICATES RECORD WAS SET OR TIED.
MM INDICATES DATA IS MISSING.
T INDICATES TRACE AMOUNT.
$$