000
CXUS54 KFWD 300730
CF60F2
PRELIMINARY LOCAL CLIMATOLOGICAL DATA (WS FORM: F-6)

                                          STATION:   BOWIE
                                          MONTH:     AUGUST
                                          YEAR:      2015
                                          LATITUDE:   33 36 N
                                          LONGITUDE:  97 47 W

  TEMPERATURE IN F:       :PCPN:    SNOW:  WIND      :SUNSHINE: SKY     :PK WND
================================================================================
1   2   3   4   5  6A  6B    7    8   9   10  11  12  13   14  15   16   17  18
                                     12Z  AVG MX 2MIN
DY MAX MIN AVG DEP HDD CDD  WTR  SNW DPTH SPD SPD DIR MIN PSBL S-S WX    SPD DR
================================================================================

 1  90  73  82  -1   0  17 0.00  0.0    0  2.1  9 240   M    M   3         M  M
 2  92  73  83   0   0  18    M  0.0    0  2.7  8 160   M    M   5         M  M
 3  95  69  82  -1   0  17 0.00  0.0    0  2.2  9 180   M    M   2         M  M
 4  95  74  85   2   0  20 0.00  0.0    0  3.5 14 160   M    M   3        16 180
 5  99  75  87   4   0  22 0.00  0.0    0  7.1 13 170   M    M   1        18 200
 6 100  78  89   6   0  24 0.00  0.0    0  8.4 14 190   M    M   0        20 190
 7 100  73  87   4   0  22 0.00  0.0    0  5.2  9 220   M    M   0        16 230
 8 100  74  87   4   0  22 0.00  0.0    0  7.0 13 170   M    M   0        18 200
 9 101  74  88   5   0  23 0.00  0.0    0  5.7 10 170   M    M   0         M  M
10 102  68  85   2   0  20 0.00  0.0    0  2.7  9 220   M    M   0         M  M
11  98  78  88   5   0  23 0.00  0.0    0  4.0  9  20   M    M   1         M  M
12  95  71  83   0   0  18 0.00  0.0    0  4.3 12  10   M    M   0        16  10
13  96  71  84   1   0  19 0.00  0.0    0  2.3  7 140   M    M   2         M  M
14  82  72  77  -6   0  12 0.10  0.0    0  2.3  8  80   M    M   5 3       M  M
15  94  68  81  -2   0  16 0.00  0.0    0  2.9 10 160   M    M   1         M  M
16  95  63  79  -4   0  14 0.00  0.0    0  1.5  8  40   M    M   1         M  M
17  95  69  82  -1   0  17 0.00  0.0    0  3.0  9 140   M    M   1         M  M
18  97  73  85   3   0  20 0.00  0.0    0  7.7 15 180   M    M   0        18 180
19  82  64  73  -9   0   8    M  0.0    0  9.0 17 330   M    M   6        24 360
20  84  58  71 -11   0   6 0.00  0.0    0  3.9  9 160   M    M   4 1       M  M
21  92  69  81  -1   0  16 0.00  0.0    0  9.5 14 160   M    M   5        23 160
22  97  73  85   3   0  20 0.00  0.0    0  8.6 15 170   M    M   2        22 160
23  97  74  86   4   0  21 0.00  0.0    0  6.2 12 100   M    M   2        20  90
24  93  69  81  -1   0  16 0.00  0.0    0  2.4  6  30   M    M   1         M  M
25  93  70  82   1   0  17 0.13  0.0    0  2.5 13 230   M    M   3 3      21 230
26  94  70  82   1   0  17 0.00  0.0    0  3.3  9 180   M    M   1 1       M  M
27  96  66  81   0   0  16 0.00  0.0    0  3.4  9 210   M    M   0         M  M
28  94  66  80  -1   0  15 0.00  0.0    0  4.3  8 170   M    M   0         M  M
29  96  73  85   5   0  20 0.00  0.0    0  4.9  9 200   M    M   1        18 210
================================================================================
SM 2744 2048         0 516  0.23     0.0 132.6          M       50
================================================================================
AV 94.6 70.6                               4.6 FASTST   M    M   2    MAX(MPH)
                                 MISC ---->    17   M                 24    M
================================================================================
NOTES:
# LAST OF SEVERAL OCCURRENCES

COLUMN 17 PEAK WIND IN M.P.H.

PRELIMINARY LOCAL CLIMATOLOGICAL DATA (WS FORM: F-6) , PAGE 2

                                          STATION:  BOWIE
                                          MONTH:    AUGUST
                                          YEAR:     2015
                                          LATITUDE:   33 36 N
                                          LONGITUDE:  97 47 W

[TEMPERATURE DATA]      [PRECIPITATION DATA]       SYMBOLS USED IN COLUMN 16

AVERAGE MONTHLY: 82.6   TOTAL FOR MONTH:   0.23    1 = FOG OR MIST
DPTR FM NORMAL:   0.2   DPTR FM NORMAL:   -1.66    2 = FOG REDUCING VISIBILITY
HIGHEST:   102 ON 10    GRTST 24HR  0.13 ON 25-25      TO 1/4 MILE OR LESS
LOWEST:     58 ON 20                               3 = THUNDER
                        SNOW, ICE PELLETS, HAIL    4 = ICE PELLETS
                        TOTAL MONTH:   0.0 INCH    5 = HAIL
                        GRTST 24HR     0.0         6 = FREEZING RAIN OR DRIZZLE
                        GRTST DEPTH:   0           7 = DUSTSTORM OR SANDSTORM:
                                                       VSBY 1/2 MILE OR LESS
                                                   8 = SMOKE OR HAZE
[NO. OF DAYS WITH]      [WEATHER - DAYS WITH]      9 = BLOWING SNOW
                                                   X = TORNADO
MAX 32 OR BELOW:   0    0.01 INCH OR MORE:   2
MAX 90 OR ABOVE:  26    0.10 INCH OR MORE:   2
MIN 32 OR BELOW:   0    0.50 INCH OR MORE:   0
MIN  0 OR BELOW:   0    1.00 INCH OR MORE:   0

[HDD (BASE 65) ]
TOTAL THIS MO.     0    CLEAR  (SCALE 0-3)  24
DPTR FM NORMAL     0    PTCLDY (SCALE 4-7)   5
TOTAL FM JUL 1     0    CLOUDY (SCALE 8-10)  0
DPTR FM NORMAL     0

[CDD (BASE 65) ]
TOTAL THIS MO.   516
DPTR FM NORMAL    11    [PRESSURE DATA]
TOTAL FM JAN 1  1511    HIGHEST SLP M ON M
DPTR FM NORMAL  -149    LOWEST  SLP M ON M

[REMARKS]
