000
CXUS54 KEWX 180910
CF63T5
PRELIMINARY LOCAL CLIMATOLOGICAL DATA (WS FORM: F-6)

                                          STATION:   LA GRANGE
                                          MONTH:     AUGUST
                                          YEAR:      2017
                                          LATITUDE:   29 54 N
                                          LONGITUDE:  96 57 W

  TEMPERATURE IN F:       :PCPN:    SNOW:  WIND      :SUNSHINE: SKY     :PK WND
================================================================================
1   2   3   4   5  6A  6B    7    8   9   10  11  12  13   14  15   16   17  18
                                     12Z  AVG MX 2MIN
DY MAX MIN AVG DEP HDD CDD  WTR  SNW DPTH SPD SPD DIR MIN PSBL S-S WX    SPD DR
================================================================================

 1 100  69  85   M   0  20 0.00    M    M  1.8  8 130   M    M   2 8       M  M
 2  93  76  85   M   0  20 0.03    M    M  2.8  8  20   M    M   4 3       M  M
 3  95  76  86   M   0  21 0.00    M    M  1.4  5 120   M    M   7         M  M
 4 101  77  89   M   0  24 0.00    M    M  3.5  9 120   M    M   4         M  M
 5 101  75  88   M   0  23 0.00    M    M  5.5 10 160   M    M   4 1      16 160
 6 101  79  90   M   0  25 0.00    M    M  9.0 15 210   M    M   6 1      21 200
 7  85  73  79   M   0  14 0.71    M    M  3.0  7 270   M    M   8 3       M  M
 8  94  76  85   M   0  20 0.00    M    M  3.5 10 340   M    M   5 8       M  M
 9  95  75  85   M   0  20 0.00    M    M  1.9  7 310   M    M   5         M  M
10  97  76  87   M   0  22 0.00    M    M  3.3 10 160   M    M   3         M  M
11  99  78  89   M   0  24 0.00    M    M  3.8  9 150   M    M   3         M  M
12 101  79  90   M   0  25 0.00    M    M  6.3 12 190   M    M   2        16 190
13 101  79  90   M   0  25 0.00    M    M  7.4 13 200   M    M   4        21 160
14 101  79  90   M   0  25 0.00    M    M  7.0 14 200   M    M   4        18 210
15 102  76  89   M   0  24 0.00    M    M  7.1 15 160   M    M   3 1      22 190
16 102  79  91   M   0  26 0.00    M    M  8.2 15 200   M    M   4        21 210
17 103  81  92   M   0  27 0.00    M    0  8.0 15 200   M    M   4        20 200
================================================================================
SM 1671 1303         0 385  0.74    M     83.5          M       72
================================================================================
AV 98.3 76.7                               4.9 FASTST   M    M   4    MAX(MPH)
                                 MISC ---->  # 15 210               # 22  190
================================================================================
NOTES:
# LAST OF SEVERAL OCCURRENCES

COLUMN 17 PEAK WIND IN M.P.H.

PRELIMINARY LOCAL CLIMATOLOGICAL DATA (WS FORM: F-6) , PAGE 2

                                          STATION:  LA GRANGE
                                          MONTH:    AUGUST
                                          YEAR:     2017
                                          LATITUDE:   29 54 N
                                          LONGITUDE:  96 57 W

[TEMPERATURE DATA]      [PRECIPITATION DATA]       SYMBOLS USED IN COLUMN 16

AVERAGE MONTHLY: 87.5   TOTAL FOR MONTH:   0.74    1 = FOG OR MIST
DPTR FM NORMAL:     M   DPTR FM NORMAL:       M    2 = FOG REDUCING VISIBILITY
HIGHEST:   103 ON 17    GRTST 24HR  0.71 ON  7- 7      TO 1/4 MILE OR LESS
LOWEST:     69 ON  1                               3 = THUNDER
                        SNOW, ICE PELLETS, HAIL    4 = ICE PELLETS
                        TOTAL MONTH:    M          5 = HAIL
                        GRTST 24HR    M  ON   M    6 = FREEZING RAIN OR DRIZZLE
                        GRTST DEPTH:   0           7 = DUSTSTORM OR SANDSTORM:
                                                       VSBY 1/2 MILE OR LESS
                                                   8 = SMOKE OR HAZE
[NO. OF DAYS WITH]      [WEATHER - DAYS WITH]      9 = BLOWING SNOW
                                                   X = TORNADO
MAX 32 OR BELOW:   0    0.01 INCH OR MORE:   2
MAX 90 OR ABOVE:  16    0.10 INCH OR MORE:   1
MIN 32 OR BELOW:   0    0.50 INCH OR MORE:   1
MIN  0 OR BELOW:   0    1.00 INCH OR MORE:   0

[HDD (BASE 65) ]
TOTAL THIS MO.     0    CLEAR  (SCALE 0-3)   4
DPTR FM NORMAL     M    PTCLDY (SCALE 4-7)  13
TOTAL FM JUL 1     0    CLOUDY (SCALE 8-10)  0
DPTR FM NORMAL     M

[CDD (BASE 65) ]
TOTAL THIS MO.   385
DPTR FM NORMAL     M    [PRESSURE DATA]
TOTAL FM JAN 1  2557    HIGHEST SLP M ON M
DPTR FM NORMAL     M    LOWEST  SLP M ON M

[REMARKS]
