000
CXUS55 KABR 251400
CF68D3
PRELIMINARY LOCAL CLIMATOLOGICAL DATA (WS FORM: F-6)

                                          STATION:   SISSETON SD
                                          MONTH:     DECEMBER
                                          YEAR:      2014
                                          LATITUDE:   45 40 N
                                          LONGITUDE:  96 59 W

  TEMPERATURE IN F:       :PCPN:    SNOW:  WIND      :SUNSHINE: SKY     :PK WND
================================================================================
1   2   3   4   5  6A  6B    7    8   9   10  11  12  13   14  15   16   17  18
                                     12Z  AVG MX 2MIN
DY MAX MIN AVG DEP HDD CDD  WTR  SNW DPTH SPD SPD DIR MIN PSBL S-S WX    SPD DR
================================================================================

 1  10 -12  -1 -23  66   0 0.00  0.0    2 12.6 23 180   M    M   0        28 180
 2  28   9  19  -3  46   0 0.00  0.0    2 10.9 26 230   M    M   0        40 230
 3  23  13  18  -3  47   0 0.00  0.0    2 11.0 24 290   M    M   0        30 310
 4  36  13  25   4  40   0 0.00  0.0    2  9.5 18 190   M    M   0        23 180
 5  33  16  25   5  40   0 0.00  0.0    1  8.3 15 360   M    M   0        18 350
 6  26   8  17  -3  48   0 0.00  0.0    1 10.5 20 180   M    M   0        24 170
 7  40  23  32  12  33   0 0.00  0.0    1 15.3 28 170   M    M   0        35 180
 8  36  18  27   8  38   0 0.00  0.0    T 19.1 30 340   M    M   0        37 340
 9  26  14  20   1  45   0 0.00  0.0    T  9.6 21 170   M    M   0        25 170
10  32  23  28  10  37   0 0.00  0.0    T 12.9 20 170   M    M   0        23 170
11  34  30  32  14  33   0 0.00  0.0    T 11.4 16 200   M    M   0        19 200
12  45  29  37  19  28   0 0.00  0.0    T 12.3 20 190   M    M   0        24 190
13  53  35  44  27  21   0 0.00  0.0    T 10.9 23 220   M    M   0        28 220
14  47  33  40  23  25   0 0.00  0.0    0  8.7 23 300   M    M   0        26 300
15  33  17  25   8  40   0 0.22  3.0    3 25.4 39 360   M    M   0 69     46  10
16  17   5  11  -5  54   0    T    T    3 16.1 28 360   M    M   0        33 360
17  17  -2   8  -8  57   0 0.00  0.0    3  4.1 13 350   M    M   0        14 340
18  22   0  11  -5  54   0 0.00  0.0    3  7.9 13 170   M    M   0        15 180
19  31  22  27  11  38   0 0.00  0.0    2 10.3 16 210   M    M   0        19 210
20  32  29  31  16  34   0 0.00  0.0    2 10.6 20 190   M    M   0 1      22 180
21  35  30  33  18  32   0 0.00  0.0    1 11.8 18 180   M    M   0        22 180
22  38  32  35  20  30   0 0.24  1.2    1 10.6 16 130   M    M   0        20 120
23  33  30  32  17  33   0 0.13    M    1 16.3 25 350   M    M   0        32 360
24  34  25  30  15  35   0 0.01    M    M 10.4 24 240   M    M   0        32 250
================================================================================
SM  761  440       954   0  0.60     4.2 286.5          M        0
================================================================================
AV 31.7 18.3                              11.9 FASTST   M    M   0    MAX(MPH)
                                 MISC ---->  # 39 360               # 46   10
================================================================================
NOTES:
# LAST OF SEVERAL OCCURRENCES

COLUMN 17 PEAK WIND IN M.P.H.

PRELIMINARY LOCAL CLIMATOLOGICAL DATA (WS FORM: F-6) , PAGE 2

                                          STATION:  SISSETON SD
                                          MONTH:    DECEMBER
                                          YEAR:     2014
                                          LATITUDE:   45 40 N
                                          LONGITUDE:  96 59 W

[TEMPERATURE DATA]      [PRECIPITATION DATA]       SYMBOLS USED IN COLUMN 16

AVERAGE MONTHLY: 25.0   TOTAL FOR MONTH:   0.60    1 = FOG OR MIST
DPTR FM NORMAL:   7.2   DPTR FM NORMAL:    0.30    2 = FOG REDUCING VISIBILITY
HIGHEST:    53 ON 13    GRTST 24HR  0.31 ON 22-23      TO 1/4 MILE OR LESS
LOWEST:    -12 ON  1                               3 = THUNDER
                        SNOW, ICE PELLETS, HAIL    4 = ICE PELLETS
                        TOTAL MONTH:   4.2 INCHES  5 = HAIL
                        GRTST 24HR   3.0 ON 15-15  6 = FREEZING RAIN OR DRIZZLE
                        GRTST DEPTH:   3 ON 18,17  7 = DUSTSTORM OR SANDSTORM:
                                                       VSBY 1/2 MILE OR LESS
                                                   8 = SMOKE OR HAZE
[NO. OF DAYS WITH]      [WEATHER - DAYS WITH]      9 = BLOWING SNOW
                                                   X = TORNADO
MAX 32 OR BELOW:  11    0.01 INCH OR MORE:   4
MAX 90 OR ABOVE:   0    0.10 INCH OR MORE:   3
MIN 32 OR BELOW:  22    0.50 INCH OR MORE:   0
MIN  0 OR BELOW:   3    1.00 INCH OR MORE:   0

[HDD (BASE 65) ]
TOTAL THIS MO.   954    CLEAR  (SCALE 0-3)  24
DPTR FM NORMAL  -178    PTCLDY (SCALE 4-7)   0
TOTAL FM JUL 1  2934    CLOUDY (SCALE 8-10)  0
DPTR FM NORMAL   -49

[CDD (BASE 65) ]
TOTAL THIS MO.     0
DPTR FM NORMAL     0    [PRESSURE DATA]
TOTAL FM JAN 1   442    HIGHEST SLP M ON M
DPTR FM NORMAL   -85    LOWEST  SLP 29.43 ON 22

[REMARKS]
