000
CXUS52 KTAE 210800
CF6AAF
PRELIMINARY LOCAL CLIMATOLOGICAL DATA (WS FORM: F-6)

                                          STATION:   APALACHICOLA
                                          MONTH:     OCTOBER
                                          YEAR:      2014
                                          LATITUDE:   29 43 N
                                          LONGITUDE:  85  2 W

  TEMPERATURE IN F:       :PCPN:    SNOW:  WIND      :SUNSHINE: SKY     :PK WND
================================================================================
1   2   3   4   5  6A  6B    7    8   9   10  11  12  13   14  15   16   17  18
                                     12Z  AVG MX 2MIN
DY MAX MIN AVG DEP HDD CDD  WTR  SNW DPTH SPD SPD DIR MIN PSBL S-S WX    SPD DR
================================================================================

 1  86  71  79   3   0  14 0.00  0.0    0  5.0 13 140   M    M   2        17 130
 2  87  72  80   5   0  15 0.00  0.0    0  6.4 14 140   M    M   0        18 150
 3  89  77  83   8   0  18 0.26  0.0    0  7.6 20 250   M    M   3 1      27 250
 4  82  56  69  -6   0   4 0.00  0.0    0  9.7 20 360   M    M   1        27 350
 5  78  49  64 -10   1   0 0.00  0.0    0  4.0 13 350   M    M   0        20 180
 6  81  54  68  -6   0   3 0.00  0.0    0  5.8 15 120   M    M   0        20 100
 7  85  66  76   2   0  11 0.00  0.0    0  5.9 15 120   M    M   1 1      19 120
 8  87  65  76   3   0  11 0.00  0.0    0  3.5 12 180   M    M   2 12     15 190
 9  87  66  77   4   0  12 0.00  0.0    0  3.6 10 170   M    M   2 128    14 180
10  87  69  78   5   0  13 0.00  0.0    0  4.3 12 180   M    M   3 12     15 160
11  89  67  78   6   0  13 0.00  0.0    0  3.9 10 190   M    M   3 12     15 180
12  88  68  78   6   0  13 0.00  0.0    M  5.5 13 150   M    M   2 12     18 130
13  84  73  79   7   0  14 1.56  0.0    0 13.2 28 180   M    M   6 18     36 190
14  83  65  74   3   0   9 2.50  0.0    0 10.2 29 220   M    M   5 18     41 210
15  80  59  70  -1   0   5 0.00  0.0    0  6.2 20 270   M    M   1        26 260
16  80  56  68  -3   0   3 0.00  0.0    0  5.7 20 320   M    M   0        24 320
17  83  53  68  -2   0   3 0.00  0.0    0  3.1 15 250   M    M   0        18 240
18  86  57  72   2   0   7 0.00  0.0    0  4.9 14 280   M    M   0        21 270
19  79  58  69  -1   0   4 0.00  0.0    0  6.8 15  60   M    M   1        20  50
20  83  60  72   3   0   7 0.00  0.0    0  5.9 14 130   M    M   1        17 140
================================================================================
SM 1684 1261         1 179  4.32     0.0 121.2          M       33
================================================================================
AV 84.2 63.0                               6.1 FASTST   M    M   2    MAX(MPH)
                                 MISC ---->  # 29 220               # 41  210
================================================================================
NOTES:
# LAST OF SEVERAL OCCURRENCES

COLUMN 17 PEAK WIND IN M.P.H.

PRELIMINARY LOCAL CLIMATOLOGICAL DATA (WS FORM: F-6) , PAGE 2

                                          STATION:  APALACHICOLA
                                          MONTH:    OCTOBER
                                          YEAR:     2014
                                          LATITUDE:   29 43 N
                                          LONGITUDE:  85  2 W

[TEMPERATURE DATA]      [PRECIPITATION DATA]       SYMBOLS USED IN COLUMN 16

AVERAGE MONTHLY: 73.6   TOTAL FOR MONTH:   4.32    1 = FOG OR MIST
DPTR FM NORMAL:   1.1   DPTR FM NORMAL:    1.32    2 = FOG REDUCING VISIBILITY
HIGHEST:    89 ON 11, 3 GRTST 24HR  4.06 ON 13-14      TO 1/4 MILE OR LESS
LOWEST:     49 ON  5                               3 = THUNDER
                        SNOW, ICE PELLETS, HAIL    4 = ICE PELLETS
                        TOTAL MONTH:   0.0 INCH    5 = HAIL
                        GRTST 24HR     0.0         6 = FREEZING RAIN OR DRIZZLE
                        GRTST DEPTH:   0           7 = DUSTSTORM OR SANDSTORM:
                                                       VSBY 1/2 MILE OR LESS
                                                   8 = SMOKE OR HAZE
[NO. OF DAYS WITH]      [WEATHER - DAYS WITH]      9 = BLOWING SNOW
                                                   X = TORNADO
MAX 32 OR BELOW:   0    0.01 INCH OR MORE:   3
MAX 90 OR ABOVE:   0    0.10 INCH OR MORE:   3
MIN 32 OR BELOW:   0    0.50 INCH OR MORE:   2
MIN  0 OR BELOW:   0    1.00 INCH OR MORE:   2

[HDD (BASE 65) ]
TOTAL THIS MO.     1    CLEAR  (SCALE 0-3)  16
DPTR FM NORMAL    -6    PTCLDY (SCALE 4-7)   4
TOTAL FM JUL 1     1    CLOUDY (SCALE 8-10)  0
DPTR FM NORMAL    -6

[CDD (BASE 65) ]
TOTAL THIS MO.   179
DPTR FM NORMAL    21    [PRESSURE DATA]
TOTAL FM JAN 1  2613    HIGHEST SLP M ON M
DPTR FM NORMAL   109    LOWEST  SLP 29.83 ON 14

[REMARKS]
