000
CXUS56 KMFR 241000
CF6AAT
PRELIMINARY LOCAL CLIMATOLOGICAL DATA (WS FORM: F-6)

                                          STATION:   ALTURAS CA
                                          MONTH:     MAY
                                          YEAR:      2017
                                          LATITUDE:   41 29 N
                                          LONGITUDE: 120 34 W

  TEMPERATURE IN F:       :PCPN:    SNOW:  WIND      :SUNSHINE: SKY     :PK WND
================================================================================
1   2   3   4   5  6A  6B    7    8   9   10  11  12  13   14  15   16   17  18
                                     12Z  AVG MX 2MIN
DY MAX MIN AVG DEP HDD CDD  WTR  SNW DPTH SPD SPD DIR MIN PSBL S-S WX    SPD DR
================================================================================

 1  70  28  49   1  16   0 0.00    M    M  6.9 24 320   M    M   1        32 320
 2  70  40  55   7  10   0 0.00    M    M  4.1 13 280   M    M   3        17 360
 3  79  39  59  11   6   0 0.00    M    M  1.9  9 170   M    M   0        11 250
 4  84  42  63  15   2   0 0.00    M    M  8.6 25 220   M    M   0        32 210
 5  72  43  58   9   7   0 0.00    M    M 10.8 22 260   M    M   1        28 240
 6  56  41  49   0  16   0 0.00    M    M 12.9 23  20   M    M   6        30  30
 7  64  36  50   1  15   0 0.00    M    M 11.2 22  10   M    M   0        30  10
 8  71  31  51   1  14   0 0.00    M    M  3.7 15 350   M    M   0        20  10
 9  76  33  55   5  10   0 0.00    M    M  2.4 14 350   M    M   0        17  10
10  78  35  57   7   8   0 0.00    M    M  6.4 23 260   M    M   0 8      29 260
11  72  36  54   4  11   0 0.00    M    M 14.7 32 180   M    M   1        43 190
12  54  35  45  -6  20   0    T    M    M 12.3 22 320   M    M   6        29 320
13  54  27  41 -10  24   0    T    M    M  6.6 16 330   M    M   6        18 290
14  58  25  42  -9  23   0    T    M    M  4.4 14 170   0    0   0         M  M
15  63  27  45  -7  20   0 0.00    M    M  3.7 12 290   0    0   0         M  M
16  49  31  40 -12  25   0 0.19    M    M 10.4 22 260   0    0   0        33 260
17  58   M   M   M   M   M 0.00    M    M  6.6 14 320   M    M   5        21 290
18  67   M   M   M   M   M 0.00    M    M  3.8 10  20   M    M   0        21  10
19  76   M   M   M   M   M 0.00    M    M  2.6 10 340   M    M   0        23 340
20  76  36  56   3   9   0 0.00    M    M  5.8 16 330   M    M   M        32 300
21  79  42  61   8   4   0 0.00    M    M  3.7  8  20   0    0   0         M  M
22  83  40  62   9   3   0 0.00    M    M  1.9  6 220   0    0   0         M  M
23  88  42  65  11   0   0 0.00    M    M  5.4 15 250   M    M   0        22 250
================================================================================
SM 1597  709       243   0  0.19    M    150.8            0     29
================================================================================
AV 69.4 35.5                               6.6 FASTST    0   0   1    MAX(MPH)
                                 MISC ---->  # 32 180               # 43  190
================================================================================
NOTES:
# LAST OF SEVERAL OCCURRENCES

COLUMN 17 PEAK WIND IN M.P.H.

PRELIMINARY LOCAL CLIMATOLOGICAL DATA (WS FORM: F-6) , PAGE 2

                                          STATION:  ALTURAS CA
                                          MONTH:    MAY
                                          YEAR:     2017
                                          LATITUDE:   41 29 N
                                          LONGITUDE: 120 34 W

[TEMPERATURE DATA]      [PRECIPITATION DATA]       SYMBOLS USED IN COLUMN 16

AVERAGE MONTHLY: 52.4   TOTAL FOR MONTH:   0.19    1 = FOG OR MIST
DPTR FM NORMAL:   1.7   DPTR FM NORMAL:   -0.84    2 = FOG REDUCING VISIBILITY
HIGHEST:    88 ON 23    GRTST 24HR  0.19 ON 16-16      TO 1/4 MILE OR LESS
LOWEST:     25 ON 14                               3 = THUNDER
                        SNOW, ICE PELLETS, HAIL    4 = ICE PELLETS
                        TOTAL MONTH:    M          5 = HAIL
                        GRTST 24HR    M  ON   M    6 = FREEZING RAIN OR DRIZZLE
                        GRTST DEPTH:  M  ON   M    7 = DUSTSTORM OR SANDSTORM:
                                                       VSBY 1/2 MILE OR LESS
                                                   8 = SMOKE OR HAZE
[NO. OF DAYS WITH]      [WEATHER - DAYS WITH]      9 = BLOWING SNOW
                                                   X = TORNADO
MAX 32 OR BELOW:   0    0.01 INCH OR MORE:   1
MAX 90 OR ABOVE:   0    0.10 INCH OR MORE:   1
MIN 32 OR BELOW:   6    0.50 INCH OR MORE:   0
MIN  0 OR BELOW:   0    1.00 INCH OR MORE:   0

[HDD (BASE 65) ]
TOTAL THIS MO.   243    CLEAR  (SCALE 0-3)  18
DPTR FM NORMAL   -85    PTCLDY (SCALE 4-7)   4
TOTAL FM JUL 1  6201    CLOUDY (SCALE 8-10)  0
DPTR FM NORMAL  -471

[CDD (BASE 65) ]
TOTAL THIS MO.     0
DPTR FM NORMAL     0    [PRESSURE DATA]
TOTAL FM JAN 1     0    HIGHEST SLP M ON M
DPTR FM NORMAL     0    LOWEST  SLP 29.77 ON  4

[REMARKS]
