000
CXUS55 KABQ 211000
CF6ABQ
PRELIMINARY LOCAL CLIMATOLOGICAL DATA (WS FORM: F-6)

                                          STATION:   ALBUQUERQUE  NM
                                          MONTH:     NOVEMBER
                                          YEAR:      2017
                                          LATITUDE:   35  2 N
                                          LONGITUDE: 106 37 W

  TEMPERATURE IN F:       :PCPN:    SNOW:  WIND      :SUNSHINE: SKY     :PK WND
================================================================================
1   2   3   4   5  6A  6B    7    8   9   10  11  12  13   14  15   16   17  18
                                     12Z  AVG MX 2MIN
DY MAX MIN AVG DEP HDD CDD  WTR  SNW DPTH SPD SPD DIR MIN PSBL S-S WX    SPD DR
================================================================================

 1  73  41  57   6   8   0 0.00  0.0    0  8.8 26 300   M    M   1        32 290
 2  71  43  57   6   8   0 0.00  0.0    0  4.4 13 270   M    M   2        15 270
 3  69  42  56   6   9   0 0.00  0.0    0  6.1 20 260   M    M   5        25 250
 4  68  51  60  10   5   0 0.00  0.0    0  7.9 24 170   M    M   8        31 160
 5  71  49  60  10   5   0 0.00  0.0    0  8.9 24 260   M    M   5        30 230
 6  69  44  57   8   8   0 0.00  0.0    0  7.7 18 230   M    M   6        25 240
 7  63  48  56   7   9   0 0.00  0.0    0  7.9 16 220   M    M   9        23 220
 8  59  38  49   1  16   0 0.00  0.0    0  8.3 16 360   M    M   3        21 360
 9  62  35  49   1  16   0 0.00  0.0    0  4.0 13  10   M    M   4        15  10
10  68  38  53   6  12   0 0.00  0.0    0  4.9 13 190   M    M   2        14 200
11  71  46  59  12   6   0 0.00  0.0    0  6.6 14 290   M    M   5        19 260
12  65  41  53   7  12   0 0.00  0.0    0  6.5 15  70   M    M   4        19  60
13  71  46  59  13   6   0 0.00  0.0    0  3.8 12 300   M    M   8        14 340
14  71  42  57  11   8   0 0.00  0.0    0  4.3 13  10   M    M   3        15 210
15  66  41  54   9  11   0 0.00  0.0    0  7.5 22 120   M    M   4        27 130
16  71  36  54   9  11   0 0.00  0.0    0  4.1 12 170   M    M   4        13 140
17  73  46  60  16   5   0 0.00  0.0    0 12.0 32 260   M    M   8        46 270
18  53  34  44   0  21   0 0.00  0.0    0  9.6 32 330   M    M   2        47 350
19  53  29  41  -2  24   0 0.00  0.0    0  3.8 12  10   M    M   3        16 350
20  58  27  43   0  22   0 0.00  0.0    0  3.1 10 310   M    M   6        14 360
================================================================================
SM 1325  817       222   0  0.00     0.0 130.2          M       92
================================================================================
AV 66.3 40.9                               6.5 FASTST   M    M   5    MAX(MPH)
                                 MISC ---->  # 32 260               # 47  350
================================================================================
NOTES:
# LAST OF SEVERAL OCCURRENCES

COLUMN 17 PEAK WIND IN M.P.H.

PRELIMINARY LOCAL CLIMATOLOGICAL DATA (WS FORM: F-6) , PAGE 2

                                          STATION:  ALBUQUERQUE  NM
                                          MONTH:    NOVEMBER
                                          YEAR:     2017
                                          LATITUDE:   35  2 N
                                          LONGITUDE: 106 37 W

[TEMPERATURE DATA]      [PRECIPITATION DATA]       SYMBOLS USED IN COLUMN 16

AVERAGE MONTHLY: 53.6   TOTAL FOR MONTH:   0.00    1 = FOG OR MIST
DPTR FM NORMAL:   6.5   DPTR FM NORMAL:   -0.39    2 = FOG REDUCING VISIBILITY
HIGHEST:    73 ON 17, 1 GRTST 24HR    T  ON 31- 1      TO 1/4 MILE OR LESS
LOWEST:     27 ON 20                               3 = THUNDER
                        SNOW, ICE PELLETS, HAIL    4 = ICE PELLETS
                        TOTAL MONTH:   0.0 INCH    5 = HAIL
                        GRTST 24HR     0.0         6 = FREEZING RAIN OR DRIZZLE
                        GRTST DEPTH:   0           7 = DUSTSTORM OR SANDSTORM:
                                                       VSBY 1/2 MILE OR LESS
                                                   8 = SMOKE OR HAZE
[NO. OF DAYS WITH]      [WEATHER - DAYS WITH]      9 = BLOWING SNOW
                                                   X = TORNADO
MAX 32 OR BELOW:   0    0.01 INCH OR MORE:   0
MAX 90 OR ABOVE:   0    0.10 INCH OR MORE:   0
MIN 32 OR BELOW:   2    0.50 INCH OR MORE:   0
MIN  0 OR BELOW:   0    1.00 INCH OR MORE:   0

[HDD (BASE 65) ]
TOTAL THIS MO.   222    CLEAR  (SCALE 0-3)   4
DPTR FM NORMAL  -138    PTCLDY (SCALE 4-7)  14
TOTAL FM JUL 1   434    CLOUDY (SCALE 8-10)  2
DPTR FM NORMAL  -192

[CDD (BASE 65) ]
TOTAL THIS MO.     0
DPTR FM NORMAL     0    [PRESSURE DATA]
TOTAL FM JAN 1  1557    HIGHEST SLP M ON M
DPTR FM NORMAL   235    LOWEST  SLP 29.71 ON  1

[REMARKS]
