000
CXUS52 KTAE 270800
CF6ABY
PRELIMINARY LOCAL CLIMATOLOGICAL DATA (WS FORM: F-6)

                                          STATION:   ALBANY
                                          MONTH:     AUGUST
                                          YEAR:      2016
                                          LATITUDE:   31 31 N
                                          LONGITUDE:  84 11 W

  TEMPERATURE IN F:       :PCPN:    SNOW:  WIND      :SUNSHINE: SKY     :PK WND
================================================================================
1   2   3   4   5  6A  6B    7    8   9   10  11  12  13   14  15   16   17  18
                                     12Z  AVG MX 2MIN
DY MAX MIN AVG DEP HDD CDD  WTR  SNW DPTH SPD SPD DIR MIN PSBL S-S WX    SPD DR
================================================================================

 1  91  74  83   1   0  18 1.94  0.0    0  2.7 29 250   M    M   4 13     38 250
 2  93  73  83   1   0  18 0.02  0.0    0  4.6 23 200   M    M   5 12     29 200
 3  94  73  84   2   0  19 0.00  0.0    0  3.2 15  40   M    M   2        20  40
 4  98  74  86   4   0  21 0.00  0.0    0  2.3 25 110   M    M   2 3      31 110
 5  92  75  84   2   0  19 0.64  0.0    0  3.4 28 280   M    M   5 13     31 280
 6  95  74  85   3   0  20 0.00  0.0    0  3.6 16 180   M    M   5 1      20 180
 7  97  76  87   5   0  22 0.00  0.0    0  3.6 14 300   M    M   3 13     17 330
 8  92  75  84   2   0  19 0.18  0.0    0  3.4 14  50   M    M   6 18     19  60
 9  86  76  81  -1   0  16 0.34  0.0    0  7.2 18 150   M    M   9 18     23 140
10  83  76  80  -2   0  15 0.15  0.0    0  8.1 15 140   M    M   8 13     19 150
11  93  74  84   2   0  19 0.01  0.0    0  5.7 14 210   M    M   5 1      18 140
12  93  74  84   2   0  19 0.17  0.0    0  4.8 24 200   M    M   4 13     31 200
13  93  74  84   2   0  19 0.05  0.0    0  3.4 14 200   M    M   4 123    19 160
14  95  73  84   2   0  19 0.00  0.0    0  4.6 20 200   M    M   2        25 190
15  94  72  83   1   0  18 0.00  0.0    0  4.1 10 170   M    M   2        15 160
16  95  76  86   4   0  21 0.00  0.0    0  4.7 13 120   M    M   2        16 130
17  97  76  87   5   0  22 0.00  0.0    0  3.2 14 300   M    M   2 3      19 300
18  96  74  85   3   0  20 0.00  0.0    0  3.9 12 210   M    M   1        14 210
19  95  74  85   3   0  20    T  0.0    0  5.5 14 130   M    M   2 3      17 210
20  95  75  85   3   0  20 0.00  0.0    0  5.1 14 210   M    M   3        18 200
21  96  75  86   4   0  21    T  0.0    0  6.3 16 320   M    M   3        20 320
22  99  75  87   5   0  22    T  0.0    0  3.2 17  60   M    M   3        19  70
23  98  77  88   6   0  23 0.54  0.0    0  5.4 28 310   M    M   1 13     37  80
24  94  75  85   3   0  20 0.00  0.0    0  6.0 14 120   M    M   3 1      18  90
25  94  73  84   2   0  19 0.00  0.0    0  5.5 17  50   M    M   2        24  70
26  95  70  83   1   0  18 0.00  0.0    0  5.7 21 110   M    M   1        27 100
================================================================================
SM 2443 1933         0 507  4.04     0.0 119.2          M       89
================================================================================
AV 94.0 74.3                               4.6 FASTST   M    M   3    MAX(MPH)
                                 MISC ---->  # 29 250               # 38  250
================================================================================
NOTES:
# LAST OF SEVERAL OCCURRENCES

COLUMN 17 PEAK WIND IN M.P.H.

PRELIMINARY LOCAL CLIMATOLOGICAL DATA (WS FORM: F-6) , PAGE 2

                                          STATION:  ALBANY
                                          MONTH:    AUGUST
                                          YEAR:     2016
                                          LATITUDE:   31 31 N
                                          LONGITUDE:  84 11 W

[TEMPERATURE DATA]      [PRECIPITATION DATA]       SYMBOLS USED IN COLUMN 16

AVERAGE MONTHLY: 84.2   TOTAL FOR MONTH:   4.04    1 = FOG OR MIST
DPTR FM NORMAL:   2.2   DPTR FM NORMAL:   -0.18    2 = FOG REDUCING VISIBILITY
HIGHEST:    99 ON 22    GRTST 24HR  1.94 ON  1- 1      TO 1/4 MILE OR LESS
LOWEST:     70 ON 26                               3 = THUNDER
                        SNOW, ICE PELLETS, HAIL    4 = ICE PELLETS
                        TOTAL MONTH:   0.0 INCH    5 = HAIL
                        GRTST 24HR     0.0         6 = FREEZING RAIN OR DRIZZLE
                        GRTST DEPTH:   0           7 = DUSTSTORM OR SANDSTORM:
                                                       VSBY 1/2 MILE OR LESS
                                                   8 = SMOKE OR HAZE
[NO. OF DAYS WITH]      [WEATHER - DAYS WITH]      9 = BLOWING SNOW
                                                   X = TORNADO
MAX 32 OR BELOW:   0    0.01 INCH OR MORE:  10
MAX 90 OR ABOVE:  24    0.10 INCH OR MORE:   7
MIN 32 OR BELOW:   0    0.50 INCH OR MORE:   3
MIN  0 OR BELOW:   0    1.00 INCH OR MORE:   1

[HDD (BASE 65) ]
TOTAL THIS MO.     0    CLEAR  (SCALE 0-3)  15
DPTR FM NORMAL     0    PTCLDY (SCALE 4-7)  10
TOTAL FM JUL 1     0    CLOUDY (SCALE 8-10)  1
DPTR FM NORMAL     0

[CDD (BASE 65) ]
TOTAL THIS MO.   507
DPTR FM NORMAL    65    [PRESSURE DATA]
TOTAL FM JAN 1  2140    HIGHEST SLP M ON M
DPTR FM NORMAL   252    LOWEST  SLP 29.81 ON  8

[REMARKS]
