399
CXAK56 PAFC 221320
CF6ADQ
PRELIMINARY LOCAL CLIMATOLOGICAL DATA (WS FORM: F-6)

                                          STATION:   KODIAK
                                          MONTH:     AUGUST
                                          YEAR:      2017
                                          LATITUDE:   57 45 N
                                          LONGITUDE: 152 31 W

  TEMPERATURE IN F:       :PCPN:    SNOW:  WIND      :SUNSHINE: SKY     :PK WND
================================================================================
1   2   3   4   5  6A  6B    7    8   9   10  11  12  13   14  15   16   17  18
                                     12Z  AVG MX 2MIN
DY MAX MIN AVG DEP HDD CDD  WTR  SNW DPTH SPD SPD DIR MIN PSBL S-S WX    SPD DR
================================================================================

 1  58  55  57   1   8   0 0.07  0.0    0  5.9 15  40   M    M  10 1      20 350
 2  66  54  60   4   5   0 0.00  0.0    0  3.8 10  30   M    M   8 12     16  50
 3  65  54  60   4   5   0 0.00  0.0    0 10.6 21 170   M    M   8        26 180
 4  57  54  56   0   9   0 0.05  0.0    0  8.6 14  40   M    M  10 1       M  M
 5  57  54  56   0   9   0 0.20  0.0    0  9.0 15  40   M    M  10 12     16  40
 6  57  54  56   0   9   0 0.08  0.0    0  6.2 13  40   M    M  10 1       M  M
 7  57  53  55  -1  10   0 0.17  0.0    0  9.1 15  70   M    M  10 12     17  60
 8  55  53  54  -2  11   0 2.20  0.0    0 10.1 17  70   M    M  10 12     21  60
 9  59  53  56   0   9   0 0.72  0.0    0 12.8 22  70   M    M  10 12     26  60
10  59  53  56   0   9   0 0.14  0.0    0  8.2 12  30   M    M   9 1       M  M
11  61  51  56   0   9   0 0.00  0.0    0  4.5 12 300   M    M   7 1       M  M
12  66  49  58   2   7   0    T  0.0    0  6.6 20 310   M    M   4        26 310
13  64  45  55  -1  10   0 0.00  0.0    0  7.5 17 270   M    M   4        23 290
14  59  44  52  -4  13   0 0.00  0.0    0  9.1 13 310   M    M   3         M  M
15  59  50  55  -1  10   0    T  0.0    0  4.9  8 310   M    M  10         M  M
16  56  44  50  -5  15   0 0.21  0.0    0  3.6  8  40   M    M   8 1       M  M
17  56  44  50  -5  15   0 0.01  0.0    0  4.6  8 100   M    M   7         M  M
18  62  44  53  -2  12   0    T  0.0    0  5.9 12 300   M    M   6         M  M
19  59  44  52  -3  13   0 0.00  0.0    0  5.7 10  30   M    M   6        12  60
20  58  51  55   0  10   0 0.61  0.0    0  5.9 16 300   M    M  10 1      21 300
21  62  52  57   2   8   0 0.17  0.0    0 14.8 23 290   M    M  10 1      33 300
================================================================================
SM 1252 1055       206   0  4.63     0.0 157.4          M      170
================================================================================
AV 59.6 50.2                               7.5 FASTST   M    M   8    MAX(MPH)
                                 MISC ---->  # 23 290               # 33  300
================================================================================
NOTES:
# LAST OF SEVERAL OCCURRENCES

COLUMN 17 PEAK WIND IN M.P.H.

PRELIMINARY LOCAL CLIMATOLOGICAL DATA (WS FORM: F-6) , PAGE 2

                                          STATION:  KODIAK
                                          MONTH:    AUGUST
                                          YEAR:     2017
                                          LATITUDE:   57 45 N
                                          LONGITUDE: 152 31 W

[TEMPERATURE DATA]      [PRECIPITATION DATA]       SYMBOLS USED IN COLUMN 16

AVERAGE MONTHLY: 54.9   TOTAL FOR MONTH:   4.63    1 = FOG OR MIST
DPTR FM NORMAL:  -0.8   DPTR FM NORMAL:    1.69    2 = FOG REDUCING VISIBILITY
HIGHEST:    66 ON 12, 2 GRTST 24HR  2.20 ON  8- 8      TO 1/4 MILE OR LESS
LOWEST:     44 ON 19,18                            3 = THUNDER
                        SNOW, ICE PELLETS, HAIL    4 = ICE PELLETS
                        TOTAL MONTH:   0.0 INCH    5 = HAIL
                        GRTST 24HR     0.0         6 = FREEZING RAIN OR DRIZZLE
                        GRTST DEPTH:   0           7 = DUSTSTORM OR SANDSTORM:
                                                       VSBY 1/2 MILE OR LESS
                                                   8 = SMOKE OR HAZE
[NO. OF DAYS WITH]      [WEATHER - DAYS WITH]      9 = BLOWING SNOW
                                                   X = TORNADO
MAX 32 OR BELOW:   0    0.01 INCH OR MORE:  12
MAX 90 OR ABOVE:   0    0.10 INCH OR MORE:   8
MIN 32 OR BELOW:   0    0.50 INCH OR MORE:   3
MIN  0 OR BELOW:   0    1.00 INCH OR MORE:   1

[HDD (BASE 65) ]
TOTAL THIS MO.   206    CLEAR  (SCALE 0-3)   1
DPTR FM NORMAL    10    PTCLDY (SCALE 4-7)   9
TOTAL FM JUL 1   485    CLOUDY (SCALE 8-10) 11
DPTR FM NORMAL   -38

[CDD (BASE 65) ]
TOTAL THIS MO.     0
DPTR FM NORMAL     0    [PRESSURE DATA]
TOTAL FM JAN 1     0    HIGHEST SLP M ON M
DPTR FM NORMAL    -1    LOWEST  SLP 29.44 ON 12

[REMARKS]
