000
CXUS54 KLCH 180815
CF6AEX
PRELIMINARY LOCAL CLIMATOLOGICAL DATA (WS FORM: F-6)

                                          STATION:   ALEXANDRIA
                                          MONTH:     DECEMBER
                                          YEAR:      2017
                                          LATITUDE:   31 19 N
                                          LONGITUDE:  92 33 W

  TEMPERATURE IN F:       :PCPN:    SNOW:  WIND      :SUNSHINE: SKY     :PK WND
================================================================================
1   2   3   4   5  6A  6B    7    8   9   10  11  12  13   14  15   16   17  18
                                     12Z  AVG MX 2MIN
DY MAX MIN AVG DEP HDD CDD  WTR  SNW DPTH SPD SPD DIR MIN PSBL S-S WX    SPD DR
================================================================================

 1  73  42  58   6   7   0 0.00  0.0    0  1.9 12 340   M    M   0 1      14 350
 2  76  41  59   7   6   0 0.00  0.0    0  1.7  8 130   M    M   0 128    10 330
 3  68  44  56   4   9   0 0.00  0.0    0  3.9 14 140   M    M   3 128    16 140
 4  79  57  68  16   0   3    T  0.0    0  9.8 20 160   M    M   7 18     24 160
 5  74  47  61   9   4   0 0.07    M    0  9.7 18 360   M    M   9 13     26  10
 6  47  40  44  -7  21   0 0.04    M    0  5.5 13 360   M    M   9 1      17  10
 7  51  39  45  -6  20   0    T    T    0  6.9 18 360   M    M   9 4      24 340
 8  41  29  35 -16  30   0    T  2.1    0  5.8 17 310   M    M   6 1      20 310
 9  56  25  41 -10  24   0 0.00  0.0    0  4.4 15 300   M    M   0        19 290
10  61  27  44  -7  21   0 0.00    M    0  2.6 10 300   M    M   0        15 280
11  72  33  53   2  12   0 0.00  0.0    0  3.7 13 250   M    M   0        15 250
12  60  34  47  -3  18   0 0.00  0.0    0  6.9 16 340   M    M   0        22 320
13  59  29  44  -6  21   0 0.00  0.0    0  4.1 14 220   M    M   1 1      18 230
14  55  34  45  -5  20   0 0.00  0.0    0  1.5  6  30   M    M   0 1       9 310
15  51  34  43  -7  22   0 0.00  0.0    0  4.0 13 360   M    M   0        19  30
16  58  30  44  -6  21   0 0.00  0.0    0  6.2 21 120   M    M   5 1      26 120
17  57  47  52   2  13   0 0.35    M    0  4.0 24 310   M    M  10 12     32 310
================================================================================
SM 1038  632       269   3  0.46     2.1  82.6          M       59
================================================================================
AV 61.1 37.2                               4.9 FASTST   M    M   3    MAX(MPH)
                                 MISC ---->  # 24 310               # 32  310
================================================================================
NOTES:
# LAST OF SEVERAL OCCURRENCES

COLUMN 17 PEAK WIND IN M.P.H.

PRELIMINARY LOCAL CLIMATOLOGICAL DATA (WS FORM: F-6) , PAGE 2

                                          STATION:  ALEXANDRIA
                                          MONTH:    DECEMBER
                                          YEAR:     2017
                                          LATITUDE:   31 19 N
                                          LONGITUDE:  92 33 W

[TEMPERATURE DATA]      [PRECIPITATION DATA]       SYMBOLS USED IN COLUMN 16

AVERAGE MONTHLY: 49.1   TOTAL FOR MONTH:   0.46    1 = FOG OR MIST
DPTR FM NORMAL:  -1.8   DPTR FM NORMAL:   -3.43    2 = FOG REDUCING VISIBILITY
HIGHEST:    79 ON  4    GRTST 24HR  0.35 ON 17-17      TO 1/4 MILE OR LESS
LOWEST:     25 ON  9                               3 = THUNDER
                        SNOW, ICE PELLETS, HAIL    4 = ICE PELLETS
                        TOTAL MONTH:   2.1 INCHES  5 = HAIL
                        GRTST 24HR   2.1 ON  8- 8  6 = FREEZING RAIN OR DRIZZLE
                        GRTST DEPTH:   0           7 = DUSTSTORM OR SANDSTORM:
                                                       VSBY 1/2 MILE OR LESS
                                                   8 = SMOKE OR HAZE
[NO. OF DAYS WITH]      [WEATHER - DAYS WITH]      9 = BLOWING SNOW
                                                   X = TORNADO
MAX 32 OR BELOW:   0    0.01 INCH OR MORE:   3
MAX 90 OR ABOVE:   0    0.10 INCH OR MORE:   1
MIN 32 OR BELOW:   5    0.50 INCH OR MORE:   0
MIN  0 OR BELOW:   0    1.00 INCH OR MORE:   0

[HDD (BASE 65) ]
TOTAL THIS MO.   269    CLEAR  (SCALE 0-3)  10
DPTR FM NORMAL    25    PTCLDY (SCALE 4-7)   3
TOTAL FM JUL 1   539    CLOUDY (SCALE 8-10)  4
DPTR FM NORMAL   -30

[CDD (BASE 65) ]
TOTAL THIS MO.     3
DPTR FM NORMAL     1    [PRESSURE DATA]
TOTAL FM JAN 1  2714    HIGHEST SLP M ON M
DPTR FM NORMAL   202    LOWEST  SLP 29.96 ON 17

[REMARKS]
