000
CXUS55 KBOU 251143
CF6AKO
PRELIMINARY LOCAL CLIMATOLOGICAL DATA (WS FORM: F-6)

                                          STATION:   AKRON CO
                                          MONTH:     MAY
                                          YEAR:      2015
                                          LATITUDE:   40 10 N
                                          LONGITUDE: 103 13 W

  TEMPERATURE IN F:       :PCPN:    SNOW:  WIND      :SUNSHINE: SKY     :PK WND
================================================================================
1   2   3   4   5  6A  6B    7    8   9   10  11  12  13   14  15   16   17  18
                                     12Z  AVG MX 2MIN
DY MAX MIN AVG DEP HDD CDD  WTR  SNW DPTH SPD SPD DIR MIN PSBL S-S WX    SPD DR
================================================================================

 1  70  44  57   5   8   0 0.04    M    M  6.7 25 220   M    M   2 3      30 230
 2  79  48  64  12   1   0    T    M    M 10.4 23 320   M    M   1 3      30 330
 3  77  49  63  10   2   0    T    M    M 13.0 28 340   M    M   2        33 330
 4  59  45  52  -1  13   0    T    M    M 11.0 18  90   M    M   9 12     23  80
 5  54  45  50  -4  15   0 0.57    M    M 13.1 25 110   M    M  10 12     31 120
 6  63  47  55   1  10   0 0.86    M    M 13.9 23 350   M    M  10 18     28 320
 7  63  45  54   0  11   0 0.00    M    M 11.3 22 330   M    M   8        26 340
 8  53  41  47  -8  18   0 0.05    M    M 12.4 21 110   M    M  10 1      24 110
 9  53  29  41 -14  24   0 1.54    M    M 21.5 37 350   M    M   9 136    44 360
10  40  28  34 -21  31   0 0.07    M    M 23.0 36 330   M    M   7 1      43 330
11  55  27  41 -15  24   0 0.00    M    M 13.9 25 340   M    M   0        33 350
12  74  35  55  -1  10   0 0.00    M    M 18.8 29 170   M    M   0        38 180
13  59  47  53  -3  12   0 0.43    M    M 13.4 25 180   M    M   6 12     31 190
14  74  43  59   3   6   0 0.00    M    M  9.3 17 130   M    M   2 12     23 170
15  75  47  61   4   4   0    T    M    M 13.3 32 150   M    M   2        41 160
16  65  41  53  -4  12   0 0.07    M    M 10.7 25 270   M    M   3 3      28 270
17  66  42  54  -4  11   0 0.00    M    M 15.0 28 320   M    M   4        35 320
18  56  38  47 -11  18   0 0.12    M    M 10.1 22 120   M    M   8 1      27 120
19  49  34  42 -16  23   0 1.01    M    M 15.8 26 110   M    M  10 12     34 110
20  46  33  40 -18  25   0 0.00    M    M  6.7 13 360   M    M  10 12     15 350
21  56  40  48 -11  17   0 0.00    M    M 13.2 23 150   M    M  10 1      26 150
22  57  45  51  -8  14   0 0.52    M    M 12.7 21 120   M    M  10 12     27 140
23  67  46  57  -2   8   0 0.03    M    M 10.7 28 210   M    M   8 123    35 210
24  65  44  55  -5  10   0 0.22    M    M  7.2 39 260   M    M   5 123    46 260
================================================================================
SM 1475  983       327   0  5.53    M    307.1          M      146
================================================================================
AV 61.5 41.0                              12.8 FASTST   M    M   6    MAX(MPH)
                                 MISC ---->  # 39 260               # 46  260
================================================================================
NOTES:
# LAST OF SEVERAL OCCURRENCES

COLUMN 17 PEAK WIND IN M.P.H.

PRELIMINARY LOCAL CLIMATOLOGICAL DATA (WS FORM: F-6) , PAGE 2

                                          STATION:  AKRON CO
                                          MONTH:    MAY
                                          YEAR:     2015
                                          LATITUDE:   40 10 N
                                          LONGITUDE: 103 13 W

[TEMPERATURE DATA]      [PRECIPITATION DATA]       SYMBOLS USED IN COLUMN 16

AVERAGE MONTHLY: 51.2   TOTAL FOR MONTH:   5.53    1 = FOG OR MIST
DPTR FM NORMAL:  -4.8   DPTR FM NORMAL:    3.34    2 = FOG REDUCING VISIBILITY
HIGHEST:    79 ON  2    GRTST 24HR  1.57 ON  9-10      TO 1/4 MILE OR LESS
LOWEST:     27 ON 11                               3 = THUNDER
                        SNOW, ICE PELLETS, HAIL    4 = ICE PELLETS
                        TOTAL MONTH:    M          5 = HAIL
                        GRTST 24HR    M  ON   M    6 = FREEZING RAIN OR DRIZZLE
                        GRTST DEPTH:  M  ON   M    7 = DUSTSTORM OR SANDSTORM:
                                                       VSBY 1/2 MILE OR LESS
                                                   8 = SMOKE OR HAZE
[NO. OF DAYS WITH]      [WEATHER - DAYS WITH]      9 = BLOWING SNOW
                                                   X = TORNADO
MAX 32 OR BELOW:   0    0.01 INCH OR MORE:  13
MAX 90 OR ABOVE:   0    0.10 INCH OR MORE:   8
MIN 32 OR BELOW:   3    0.50 INCH OR MORE:   5
MIN  0 OR BELOW:   0    1.00 INCH OR MORE:   2

[HDD (BASE 65) ]
TOTAL THIS MO.   327    CLEAR  (SCALE 0-3)   8
DPTR FM NORMAL    99    PTCLDY (SCALE 4-7)   5
TOTAL FM JUL 1  5900    CLOUDY (SCALE 8-10) 11
DPTR FM NORMAL  -321

[CDD (BASE 65) ]
TOTAL THIS MO.     0
DPTR FM NORMAL   -11    [PRESSURE DATA]
TOTAL FM JAN 1     0    HIGHEST SLP M ON M
DPTR FM NORMAL   -13    LOWEST  SLP 29.49 ON 15

[REMARKS]
