000
CXUS55 KALY 210710
CF6ALB
PRELIMINARY LOCAL CLIMATOLOGICAL DATA (WS FORM: F-6)

                                          STATION:   ALBANY NY
                                          MONTH:     FEBRUARY
                                          YEAR:      2017
                                          LATITUDE:   42 45 N
                                          LONGITUDE:  73 48 W

  TEMPERATURE IN F:       :PCPN:    SNOW:  WIND      :SUNSHINE: SKY     :PK WND
================================================================================
1   2   3   4   5  6A  6B    7    8   9   10  11  12  13   14  15   16   17  18
                                     12Z  AVG MX 2MIN
DY MAX MIN AVG DEP HDD CDD  WTR  SNW DPTH SPD SPD DIR MIN PSBL S-S WX    SPD DR
================================================================================

 1  40  22  31   8  34   0 0.06  1.3    3  7.8 21 290   M    M   7 1      28 280
 2  35  18  27   4  38   0    T    T    0  6.3 22 290   M    M   4        27 290
 3  30  19  25   1  40   0 0.00  0.0    0  9.2 21 290   M    M   8        26 290
 4  32  17  25   1  40   0    T    T    0  7.4 17 280   M    M   6        20 280
 5  37  22  30   6  35   0    T    T    0 11.1 30 300   M    M   9        37 310
 6  33  25  29   5  36   0    T    T    0  9.7 32 290   M    M   8        43 290
 7  35  27  31   7  34   0 0.53  0.3    0  4.7 15 170   M    M  10 146    21 170
 8  44  29  37  13  28   0 0.09  0.0    0 12.2 22 300   M    M   9 1      29 180
 9  31   7  19  -6  46   0 0.62 11.2    7 10.5 24 310   M    M   9 12     31 300
10  23   3  13 -12  52   0 0.07  1.0    9  9.5 25 300   M    M   6 1      34 280
11  34  20  27   2  38   0 0.06  0.8    8  6.0 17 170   M    M  10 1      25 160
12  31  23  27   2  38   0 0.70  7.6    7  3.3  8 190   M    M  10 12     13 190
13  33  16  25   0  40   0    T    T   11 15.8 31 290   M    M   7 19     42 290
14  36  15  26   0  39   0    T    T    8  4.1 15 170   M    M   7        21 170
15  39  32  36  10  29   0 0.01    T    7 11.2 25 290   M    M   8 4      33 290
16  33  23  28   2  37   0    T    T    6 20.0 31 280   M    M   8        40 290
17  34  21  28   2  37   0    T    T    6 13.8 24 310   M    M   6        30 310
18  52  18  35   8  30   0 0.00  0.0    6  6.9 17 180   M    M   4        23 190
19  52  31  42  15  23   0 0.00  0.0    5  9.3 28 280   M    M   4        35 270
20  43  26  35   8  30   0 0.00  0.0    2  8.6 21  20   M    M   3        32  20
================================================================================
SM  727  414       724   0  2.14    22.2 187.4          M      143
================================================================================
AV 36.4 20.7                               9.4 FASTST   M    M   7    MAX(MPH)
                                 MISC ---->  # 32 290               # 43  290
================================================================================
NOTES:
# LAST OF SEVERAL OCCURRENCES

COLUMN 17 PEAK WIND IN M.P.H.

PRELIMINARY LOCAL CLIMATOLOGICAL DATA (WS FORM: F-6) , PAGE 2

                                          STATION:  ALBANY NY
                                          MONTH:    FEBRUARY
                                          YEAR:     2017
                                          LATITUDE:   42 45 N
                                          LONGITUDE:  73 48 W

[TEMPERATURE DATA]      [PRECIPITATION DATA]       SYMBOLS USED IN COLUMN 16

AVERAGE MONTHLY: 28.5   TOTAL FOR MONTH:   2.14    1 = FOG OR MIST
DPTR FM NORMAL:   3.5   DPTR FM NORMAL:    0.61    2 = FOG REDUCING VISIBILITY
HIGHEST:    52 ON 19,18 GRTST 24HR  0.70 ON 12-12      TO 1/4 MILE OR LESS
LOWEST:      3 ON 10                               3 = THUNDER
                        SNOW, ICE PELLETS, HAIL    4 = ICE PELLETS
                        TOTAL MONTH:  22.2 INCHES  5 = HAIL
                        GRTST 24HR  11.2 ON   M    6 = FREEZING RAIN OR DRIZZLE
                        GRTST DEPTH:  11 ON 13     7 = DUSTSTORM OR SANDSTORM:
                                                       VSBY 1/2 MILE OR LESS
                                                   8 = SMOKE OR HAZE
[NO. OF DAYS WITH]      [WEATHER - DAYS WITH]      9 = BLOWING SNOW
                                                   X = TORNADO
MAX 32 OR BELOW:   5    0.01 INCH OR MORE:   8
MAX 90 OR ABOVE:   0    0.10 INCH OR MORE:   3
MIN 32 OR BELOW:  20    0.50 INCH OR MORE:   3
MIN  0 OR BELOW:   0    1.00 INCH OR MORE:   0

[HDD (BASE 65) ]
TOTAL THIS MO.   724    CLEAR  (SCALE 0-3)   1
DPTR FM NORMAL   -76    PTCLDY (SCALE 4-7)  12
TOTAL FM JUL 1  4007    CLOUDY (SCALE 8-10)  7
DPTR FM NORMAL  -644

[CDD (BASE 65) ]
TOTAL THIS MO.     0
DPTR FM NORMAL     0    [PRESSURE DATA]
TOTAL FM JAN 1     0    HIGHEST SLP M ON M
DPTR FM NORMAL     0    LOWEST  SLP 29.34 ON 15

[REMARKS]
