000
CXUS55 KALY 240710
CF6ALB
PRELIMINARY LOCAL CLIMATOLOGICAL DATA (WS FORM: F-6)

                                          STATION:   ALBANY NY
                                          MONTH:     FEBRUARY
                                          YEAR:      2018
                                          LATITUDE:   42 45 N
                                          LONGITUDE:  73 48 W

  TEMPERATURE IN F:       :PCPN:    SNOW:  WIND      :SUNSHINE: SKY     :PK WND
================================================================================
1   2   3   4   5  6A  6B    7    8   9   10  11  12  13   14  15   16   17  18
                                     12Z  AVG MX 2MIN
DY MAX MIN AVG DEP HDD CDD  WTR  SNW DPTH SPD SPD DIR MIN PSBL S-S WX    SPD DR
================================================================================

 1  39  28  34  11  31   0 0.02    T    0 11.6 18 170   M    M  10 1      27 160
 2  34   7  21  -2  44   0 0.01    T    0 18.0 36 280   M    M   6 1      52 290
 3  29   5  17  -7  48   0 0.00  0.0    0  9.5 21 160   M    M   5        28 170
 4  34  27  31   7  34   0 0.28  1.9    0 12.0 25 170   M    M  10 16     35 180
 5  34  12  23  -1  42   0    T    T    2 13.0 35 280   M    M   5 1      43 290
 6  30  15  23  -1  42   0    T    T    2  6.5 15 190   M    M   9        21 160
 7  27  13  20  -4  45   0 0.67  6.2    1  4.1 23 300   M    M   9 1246   33 290
 8  26  11  19  -5  46   0    T    T    7  8.1 18 300   M    M   5 8      22 270
 9  30   2  16  -9  49   0    T  0.2    6  6.1 18 160   M    M   7 8      27 150
10  43  30  37  12  28   0 0.18  0.0    6  9.1 16 170   M    M  10 12     24 170
11  37  29  33   8  32   0 0.27  0.0    3  5.0 22 300   M    M  10 126    30 290
12  38  22  30   5  35   0 0.00  0.0    3 16.3 23 290   M    M   7        35 290
13  30  15  23  -2  42   0 0.00  0.0    3  4.8 16 160   M    M   5        23 180
14  45  28  37  11  28   0 0.00  0.0    3  8.9 16 180   M    M   7        24 190
15  53  30  42  16  23   0    T  0.0    2  7.1 17 180   M    M   9 12     23 180
16  47  28  38  12  27   0 0.04    T    0  8.9 30 280   M    M  10 1      40 270
17  36  23  30   4  35   0 0.04  0.6    0  8.7 22 170   M    M   8 1      30 170
18  40  23  32   5  33   0 0.05  1.2    2  7.5 21 330   M    M   8 1      27 340
19  44  23  34   7  31   0 0.25  0.0    0 13.4 26 180   M    M   7 1      34 180
20  63  43  53  26  12   0 0.05  0.0    0 10.9 17 170   M    M   8 1      23 160
21  73  40  57  30   8   0    T  0.0    0 12.3 29 290   M    M   7        38 290
22  40  21  31   3  34   0 0.29  3.9    0  5.8 13  30   M    M   9 1      17 310
23  37  19  28   0  37   0 0.28    T    4  9.4 22 180   M    M   9 1268   29 170
================================================================================
SM  909  494       786   0  2.43    14.0 217.0          M      180
================================================================================
AV 39.5 21.5                               9.4 FASTST   M    M   8    MAX(MPH)
                                 MISC ---->  # 36 280               # 52  290
================================================================================
NOTES:
# LAST OF SEVERAL OCCURRENCES

COLUMN 17 PEAK WIND IN M.P.H.

PRELIMINARY LOCAL CLIMATOLOGICAL DATA (WS FORM: F-6) , PAGE 2

                                          STATION:  ALBANY NY
                                          MONTH:    FEBRUARY
                                          YEAR:     2018
                                          LATITUDE:   42 45 N
                                          LONGITUDE:  73 48 W

[TEMPERATURE DATA]      [PRECIPITATION DATA]       SYMBOLS USED IN COLUMN 16

AVERAGE MONTHLY: 30.5   TOTAL FOR MONTH:   2.43    1 = FOG OR MIST
DPTR FM NORMAL:   5.2   DPTR FM NORMAL:    0.66    2 = FOG REDUCING VISIBILITY
HIGHEST:    73 ON 21    GRTST 24HR  0.67 ON  7- 7      TO 1/4 MILE OR LESS
LOWEST:      2 ON  9                               3 = THUNDER
                        SNOW, ICE PELLETS, HAIL    4 = ICE PELLETS
                        TOTAL MONTH:  14.0 INCHES  5 = HAIL
                        GRTST 24HR   6.2 ON  7- 7  6 = FREEZING RAIN OR DRIZZLE
                        GRTST DEPTH:   7 ON  8     7 = DUSTSTORM OR SANDSTORM:
                                                       VSBY 1/2 MILE OR LESS
                                                   8 = SMOKE OR HAZE
[NO. OF DAYS WITH]      [WEATHER - DAYS WITH]      9 = BLOWING SNOW
                                                   X = TORNADO
MAX 32 OR BELOW:   6    0.01 INCH OR MORE:  13
MAX 90 OR ABOVE:   0    0.10 INCH OR MORE:   7
MIN 32 OR BELOW:  21    0.50 INCH OR MORE:   1
MIN  0 OR BELOW:   0    1.00 INCH OR MORE:   0

[HDD (BASE 65) ]
TOTAL THIS MO.   786    CLEAR  (SCALE 0-3)   0
DPTR FM NORMAL  -126    PTCLDY (SCALE 4-7)  12
TOTAL FM JUL 1  4424    CLOUDY (SCALE 8-10) 11
DPTR FM NORMAL  -339

[CDD (BASE 65) ]
TOTAL THIS MO.     0
DPTR FM NORMAL     0    [PRESSURE DATA]
TOTAL FM JAN 1     0    HIGHEST SLP M ON M
DPTR FM NORMAL     0    LOWEST  SLP 29.57 ON 16

[REMARKS]
