000
CXUS55 KALY 260710
CF6ALB
PRELIMINARY LOCAL CLIMATOLOGICAL DATA (WS FORM: F-6)

                                          STATION:   ALBANY NY
                                          MONTH:     MARCH
                                          YEAR:      2017
                                          LATITUDE:   42 45 N
                                          LONGITUDE:  73 48 W

  TEMPERATURE IN F:       :PCPN:    SNOW:  WIND      :SUNSHINE: SKY     :PK WND
================================================================================
1   2   3   4   5  6A  6B    7    8   9   10  11  12  13   14  15   16   17  18
                                     12Z  AVG MX 2MIN
DY MAX MIN AVG DEP HDD CDD  WTR  SNW DPTH SPD SPD DIR MIN PSBL S-S WX    SPD DR
================================================================================

 1  66  53  60  30   5   0    T  0.0    0 14.5 33 270   M    M   8        44 260
 2  56  26  41  11  24   0 0.03    T    0 18.8 37 290   M    M   6 1      54 270
 3  35  16  26  -4  39   0    T  0.2    0 15.3 32 270   M    M   4 18     40 280
 4  23   8  16 -14  49   0 0.00  0.0    0 15.5 31 300   M    M   3        40 310
 5  30   5  18 -13  47   0 0.00  0.0    0  8.4 16 330   M    M   0        20 320
 6  43  13  28  -3  37   0 0.00  0.0    0  5.2 12 180   M    M   5        22 160
 7  50  36  43  11  22   0 0.15  0.0    0 13.6 18 170   M    M  10 1      32 180
 8  58  41  50  18  15   0 0.03  0.0    0 12.1 36 260   M    M   7 1      46 240
 9  46  33  40   8  25   0    T    T    0 13.8 30 300   M    M   5        38 290
10  37  15  26  -7  39   0    T    T    0 15.0 32 290   M    M   6 9      43 290
11  22   7  15 -18  50   0    T    T    0 17.5 32 280   M    M   5        45 290
12  23   6  15 -18  50   0 0.00  0.0    0 14.9 31 300   M    M   3        38 290
13  30  10  20 -14  45   0 0.00  0.0    0  5.6 12 290   M    M   6        16 330
14  26  18  22 -12  43   0 1.58 17.0    4 14.2 31 280   M    M  10 1289   43 290
15  24  14  19 -15  46   0    T    T   15 18.0 29 290   M    M   8 9      37 290
16  32  18  25 -10  40   0 0.00  0.0   14 17.5 32 300   M    M   6        40 290
17  40  16  28  -7  37   0 0.00  0.0   12 10.0 23 290   M    M   3 8      30 280
18  42  11  27  -9  38   0    T    T   11  2.0 12 220   M    M   6        16 150
19  44  30  37   1  28   0 0.00  0.0   11  7.8 17  20   M    M   4        23  30
20  49  19  34  -2  31   0 0.00  0.0    8  5.0 12 290   M    M   5        15 290
21  51  32  42   5  23   0 0.00  0.0    6  5.8 23 310   M    M   6        32 320
22  39  17  28  -9  37   0 0.00  0.0    4 17.8 30 290   M    M   3        42 300
23  37  13  25 -13  40   0 0.00  0.0    4  8.4 22 300   M    M   2        26 280
24  43  27  35  -3  30   0 0.09  0.3    3  9.9 21 180   M    M  10 46     29 180
25  40  31  36  -3  29   0 0.22  0.1    2  6.3 15 360   M    M  10 148    20 360
================================================================================
SM  986  515       869   0  2.10    17.6 292.9          M      141
================================================================================
AV 39.4 20.6                              11.7 FASTST   M    M   6    MAX(MPH)
                                 MISC ---->  # 37 290               # 54  270
================================================================================
NOTES:
# LAST OF SEVERAL OCCURRENCES

COLUMN 17 PEAK WIND IN M.P.H.

PRELIMINARY LOCAL CLIMATOLOGICAL DATA (WS FORM: F-6) , PAGE 2

                                          STATION:  ALBANY NY
                                          MONTH:    MARCH
                                          YEAR:     2017
                                          LATITUDE:   42 45 N
                                          LONGITUDE:  73 48 W

[TEMPERATURE DATA]      [PRECIPITATION DATA]       SYMBOLS USED IN COLUMN 16

AVERAGE MONTHLY: 30.0   TOTAL FOR MONTH:   2.10    1 = FOG OR MIST
DPTR FM NORMAL:  -3.8   DPTR FM NORMAL:   -0.47    2 = FOG REDUCING VISIBILITY
HIGHEST:    66 ON  1    GRTST 24HR  1.58 ON 14-14      TO 1/4 MILE OR LESS
LOWEST:      5 ON  5                               3 = THUNDER
                        SNOW, ICE PELLETS, HAIL    4 = ICE PELLETS
                        TOTAL MONTH:  17.6 INCHES  5 = HAIL
                        GRTST 24HR  17.0 ON 14-14  6 = FREEZING RAIN OR DRIZZLE
                        GRTST DEPTH:  15 ON 15     7 = DUSTSTORM OR SANDSTORM:
                                                       VSBY 1/2 MILE OR LESS
                                                   8 = SMOKE OR HAZE
[NO. OF DAYS WITH]      [WEATHER - DAYS WITH]      9 = BLOWING SNOW
                                                   X = TORNADO
MAX 32 OR BELOW:   8    0.01 INCH OR MORE:   6
MAX 90 OR ABOVE:   0    0.10 INCH OR MORE:   3
MIN 32 OR BELOW:  21    0.50 INCH OR MORE:   1
MIN  0 OR BELOW:   0    1.00 INCH OR MORE:   1

[HDD (BASE 65) ]
TOTAL THIS MO.   869    CLEAR  (SCALE 0-3)   5
DPTR FM NORMAL    91    PTCLDY (SCALE 4-7)  15
TOTAL FM JUL 1  5032    CLOUDY (SCALE 8-10)  5
DPTR FM NORMAL  -690

[CDD (BASE 65) ]
TOTAL THIS MO.     0
DPTR FM NORMAL     0    [PRESSURE DATA]
TOTAL FM JAN 1     0    HIGHEST SLP M ON M
DPTR FM NORMAL     0    LOWEST  SLP 29.28 ON  1

[REMARKS]
