000
CXUS54 KCRP 221300
CF6ALI
PRELIMINARY LOCAL CLIMATOLOGICAL DATA (WS FORM: F-6)

                                          STATION:   ALICE
                                          MONTH:     MARCH
                                          YEAR:      2017
                                          LATITUDE:   27 44 N
                                          LONGITUDE:  98  1 W

  TEMPERATURE IN F:       :PCPN:    SNOW:  WIND      :SUNSHINE: SKY     :PK WND
================================================================================
1   2   3   4   5  6A  6B    7    8   9   10  11  12  13   14  15   16   17  18
                                     12Z  AVG MX 2MIN
DY MAX MIN AVG DEP HDD CDD  WTR  SNW DPTH SPD SPD DIR MIN PSBL S-S WX    SPD DR
================================================================================

 1  84  60  72   8   0   7 0.00  0.0    0 10.9 24  40   M    M   7 18     31  40
 2  73  52  63  -1   2   0    T  0.0    0 12.3 23  40   M    M   3        29  40
 3  69  56  63  -1   2   0 0.02  0.0    0 10.2 18  90   M    M  10        26  80
 4  65  56  61  -4   4   0 2.28  0.0    0 11.3 32  70   M    M  10 1      37  70
 5  80  63  72   7   0   7 0.29  0.0    0  7.5 17 180   M    M   6 1      21 180
 6  88  68  78  13   0  13 0.00  0.0    0 13.6 24 140   M    M   9 1      30 140
 7  85  66  76  11   0  11 0.02  0.0    0  9.6 16  50   M    M   9 1      23  30
 8  79  65  72   7   0   7 0.39  0.0    0  8.5 23 130   M    M   9 13     30 130
 9  79  65  72   7   0   7 0.66  0.0    0  6.0 20 150   M    M   7 123    30 150
10  73  65  69   3   0   4 0.84  0.0    0  8.2 25 100   M    M   9 123    32 110
11  80  66  73   7   0   8    T  0.0    0  5.1 10  60   M    M   6 1      13  30
12  68  53  61  -5   4   0    T  0.0    0 11.2 25  20   M    M  10 1      32  20
13  69  52  61  -5   4   0 0.00  0.0    0  5.8 20 340   M    M   8 1      25 340
14  76  48  62  -4   3   0 0.00  0.0    0  7.5 15 130   M    M   0        20 130
15  75  51  63  -3   2   0 0.00  0.0    0  8.4 18 110   M    M   7        23 130
16  84  59  72   6   0   7 0.00  0.0    0 12.2 25 140   M    M   5 1      32 140
17  89  64  77  10   0  12 0.00  0.0    0 14.4 25 150   M    M   3        31 160
18  86  63  75   8   0  10 0.00  0.0    0  9.5 23 130   M    M   5 12     29 130
19  89  58  74   7   0   9 0.00  0.0    0  7.9 21 140   M    M   5 12     27 130
20  89  54  72   5   0   7 0.00  0.0    0 10.2 22 120   M    M   3 12     27 190
21  88  58  73   6   0   8 0.00  0.0    0 10.6 21 130   M    M   2 12     27 140
================================================================================
SM 1668 1242        21 117  4.50     0.0 200.9          M      133
================================================================================
AV 79.4 59.1                               9.6 FASTST   M    M   6    MAX(MPH)
                                 MISC ---->  # 32  70               # 37   70
================================================================================
NOTES:
# LAST OF SEVERAL OCCURRENCES

COLUMN 17 PEAK WIND IN M.P.H.

PRELIMINARY LOCAL CLIMATOLOGICAL DATA (WS FORM: F-6) , PAGE 2

                                          STATION:  ALICE
                                          MONTH:    MARCH
                                          YEAR:     2017
                                          LATITUDE:   27 44 N
                                          LONGITUDE:  98  1 W

[TEMPERATURE DATA]      [PRECIPITATION DATA]       SYMBOLS USED IN COLUMN 16

AVERAGE MONTHLY: 69.3   TOTAL FOR MONTH:   4.50    1 = FOG OR MIST
DPTR FM NORMAL:   3.6   DPTR FM NORMAL:    3.32    2 = FOG REDUCING VISIBILITY
HIGHEST:    89 ON 20,19 GRTST 24HR  2.28 ON  4- 4      TO 1/4 MILE OR LESS
LOWEST:     48 ON 14                               3 = THUNDER
                        SNOW, ICE PELLETS, HAIL    4 = ICE PELLETS
                        TOTAL MONTH:   0.0 INCH    5 = HAIL
                        GRTST 24HR     0.0         6 = FREEZING RAIN OR DRIZZLE
                        GRTST DEPTH:   0           7 = DUSTSTORM OR SANDSTORM:
                                                       VSBY 1/2 MILE OR LESS
                                                   8 = SMOKE OR HAZE
[NO. OF DAYS WITH]      [WEATHER - DAYS WITH]      9 = BLOWING SNOW
                                                   X = TORNADO
MAX 32 OR BELOW:   0    0.01 INCH OR MORE:   7
MAX 90 OR ABOVE:   0    0.10 INCH OR MORE:   5
MIN 32 OR BELOW:   0    0.50 INCH OR MORE:   3
MIN  0 OR BELOW:   0    1.00 INCH OR MORE:   1

[HDD (BASE 65) ]
TOTAL THIS MO.    21    CLEAR  (SCALE 0-3)   5
DPTR FM NORMAL   -38    PTCLDY (SCALE 4-7)   9
TOTAL FM JUL 1   366    CLOUDY (SCALE 8-10)  7
DPTR FM NORMAL  -497

[CDD (BASE 65) ]
TOTAL THIS MO.   117
DPTR FM NORMAL    44    [PRESSURE DATA]
TOTAL FM JAN 1   400    HIGHEST SLP M ON M
DPTR FM NORMAL   241    LOWEST  SLP 29.84 ON  1

[REMARKS]
