000
CXUS54 KCRP 281210
CF6ALI
PRELIMINARY LOCAL CLIMATOLOGICAL DATA (WS FORM: F-6)
STATION: ALICE
MONTH: MARCH
YEAR: 2024
LATITUDE: 27 44 N
LONGITUDE: 98 1 W
TEMPERATURE IN F: :PCPN: SNOW: WIND :SUNSHINE: SKY :PK WND
================================================================================
1 2 3 4 5 6A 6B 7 8 9 10 11 12 13 14 15 16 17 18
12Z AVG MX 2MIN
DY MAX MIN AVG DEP HDD CDD WTR SNW DPTH SPD SPD DIR MIN PSBL S-S WX SPD DR
================================================================================
1 68 50 59 -5 6 0 T 0.0 0 5.5 13 30 M M 8 1 17 340
2 81 47 64 0 1 0 0.00 0.0 0 6.4 18 130 M M 4 1 24 140
3 81 64 73 8 0 8 0.00 0.0 0 7.7 20 140 M M 9 1 24 150
4 81 69 75 10 0 10 0.00 0.0 0 6.0 17 130 M M 6 128 24 130
5 94 64 79 14 0 14 0.00 0.0 0 6.6 15 130 M M 4 128 20 130
6 87 63 75 10 0 10 0.00 0.0 0 10.4 20 120 M M 5 18 26 110
7 83 71 77 12 0 12 0.00 0.0 0 13.3 23 130 M M 10 18 30 130
8 89 66 78 12 0 13 0.00 0.0 0 10.9 26 20 M M 5 18 35 10
9 71 51 61 -5 4 0 0.00 0.0 0 13.4 24 350 M M 1 33 360
10 72 45 59 -7 6 0 0.00 0.0 0 7.5 15 90 M M 3 26 100
11 79 52 66 0 0 1 T 0.0 0 7.5 18 140 M M 5 24 140
12 80 56 68 2 0 3 0.00 0.0 0 9.2 22 130 M M 5 1 29 130
13 94 65 80 13 0 15 0.00 0.0 0 12.9 24 140 M M 5 1 34 130
14 87 71 79 12 0 14 0.00 0.0 0 12.6 20 110 M M 8 18 29 150
15 86 71 79 12 0 14 0.04 0.0 0 11.0 22 20 M M 9 138 30 10
16 88 67 78 11 0 13 0.04 0.0 0 9.0 26 140 M M 3 13 35 140
17 76 66 71 3 0 6 1.19 0.0 0 9.3 21 90 M M 9 138 34 250
18 70 54 62 -6 3 0 0.02 0.0 0 11.7 21 40 M M 10 13 29 40
19 64 53 59 -9 6 0 0.02 0.0 0 7.0 13 60 M M 10 3 17 30
20 68 58 63 -5 2 0 0.11 0.0 0 7.4 14 100 M M 10 18 19 80
21 78 61 70 2 0 5 0.02 0.0 0 8.2 16 300 M M 7 1 21 310
22 92 56 74 5 0 9 0.00 0.0 0 10.6 24 310 M M 1 12 35 300
23 80 51 66 -3 0 1 0.00 0.0 0 6.2 17 120 M M 0 1 28 90
24 83 57 70 1 0 5 0.00 0.0 0 14.6 26 180 M M 7 1 37 150
25 86 60 73 4 0 8 0.00 0.0 0 11.5 23 180 M M 4 33 170
26 80 53 67 -3 0 2 0.00 0.0 0 8.0 20 10 M M 0 24 110
27 77 51 64 -6 1 0 0.00 0.0 0 7.9 17 350 M M 2 23 350
================================================================================
SM 2175 1592 29 163 1.44 0.0 252.3 M 150
================================================================================
AV 80.6 59.0 9.3 FASTST M M 6 MAX(MPH)
MISC ----> # 26 20 37 150
================================================================================
NOTES:
# LAST OF SEVERAL OCCURRENCES
COLUMN 17 PEAK WIND IN M.P.H.
PRELIMINARY LOCAL CLIMATOLOGICAL DATA (WS FORM: F-6) , PAGE 2
STATION: ALICE
MONTH: MARCH
YEAR: 2024
LATITUDE: 27 44 N
LONGITUDE: 98 1 W
[TEMPERATURE DATA] [PRECIPITATION DATA] SYMBOLS USED IN COLUMN 16
AVERAGE MONTHLY: 69.8 TOTAL FOR MONTH: 1.44 1 = FOG OR MIST
DPTR FM NORMAL: 2.8 DPTR FM NORMAL: -0.51 2 = FOG REDUCING VISIBILITY
HIGHEST: 94 ON 13, 5 GRTST 24HR 1.20 ON 16-17 TO 1/4 MILE OR LESS
LOWEST: 45 ON 10 3 = THUNDER
SNOW, ICE PELLETS, HAIL 4 = ICE PELLETS
TOTAL MONTH: 0.0 INCH 5 = HAIL
GRTST 24HR 0.0 6 = FREEZING RAIN OR DRIZZLE
GRTST DEPTH: 0 7 = DUSTSTORM OR SANDSTORM:
VSBY 1/2 MILE OR LESS
8 = SMOKE OR HAZE
[NO. OF DAYS WITH] [WEATHER - DAYS WITH] 9 = BLOWING SNOW
X = TORNADO
MAX 32 OR BELOW: 0 0.01 INCH OR MORE: 7
MAX 90 OR ABOVE: 3 0.10 INCH OR MORE: 2
MIN 32 OR BELOW: 0 0.50 INCH OR MORE: 1
MIN 0 OR BELOW: 0 1.00 INCH OR MORE: 1
[HDD (BASE 65) ]
TOTAL THIS MO. 29 CLEAR (SCALE 0-3) 6
DPTR FM NORMAL -42 PTCLDY (SCALE 4-7) 13
TOTAL FM JUL 1 659 CLOUDY (SCALE 8-10) 8
DPTR FM NORMAL -208
[CDD (BASE 65) ]
TOTAL THIS MO. 163
DPTR FM NORMAL 39 [PRESSURE DATA]
TOTAL FM JAN 1 265 HIGHEST SLP M ON M
DPTR FM NORMAL 43 LOWEST SLP 29.40 ON 25
[REMARKS]