000
CXUS53 KDMX 280920
CF6ALO
PRELIMINARY LOCAL CLIMATOLOGICAL DATA (WS FORM: F-6)

                                          STATION:   WATERLOO IA
                                          MONTH:     SEPTEMBER
                                          YEAR:      2016
                                          LATITUDE:   42 32 N
                                          LONGITUDE:  92 24 W

  TEMPERATURE IN F:       :PCPN:    SNOW:  WIND      :SUNSHINE: SKY     :PK WND
================================================================================
1   2   3   4   5  6A  6B    7    8   9   10  11  12  13   14  15   16   17  18
                                     12Z  AVG MX 2MIN
DY MAX MIN AVG DEP HDD CDD  WTR  SNW DPTH SPD SPD DIR MIN PSBL S-S WX    SPD DR
================================================================================

 1  76  54  65  -4   0   0 0.00  0.0    0  6.8 16  70   M    M   2        22  60
 2  76  50  63  -5   2   0 0.00  0.0    0  4.8 13 110   M    M   1        15 120
 3  76  51  64  -4   1   0 0.00  0.0    0  8.3 16 160   M    M   2        21 180
 4  80  62  71   3   0   6 0.00  0.0    0 13.2 22 160   M    M   2        28 150
 5  89  66  78  11   0  13 0.01  0.0    0 12.9 24 180   M    M   2        30 190
 6  92  73  83  16   0  18 0.00  0.0    0 11.8 20 190   M    M   3        26 200
 7  79  69  74   7   0   9 0.42  0.0    0  6.3 16  50   M    M   8 138    21 190
 8  83  61  72   6   0   7 0.00  0.0    0  4.4 14 320   M    M   4 12     17 320
 9  77  61  69   3   0   4 0.92  0.0    0  9.2 31 330   M    M   6 123    37  20
10  73  52  63  -3   2   0 0.02  0.0    0  9.2 23 320   M    M   4 1      31 310
11  77  48  63  -2   2   0 0.00  0.0    0  9.6 21 180   M    M   0        26 200
12  83  56  70   5   0   5 0.00  0.0    0 12.5 24 170   M    M   2        31 160
13  71  59  65   1   0   0 0.14  0.0    0  9.3 20 350   M    M   9 3      24 350
14  76  54  65   1   0   0 0.00  0.0    0  4.7 12  40   M    M   3        15  40
15  81  55  68   4   0   3 1.51  0.0    0 10.6 47 330   M    M   7 3      61 330
16  73  61  67   4   0   2 0.41  0.0    0  6.5 17 140   M    M   5        24 130
17  72  52  62  -1   3   0 0.00  0.0    0  7.2 18 320   M    M   2        22 320
18  84  50  67   5   0   2 0.00  0.0    0  9.0 23 220   M    M   0        29 230
19  82  53  68   6   0   3 0.01  0.0    0  6.7 18  20   M    M   2        23  30
20  86  48  67   6   0   2 0.00  0.0    0  6.4 16 140   M    M   3 1      21 130
21  84  69  77  16   0  12 0.00  0.0    0 13.0 25 130   M    M   2 3      32 130
22  74  64  69   9   0   4 3.21  0.0    0 10.1 29  70   M    M   9 3      37 360
23  77  64  71  11   0   6 0.37  0.0    0  9.2 18 100   M    M   9 138    24  80
24  81  64  73  14   0   8 0.00  0.0    0 11.1 18 130   M    M   6 18     25 140
25  72  54  63   4   2   0 0.30  0.0    0 11.2 22 280   M    M   7 13     30 270
26  70  49  60   2   5   0 0.00  0.0    0 13.0 25 270   M    M   0        35 260
27  72  45  59   1   6   0 0.00  0.0    0 10.5 22 300   M    M   2        29 310
================================================================================
SM 2116 1544        23 104  7.32     0.0 247.5          M      102
================================================================================
AV 78.4 57.2                               9.2 FASTST   M    M   4    MAX(MPH)
                                 MISC ---->  # 47 330               # 61  330
================================================================================
NOTES:
# LAST OF SEVERAL OCCURRENCES

COLUMN 17 PEAK WIND IN M.P.H.

PRELIMINARY LOCAL CLIMATOLOGICAL DATA (WS FORM: F-6) , PAGE 2

                                          STATION:  WATERLOO IA
                                          MONTH:    SEPTEMBER
                                          YEAR:     2016
                                          LATITUDE:   42 32 N
                                          LONGITUDE:  92 24 W

[TEMPERATURE DATA]      [PRECIPITATION DATA]       SYMBOLS USED IN COLUMN 16

AVERAGE MONTHLY: 67.8   TOTAL FOR MONTH:   7.32    1 = FOG OR MIST
DPTR FM NORMAL:   4.1   DPTR FM NORMAL:    4.94    2 = FOG REDUCING VISIBILITY
HIGHEST:    92 ON  6    GRTST 24HR  3.47 ON 22-23      TO 1/4 MILE OR LESS
LOWEST:     45 ON 27                               3 = THUNDER
                        SNOW, ICE PELLETS, HAIL    4 = ICE PELLETS
                        TOTAL MONTH:   0.0 INCH    5 = HAIL
                        GRTST 24HR     0.0         6 = FREEZING RAIN OR DRIZZLE
                        GRTST DEPTH:   0           7 = DUSTSTORM OR SANDSTORM:
                                                       VSBY 1/2 MILE OR LESS
                                                   8 = SMOKE OR HAZE
[NO. OF DAYS WITH]      [WEATHER - DAYS WITH]      9 = BLOWING SNOW
                                                   X = TORNADO
MAX 32 OR BELOW:   0    0.01 INCH OR MORE:  11
MAX 90 OR ABOVE:   1    0.10 INCH OR MORE:   8
MIN 32 OR BELOW:   0    0.50 INCH OR MORE:   3
MIN  0 OR BELOW:   0    1.00 INCH OR MORE:   2

[HDD (BASE 65) ]
TOTAL THIS MO.    23    CLEAR  (SCALE 0-3)  15
DPTR FM NORMAL   -89    PTCLDY (SCALE 4-7)   9
TOTAL FM JUL 1    28    CLOUDY (SCALE 8-10)  3
DPTR FM NORMAL  -104

[CDD (BASE 65) ]
TOTAL THIS MO.   104
DPTR FM NORMAL    29    [PRESSURE DATA]
TOTAL FM JAN 1   857    HIGHEST SLP M ON M
DPTR FM NORMAL    70    LOWEST  SLP 29.79 ON 27

[REMARKS]
