000
CXUS53 KDMX 230920
CF6ALO
PRELIMINARY LOCAL CLIMATOLOGICAL DATA (WS FORM: F-6)

                                          STATION:   WATERLOO IA
                                          MONTH:     JANUARY
                                          YEAR:      2017
                                          LATITUDE:   42 32 N
                                          LONGITUDE:  92 24 W

  TEMPERATURE IN F:       :PCPN:    SNOW:  WIND      :SUNSHINE: SKY     :PK WND
================================================================================
1   2   3   4   5  6A  6B    7    8   9   10  11  12  13   14  15   16   17  18
                                     12Z  AVG MX 2MIN
DY MAX MIN AVG DEP HDD CDD  WTR  SNW DPTH SPD SPD DIR MIN PSBL S-S WX    SPD DR
================================================================================

 1  36  15  26   7  39   0 0.00  0.0    0  7.0 15 110   M    M   2        18 210
 2  34  31  33  14  32   0 0.50  0.0    0  9.2 20 110   M    M  10 18     22 110
 3  33   7  20   1  45   0    T    T    0 17.2 29 300   M    M   7 1      39 300
 4   8   1   5 -13  60   0 0.00  0.0    0 14.5 25 310   M    M   2        31 300
 5   8  -1   4 -14  61   0    T    T    T  9.1 20 320   M    M   7 8      22 320
 6   9  -5   2 -16  63   0 0.00  0.0    0  5.9 16 310   M    M   4        21 320
 7  15   2   9  -9  56   0 0.00  0.0    0  6.7 20 320   M    M   2        23 320
 8  21  -3   9  -9  56   0 0.00  0.0    0 10.7 23 170   M    M   4        30 160
 9  30  14  22   4  43   0    T    T    0  9.5 24 170   M    M   5 8      29 160
10  37  19  28  10  37   0 0.77  0.1    0 14.7 33 300   M    M   8 18     41 290
11  29  12  21   3  44   0    T    T    T 12.2 24 340   M    M   5 18     30  10
12  20   6  13  -5  52   0 0.03  0.5    T 12.9 22 360   M    M   5 18     26 360
13  14   3   9  -9  56   0    T    T    T  8.7 16 360   M    M   5        20 350
14  29  13  21   3  44   0 0.00  0.0    T  2.5 10 270   M    M   3        13 360
15  33  12  23   5  42   0 0.00  0.0    T  3.2  8 120   M    M   0 1       9 150
16  33  29  31  13  34   0 0.63  0.0    T  7.5 13  80   M    M  10 16     16 100
17  34  31  33  15  32   0 0.00  0.0    T  8.8 15 310   M    M  10 1      21 300
18  37  28  33  15  32   0 0.00  0.0    0 10.0 18 190   M    M   6 1      23 240
19  37  31  34  16  31   0 0.37  0.0    0  7.2 15 100   M    M  10 126    19 110
20  39  33  36  18  29   0    T  0.0    0  5.4 10 130   M    M  10 12     17 240
21  45  30  38  20  27   0 0.08  0.0    0  5.7 15 210   M    M   9 12     19 220
22  38  30  34  16  31   0 0.00  0.0    0  7.9 17 330   M    M  10 12     22 330
================================================================================
SM  619  338       946   0  2.38     0.6 196.5          M      134
================================================================================
AV 28.1 15.4                               8.9 FASTST   M    M   6    MAX(MPH)
                                 MISC ---->  # 33 300               # 41  290
================================================================================
NOTES:
# LAST OF SEVERAL OCCURRENCES

COLUMN 17 PEAK WIND IN M.P.H.

PRELIMINARY LOCAL CLIMATOLOGICAL DATA (WS FORM: F-6) , PAGE 2

                                          STATION:  WATERLOO IA
                                          MONTH:    JANUARY
                                          YEAR:     2017
                                          LATITUDE:   42 32 N
                                          LONGITUDE:  92 24 W

[TEMPERATURE DATA]      [PRECIPITATION DATA]       SYMBOLS USED IN COLUMN 16

AVERAGE MONTHLY: 21.8   TOTAL FOR MONTH:   2.38    1 = FOG OR MIST
DPTR FM NORMAL:   3.6   DPTR FM NORMAL:    1.81    2 = FOG REDUCING VISIBILITY
HIGHEST:    45 ON 21    GRTST 24HR  0.77 ON 10-10      TO 1/4 MILE OR LESS
LOWEST:     -5 ON  6                               3 = THUNDER
                        SNOW, ICE PELLETS, HAIL    4 = ICE PELLETS
                        TOTAL MONTH:   0.6 INCH    5 = HAIL
                        GRTST 24HR   0.5 ON 12-12  6 = FREEZING RAIN OR DRIZZLE
                        GRTST DEPTH:   0           7 = DUSTSTORM OR SANDSTORM:
                                                       VSBY 1/2 MILE OR LESS
                                                   8 = SMOKE OR HAZE
[NO. OF DAYS WITH]      [WEATHER - DAYS WITH]      9 = BLOWING SNOW
                                                   X = TORNADO
MAX 32 OR BELOW:  10    0.01 INCH OR MORE:   6
MAX 90 OR ABOVE:   0    0.10 INCH OR MORE:   4
MIN 32 OR BELOW:  21    0.50 INCH OR MORE:   3
MIN  0 OR BELOW:   3    1.00 INCH OR MORE:   0

[HDD (BASE 65) ]
TOTAL THIS MO.   946    CLEAR  (SCALE 0-3)   5
DPTR FM NORMAL   -84    PTCLDY (SCALE 4-7)  10
TOTAL FM JUL 1  3258    CLOUDY (SCALE 8-10)  7
DPTR FM NORMAL  -583

[CDD (BASE 65) ]
TOTAL THIS MO.     0
DPTR FM NORMAL     0    [PRESSURE DATA]
TOTAL FM JAN 1     0    HIGHEST SLP M ON M
DPTR FM NORMAL     0    LOWEST  SLP 29.31 ON 10

[REMARKS]
