000
CXUS55 KPUB 011514
CF6ALS

PRELIMINARY LOCAL CLIMATOLOGICAL DATA (WS FORM: F-6)

                                          STATION:   ALAMOSA CO
                                          MONTH:     AUGUST
                                          YEAR:      2015
                                          LATITUDE:   37 27 N
                                          LONGITUDE: 105 52 W

  TEMPERATURE IN F:       :PCPN:    SNOW:  WIND      :SUNSHINE: SKY     :PK WND
================================================================================
1   2   3   4   5  6A  6B    7    8   9   10  11  12  13   14  15   16   17  18
                                     12Z  AVG MX 2MIN
DY MAX MIN AVG DEP HDD CDD  WTR  SNW DPTH SPD SPD DIR MIN PSBL S-S WX    SPD DR
================================================================================

 1  77  54  66   2   0   1    T  0.0    0  5.8 20 110   M    M   3        25 110
 2  80  48  64   0   1   0 0.08  0.0    0  4.9 21 100   M    M   4 1      26 110
 3  75  50  63  -1   2   0 0.03  0.0    0  3.9 20 320   M    M   6 3      26 320
 4  83  43  63  -1   2   0 0.00  0.0    0  5.4 16 350   M    M   2 1      21 360
 5  86  43  65   1   0   0 0.00  0.0    0  6.3 18 230   M    M   0        24 230
 6  87  43  65   1   0   0 0.00  0.0    0  6.3 14 310   M    M   0        18  20
 7  85  41  63  -1   2   0 0.04  0.0    0  9.4 37 220   M    M   4 3      46 210
 8  79  47  63  -1   2   0    T  0.0    0  5.1 18 360   M    M   3 1      26  10
 9  83  43  63  -1   2   0 0.00  0.0    0  5.9 14 340   M    M   0        19 350
10  84  44  64   0   1   0 0.00  0.0    0  7.8 21 120   M    M   2        28 130
11  81  58  70   6   0   5 0.00  0.0    0  6.2 17 140   M    M   6 3      23 230
12  85  54  70   7   0   5 0.00  0.0    0  5.0 16 330   M    M   3        23 310
13  87  44  66   3   0   1 0.00  0.0    0  5.6 25 310   M    M   2        33 310
14  88  51  70   7   0   5    T  0.0    0  5.8 24 260   M    M   3 3      30 270
15  88  47  68   5   0   3    T  0.0    0  7.6 31 290   M    M   2        39 290
16  86  49  68   5   0   3 0.01  0.0    0  7.2 29 260   M    M   2        34 250
17  81  50  66   3   0   1    T  0.0    0  7.1 26 330   M    M   3 3      35 330
18  85  41  63   0   2   0 0.00  0.0    0  6.3 18  10   M    M   0        25  20
19  80  39  60  -2   5   0 0.00  0.0    0  4.8 17 360   M    M   0        22 350
20  82  36  59  -3   6   0 0.00  0.0    0  5.0 15  10   M    M   0        19 360
21  83  42  63   1   2   0 0.00  0.0    0  7.9 30 240   M    M   0        37 250
22  84  40  62   0   3   0 0.00  0.0    0  5.8 25 320   M    M   0        32 310
23  81  44  63   1   2   0 0.03  0.0    0  6.4 32 300   M    M   3 18     41 300
24  84  35  60  -2   5   0 0.00  0.0    0  3.5 14 140   M    M   1 12     19 240
25  86  44  65   3   0   0 0.05  0.0    0  5.5 16 100   M    M   1 8      22  80
26  74  48  61   0   4   0 0.22  0.0    0  5.3 39 210   M    M   2 3      52 210
27  77  46  62   1   3   0    T  0.0    0  6.0 16 340   M    M   3 12     21 360
28  82  43  63   2   2   0 0.00  0.0    0  7.3 20 110   M    M   0        26  90
29  81  45  63   2   2   0 0.00  0.0    0  6.9 18 190   M    M   2        25 190
30  84  47  66   6   0   1 0.00  0.0    0  5.7 21 310   M    M   2        26 290
31  79  51  65   5   0   0 0.04  0.0    0  5.7 23 170   M    M   6        28 160
================================================================================
SM 2557 1410        48  25 0.50  0.0     187.4          M       65
================================================================================
AV 82.5 45.5                               6.0 FASTST   M    M   2    MAX(MPH)
                                 MISC ---->    39 210                     52 210
================================================================================
NOTES:
# LAST OF SEVERAL OCCURRENCES

COLUMN 17 PEAK WIND IN M.P.H.

PRELIMINARY LOCAL CLIMATOLOGICAL DATA (WS FORM: F-6) , PAGE 2

                                          STATION:  ALAMOSA CO
                                          MONTH:    AUGUST
                                          YEAR:     2015
                                          LATITUDE:   37 27 N
                                          LONGITUDE: 105 52 W

[TEMPERATURE DATA]      [PRECIPITATION DATA]       SYMBOLS USED IN COLUMN 16

AVERAGE MONTHLY: 64.0   TOTAL FOR MONTH:   0.50    1 = FOG OR MIST
DPTR FM NORMAL:   1.3   DPTR FM NORMAL:   -0.77    2 = FOG REDUCING VISIBILITY
HIGHEST:    88 ON 15,14 GRTST 24HR  0.26 ON 25-26      TO 1/4 MILE OR LESS
LOWEST:     35 ON 24                               3 = THUNDER
                        SNOW, ICE PELLETS, HAIL    4 = ICE PELLETS
                        TOTAL MONTH:   0.0 INCH    5 = HAIL
                        GRTST 24HR     0.0         6 = FREEZING RAIN OR DRIZZLE
                        GRTST DEPTH:   0           7 = DUSTSTORM OR SANDSTORM:
                                                       VSBY 1/2 MILE OR LESS
                                                   8 = SMOKE OR HAZE
[NO. OF DAYS WITH]      [WEATHER - DAYS WITH]      9 = BLOWING SNOW
                                                   X = TORNADO
MAX 32 OR BELOW:   0    0.01 INCH OR MORE:   8
MAX 90 OR ABOVE:   0    0.10 INCH OR MORE:   1
MIN 32 OR BELOW:   0    0.50 INCH OR MORE:   0
MIN  0 OR BELOW:   0    1.00 INCH OR MORE:   0

[HDD (BASE 65) ]
TOTAL THIS MO.    48    CLEAR  (SCALE 0-3)  26
DPTR FM NORMAL   -36    PTCLDY (SCALE 4-7)   5
TOTAL FM JUL 1    92    CLOUDY (SCALE 8-10)  0
DPTR FM NORMAL   -37

[CDD (BASE 65) ]
TOTAL THIS MO.    25
DPTR FM NORMAL    12    [PRESSURE DATA]
TOTAL FM JAN 1    74    HIGHEST SLP 30.33 ON 24
DPTR FM NORMAL    23    LOWEST  SLP 29.68 ON 18

[REMARKS]
#FINAL-08-15#
