000
CXUS55 KPUB 251159
CF6ALS
PRELIMINARY LOCAL CLIMATOLOGICAL DATA (WS FORM: F-6)

                                          STATION:   ALAMOSA CO
                                          MONTH:     DECEMBER
                                          YEAR:      2014
                                          LATITUDE:   37 27 N
                                          LONGITUDE: 105 52 W

  TEMPERATURE IN F:       :PCPN:    SNOW:  WIND      :SUNSHINE: SKY     :PK WND
================================================================================
1   2   3   4   5  6A  6B    7    8   9   10  11  12  13   14  15   16   17  18
                                     12Z  AVG MX 2MIN
DY MAX MIN AVG DEP HDD CDD  WTR  SNW DPTH SPD SPD DIR MIN PSBL S-S WX    SPD DR
================================================================================

 1  52  17  35  13  30   0 0.00  0.0    0  5.9 17 190   M    M   0        21 190
 2  42   7  25   3  40   0 0.00  0.0    0  2.6  7 320   M    M   1         7 270
 3  53  24  39  18  26   0 0.00  0.0    0  4.5 17 200   M    M   6        23 190
 4  44  20  32  11  33   0 0.01  0.0    0  3.6 10 250   M    M   6 12     12 240
 5  48  13  31  11  34   0 0.00  0.0    0  5.1 10 140   M    M   3 128    12 160
 6  46  16  31  11  34   0 0.00  0.0    0  5.0 17 150   M    M   1        23 170
 7  50  11  31  11  34   0 0.00  0.0    0  3.8 10 330   M    M   1        13 320
 8  47   6  27   8  38   0 0.00  0.0    0  3.0  8 290   M    M   0        10  40
 9  48   4  26   7  39   0 0.00  0.0    0  2.6  8 300   M    M   0         9  10
10  50   2  26   7  39   0 0.00  0.0    0  2.1  7  60   M    M   0         8 260
11  50   3  27   9  38   0 0.00  0.0    0  2.5  9 250   M    M   0        10  70
12  49   3  26   8  39   0 0.00  0.0    0  1.6  7 300   M    M   0         8 280
13  55  14  35  17  30   0 0.09  0.3    0  6.9 25 240   M    M   2 1      32 240
14  41  12  27   9  38   0 0.03    T    T 10.2 26 340   M    M   6 18     32 340
15  35   5  20   2  45   0 0.00  0.0    0  3.5 10 180   M    M   0        13 180
16  39   6  23   6  42   0 0.00  0.0    0  2.3 10  80   M    M   1        13  50
17  30  13  22   5  43   0 0.03  0.6    0  2.6  7 310   M    M   8 1       8 310
18  31   9  20   3  45   0    T  0.0    1  3.3  8 170   M    M   8 1      10 140
19  35   2  19   2  46   0 0.00  0.0    0  2.7  9  20   M    M   3 12     13 120
20  38   4  21   4  44   0 0.00  0.0    0  2.6  8  70   M    M   2         9 310
21  41   6  24   8  41   0 0.00  0.0    0  4.3 10 200   M    M   3        14 110
22  38  20  29  13  36   0 0.02    T    0 11.3 37 340   M    M   6 1      48 330
23  31   4  18   2  47   0 0.00  0.0    0 12.7 25 320   M    M   0        32 360
24  30  -3  14  -2  51   0 0.00  0.0    0  4.8 12  50   M    M   0        14  50
================================================================================
SM 1023  218       932   0  0.18     0.9 109.5          M       57
================================================================================
AV 42.6  9.1                               4.6 FASTST   M    M   2    MAX(MPH)
                                 MISC ---->  # 37 340               # 48  330
================================================================================
NOTES:
# LAST OF SEVERAL OCCURRENCES

COLUMN 17 PEAK WIND IN M.P.H.

PRELIMINARY LOCAL CLIMATOLOGICAL DATA (WS FORM: F-6) , PAGE 2

                                          STATION:  ALAMOSA CO
                                          MONTH:    DECEMBER
                                          YEAR:     2014
                                          LATITUDE:   37 27 N
                                          LONGITUDE: 105 52 W

[TEMPERATURE DATA]      [PRECIPITATION DATA]       SYMBOLS USED IN COLUMN 16

AVERAGE MONTHLY: 25.9   TOTAL FOR MONTH:   0.18    1 = FOG OR MIST
DPTR FM NORMAL:   7.4   DPTR FM NORMAL:   -0.10    2 = FOG REDUCING VISIBILITY
HIGHEST:    55 ON 13    GRTST 24HR  0.12 ON 13-14      TO 1/4 MILE OR LESS
LOWEST:     -3 ON 24                               3 = THUNDER
                        SNOW, ICE PELLETS, HAIL    4 = ICE PELLETS
                        TOTAL MONTH:   0.9 INCH    5 = HAIL
                        GRTST 24HR   0.6 ON   M    6 = FREEZING RAIN OR DRIZZLE
                        GRTST DEPTH:   1 ON 18     7 = DUSTSTORM OR SANDSTORM:
                                                       VSBY 1/2 MILE OR LESS
                                                   8 = SMOKE OR HAZE
[NO. OF DAYS WITH]      [WEATHER - DAYS WITH]      9 = BLOWING SNOW
                                                   X = TORNADO
MAX 32 OR BELOW:   4    0.01 INCH OR MORE:   5
MAX 90 OR ABOVE:   0    0.10 INCH OR MORE:   0
MIN 32 OR BELOW:  24    0.50 INCH OR MORE:   0
MIN  0 OR BELOW:   1    1.00 INCH OR MORE:   0

[HDD (BASE 65) ]
TOTAL THIS MO.   932    CLEAR  (SCALE 0-3)  17
DPTR FM NORMAL  -187    PTCLDY (SCALE 4-7)   7
TOTAL FM JUL 1  2775    CLOUDY (SCALE 8-10)  0
DPTR FM NORMAL  -519

[CDD (BASE 65) ]
TOTAL THIS MO.     0
DPTR FM NORMAL     0    [PRESSURE DATA]
TOTAL FM JAN 1    60    HIGHEST SLP M ON M
DPTR FM NORMAL     9    LOWEST  SLP 29.58 ON 22

[REMARKS]
