000
CXUS52 KGSP 270817
CF6AND
PRELIMINARY LOCAL CLIMATOLOGICAL DATA (WS FORM: F-6)

                                          STATION:   ANDERSON SC
                                          MONTH:     JULY
                                          YEAR:      2015
                                          LATITUDE:   34 30 N
                                          LONGITUDE:  82 43 W

  TEMPERATURE IN F:       :PCPN:    SNOW:  WIND      :SUNSHINE: SKY     :PK WND
================================================================================
1   2   3   4   5  6A  6B    7    8   9   10  11  12  13   14  15   16   17  18
                                     12Z  AVG MX 2MIN
DY MAX MIN AVG DEP HDD CDD  WTR  SNW DPTH SPD SPD DIR MIN PSBL S-S WX    SPD DR
================================================================================

 1  86  68  77  -2   0  12 0.06    M    M  8.1 21 290   M    M   3        29 290
 2  85  69  77  -2   0  12 0.91    M    M  8.5 25 250   M    M   6 138    34 250
 3  85  71  78  -1   0  13 0.35    M    M  9.8 25 260   M    M   5 13     33 250
 4  84  71  78  -1   0  13 0.01    M    M  9.6 21 240   M    M   4 1      26 270
 5  84  71  78  -1   0  13 0.06    M    M  7.6 18 250   M    M   6 18     26 240
 6  88  66  77  -2   0  12 0.00    M    M  4.8 14 220   M    M   1 1      17 230
 7  90  67  79   0   0  14 0.00    M    M  4.4 15 240   M    M   1 12     19 240
 8  92  70  81   2   0  16 0.00    M    M  5.2 17 210   M    M   1 1      21 210
 9  94  71  83   4   0  18 0.00    M    M  6.0 16 220   M    M   0 1      20 220
10  95  68  82   3   0  17 0.00    M    M  4.8 13 240   M    M   0        17 310
11  96  69  83   4   0  18 0.07    M    M  5.2 23 320   M    M   0 3      29 310
12  91  71  81   1   0  16 0.00    M    M  3.9 12 240   M    M   0        15 220
13  94  74  84   4   0  19 0.00    M    M  6.9 15 220   M    M   1        20 240
14  86  70  78  -2   0  13 0.26    M    M  7.1 24 280   M    M   0 13     33 280
15  93  71  82   2   0  17 0.00    M    M  7.7 17 280   M    M   3        21 290
16  91  71  81   1   0  16 0.00    M    M  4.0 12  50   M    M   4        15  30
17  93  73  83   3   0  18 0.00    M    M  5.5 13 170   M    M   2        15  50
18  95  69  82   2   0  17 1.09    M    M  4.8 38 350   M    M   0 13     67 340
19  95  71  83   3   0  18 0.00    M    M  3.4 16 270   M    M   0 18     20 270
20  96  73  85   5   0  20 0.00    M    M  4.6 18 280   M    M   0 1      23 320
21  94  73  84   4   0  19    T    M    M  8.0 22 290   M    M   1 38     29 280
22  94  70  82   2   0  17 0.00    M    M  3.0 12 290   M    M   1        14 250
23  91  76  84   4   0  19    T    M    M  7.0 20 260   M    M   2        25 260
24  88  73  81   1   0  16 0.14    M    M  5.1 13  70   M    M   6 1      18  40
25  91  72  82   2   0  17 0.00    M    M  3.7 12 150   M    M   4        19 100
26  94  69  82   2   0  17 0.00    M    M  2.5  9 230   M    M   2        15 240
================================================================================
SM 2365 1837         0 417  2.95    M    151.2          M       53
================================================================================
AV 91.0 70.7                               5.8 FASTST   M    M   2    MAX(MPH)
                                 MISC ---->  # 38 350               # 67  340
================================================================================
NOTES:
# LAST OF SEVERAL OCCURRENCES

COLUMN 17 PEAK WIND IN M.P.H.

PRELIMINARY LOCAL CLIMATOLOGICAL DATA (WS FORM: F-6) , PAGE 2

                                          STATION:  ANDERSON SC
                                          MONTH:    JULY
                                          YEAR:     2015
                                          LATITUDE:   34 30 N
                                          LONGITUDE:  82 43 W

[TEMPERATURE DATA]      [PRECIPITATION DATA]       SYMBOLS USED IN COLUMN 16

AVERAGE MONTHLY: 80.8   TOTAL FOR MONTH:   2.95    1 = FOG OR MIST
DPTR FM NORMAL:   1.2   DPTR FM NORMAL:   -0.13    2 = FOG REDUCING VISIBILITY
HIGHEST:    96 ON 20,11 GRTST 24HR  1.23 ON  2- 3      TO 1/4 MILE OR LESS
LOWEST:     66 ON  6                               3 = THUNDER
                        SNOW, ICE PELLETS, HAIL    4 = ICE PELLETS
                        TOTAL MONTH:    M          5 = HAIL
                        GRTST 24HR    M  ON   M    6 = FREEZING RAIN OR DRIZZLE
                        GRTST DEPTH:  M  ON   M    7 = DUSTSTORM OR SANDSTORM:
                                                       VSBY 1/2 MILE OR LESS
                                                   8 = SMOKE OR HAZE
[NO. OF DAYS WITH]      [WEATHER - DAYS WITH]      9 = BLOWING SNOW
                                                   X = TORNADO
MAX 32 OR BELOW:   0    0.01 INCH OR MORE:   9
MAX 90 OR ABOVE:  18    0.10 INCH OR MORE:   5
MIN 32 OR BELOW:   0    0.50 INCH OR MORE:   2
MIN  0 OR BELOW:   0    1.00 INCH OR MORE:   1

[HDD (BASE 65) ]
TOTAL THIS MO.     0    CLEAR  (SCALE 0-3)  18
DPTR FM NORMAL     0    PTCLDY (SCALE 4-7)   8
TOTAL FM JUL 1     0    CLOUDY (SCALE 8-10)  0
DPTR FM NORMAL     0

[CDD (BASE 65) ]
TOTAL THIS MO.   417
DPTR FM NORMAL    40    [PRESSURE DATA]
TOTAL FM JAN 1  1158    HIGHEST SLP M ON M
DPTR FM NORMAL   252    LOWEST  SLP 29.61 ON 14

[REMARKS]
