000
CXUS52 KGSP 210817
CF6AND
PRELIMINARY LOCAL CLIMATOLOGICAL DATA (WS FORM: F-6)

                                          STATION:   ANDERSON SC
                                          MONTH:     JULY
                                          YEAR:      2017
                                          LATITUDE:   34 30 N
                                          LONGITUDE:  82 43 W

  TEMPERATURE IN F:       :PCPN:    SNOW:  WIND      :SUNSHINE: SKY     :PK WND
================================================================================
1   2   3   4   5  6A  6B    7    8   9   10  11  12  13   14  15   16   17  18
                                     12Z  AVG MX 2MIN
DY MAX MIN AVG DEP HDD CDD  WTR  SNW DPTH SPD SPD DIR MIN PSBL S-S WX    SPD DR
================================================================================

 1  89  71  80   1   0  15 0.13    M    M 10.5 37 240   M    M   3 13     49 240
 2  91  69  80   1   0  15 0.00    M    M  4.4 18 210   M    M   1 3      22 210
 3  87  70  79   0   0  14    T    M    M  4.4 13  70   M    M   3 1      16  70
 4  89  70  80   1   0  15 0.95    M    M  5.3 24 340   M    M   1 138    30 340
 5  92  69  81   2   0  16 0.00    M    M  4.9 16 220   M    M   1 1      19 220
 6  91  70  81   2   0  16 0.03    M    M  5.2 33 230   M    M   1 3      44 240
 7  89  72  81   2   0  16    T    M    M  9.8 21 270   M    M   1 3      25 270
 8  90  70  80   1   0  15 0.00    M    M  8.4 20 240   M    M   0 3      23 230
 9  88  67  78  -1   0  13 0.00    M    M  3.0 12  50   M    M   1        15  60
10  90  68  79   0   0  14 0.00    M    M  2.9 13 150   M    M   4        15 150
11  90  69  80   1   0  15 0.00    M    M  4.9 12 240   M    M   0 1      19 190
12  91  72  82   2   0  17 0.00    M    M  4.5 14 220   M    M   1        21 200
13  93  73  83   3   0  18 0.00    M    M  5.2 12 210   M    M   0        17 200
14  94  73  84   4   0  19 0.00    M    M  6.4 21 320   M    M   1 3      28 320
15  93  71  82   2   0  17 1.98    M    M  4.4 39 340   M    M   1 13     54 320
16  87  69  78  -2   0  13 0.58    M    M  4.6 21 200   M    M   5 13     25 200
17  87  71  79  -1   0  14 0.00    M    M  2.9 10 170   M    M   5        12 200
18  90  71  81   1   0  16 0.00    M    M  2.8  9 220   M    M   4        12 230
19  93  71  82   2   0  17 0.00    M    M  3.1 10 290   M    M   1        14 290
20  94  72  83   3   0  18 0.00    M    M  2.4  8 130   M    M   0        11 130
================================================================================
SM 1808 1408         0 313  3.67    M    100.0          M       34
================================================================================
AV 90.4 70.4                               5.0 FASTST   M    M   2    MAX(MPH)
                                 MISC ---->  # 39 340               # 54  320
================================================================================
NOTES:
# LAST OF SEVERAL OCCURRENCES

COLUMN 17 PEAK WIND IN M.P.H.

PRELIMINARY LOCAL CLIMATOLOGICAL DATA (WS FORM: F-6) , PAGE 2

                                          STATION:  ANDERSON SC
                                          MONTH:    JULY
                                          YEAR:     2017
                                          LATITUDE:   34 30 N
                                          LONGITUDE:  82 43 W

[TEMPERATURE DATA]      [PRECIPITATION DATA]       SYMBOLS USED IN COLUMN 16

AVERAGE MONTHLY: 80.4   TOTAL FOR MONTH:   3.67    1 = FOG OR MIST
DPTR FM NORMAL:   1.0   DPTR FM NORMAL:    1.27    2 = FOG REDUCING VISIBILITY
HIGHEST:    94 ON 20,14 GRTST 24HR  1.98 ON 15-15      TO 1/4 MILE OR LESS
LOWEST:     67 ON  9                               3 = THUNDER
                        SNOW, ICE PELLETS, HAIL    4 = ICE PELLETS
                        TOTAL MONTH:    M          5 = HAIL
                        GRTST 24HR    M  ON   M    6 = FREEZING RAIN OR DRIZZLE
                        GRTST DEPTH:  M  ON   M    7 = DUSTSTORM OR SANDSTORM:
                                                       VSBY 1/2 MILE OR LESS
                                                   8 = SMOKE OR HAZE
[NO. OF DAYS WITH]      [WEATHER - DAYS WITH]      9 = BLOWING SNOW
                                                   X = TORNADO
MAX 32 OR BELOW:   0    0.01 INCH OR MORE:   5
MAX 90 OR ABOVE:  13    0.10 INCH OR MORE:   4
MIN 32 OR BELOW:   0    0.50 INCH OR MORE:   3
MIN  0 OR BELOW:   0    1.00 INCH OR MORE:   1

[HDD (BASE 65) ]
TOTAL THIS MO.     0    CLEAR  (SCALE 0-3)  16
DPTR FM NORMAL     0    PTCLDY (SCALE 4-7)   4
TOTAL FM JUL 1     0    CLOUDY (SCALE 8-10)  0
DPTR FM NORMAL     0

[CDD (BASE 65) ]
TOTAL THIS MO.   313
DPTR FM NORMAL    26    [PRESSURE DATA]
TOTAL FM JAN 1   927    HIGHEST SLP M ON M
DPTR FM NORMAL   111    LOWEST  SLP 29.87 ON  8

[REMARKS]
